{"id":11758,"date":"2024-03-07T16:55:41","date_gmt":"2024-03-07T13:55:41","guid":{"rendered":"https:\/\/palmiyesusleme.com\/index.php\/urun\/ahsap-desenli-werzalit-tabla\/"},"modified":"2024-03-07T16:55:54","modified_gmt":"2024-03-07T13:55:54","slug":"ahsap-desenli-werzalit-tabla","status":"publish","type":"product","link":"http:\/\/palmiyesusleme.com\/index.php\/urun\/ahsap-desenli-werzalit-tabla\/","title":{"rendered":"Ah\u015fap Desenli Werzalit Tabla"},"content":{"rendered":"<p>Ah\u015fap Desenli Werzalit Tabla&lt;hr&gt;&lt;table class=&quot;table table-bordered&quot;&gt;<br \/>\n    &lt;tbody&gt;<br \/>\n    &lt;tr&gt;<br \/>\n        &lt;td class=&quot;text-center&quot; colspan=&quot;4&quot;&gt;&lt;img src=&quot;https:\/\/www.palmiyekocak.com\/image\/urun-olculeri\/masa-tabla.png&quot;&gt;&lt;br&gt;&lt;\/td&gt;<br \/>\n    &lt;\/tr&gt;<br \/>\n    &lt;tr&gt;<br \/>\n        &lt;td class=&quot;text-center&quot;&gt;&lt;span class=&quot;text-center&quot; style=&quot;vertical-align:middle&quot;&gt;&lt;strong&gt;Geni\u015flik&lt;\/strong&gt;&lt;\/span&gt;&lt;\/td&gt;<br \/>\n        &lt;td class=&quot;text-center&quot;&gt;&lt;span class=&quot;text-center&quot; style=&quot;vertical-align:middle&quot;&gt;&lt;strong&gt;Uzunluk&lt;\/strong&gt;&lt;\/span&gt;&lt;\/td&gt;<br \/>\n        &lt;td class=&quot;text-center&quot;&gt;&lt;span class=&quot;text-center&quot; style=&quot;vertical-align:middle&quot;&gt;&lt;strong&gt;Kal\u0131nl\u0131k&lt;\/strong&gt;&lt;\/span&gt;&lt;\/td&gt;<br \/>\n    &lt;\/tr&gt;<br \/>\n    &lt;tr&gt;<br \/>\n        &lt;td class=&quot;text-center&quot;&gt;&nbsp;&lt;\/td&gt;<br \/>\n        &lt;td class=&quot;text-center&quot;&gt;&nbsp;&lt;\/td&gt;<br \/>\n        &lt;td class=&quot;text-center&quot;&gt;&nbsp;&lt;\/td&gt;<br \/>\n    &lt;\/tr&gt;<br \/>\n    &lt;tr&gt;<br \/>\n        &lt;td class=&quot;text-center&quot; colspan=&quot;4&quot;&gt;\u0130ste\u011fe &ouml;zel olarak malzeme cinsinde (ah\u015fap,boya,kuma\u015f,deri) ve &uuml;r&uuml;n &ouml;l&ccedil;&uuml;lerinde de\u011fi\u015fiklik yap\u0131labilir.&lt;\/td&gt;<br \/>\n    &lt;\/tr&gt;<br \/>\n    &lt;\/tbody&gt;<br \/>\n&lt;\/table&gt;<br \/>\n&lt;hr&gt;<\/p>\n","protected":false},"excerpt":{"rendered":"<p>Ah\u015fap Desenli Werzalit Tabla&lt;hr&gt;&lt;table class=&quot;table table-bordered&quot;&gt; &lt;tbody&gt; &lt;tr&gt; &lt;td class=&quot;text-center&quot; colspan=&quot;4&quot;&gt;&lt;img src=&quot;https:\/\/www.palmiyekocak.com\/image\/urun-olculeri\/masa-tabla.png&quot;&gt;&lt;br&gt;&lt;\/td&gt; &lt;\/tr&gt; &lt;tr&gt; &lt;td class=&quot;text-center&quot;&gt;&lt;span class=&quot;text-center&quot; style=&quot;vertical-align:middle&quot;&gt;&lt;strong&gt;Geni\u015flik&lt;\/strong&gt;&lt;\/span&gt;&lt;\/td&gt; &lt;td class=&quot;text-center&quot;&gt;&lt;span class=&quot;text-center&quot; style=&quot;vertical-align:middle&quot;&gt;&lt;strong&gt;Uzunluk&lt;\/strong&gt;&lt;\/span&gt;&lt;\/td&gt; &lt;td class=&quot;text-center&quot;&gt;&lt;span class=&quot;text-center&quot; style=&quot;vertical-align:middle&quot;&gt;&lt;strong&gt;Kal\u0131nl\u0131k&lt;\/strong&gt;&lt;\/span&gt;&lt;\/td&gt; &lt;\/tr&gt; &lt;tr&gt; &lt;td class=&quot;text-center&quot;&gt;&nbsp;&lt;\/td&gt; &lt;td class=&quot;text-center&quot;&gt;&nbsp;&lt;\/td&gt; &lt;td class=&quot;text-center&quot;&gt;&nbsp;&lt;\/td&gt; &lt;\/tr&gt; &lt;tr&gt; &lt;td class=&quot;text-center&quot; colspan=&quot;4&quot;&gt;\u0130ste\u011fe &ouml;zel olarak malzeme cinsinde (ah\u015fap,boya,kuma\u015f,deri) ve &uuml;r&uuml;n &ouml;l&ccedil;&uuml;lerinde de\u011fi\u015fiklik yap\u0131labilir.&lt;\/td&gt; &lt;\/tr&gt; &lt;\/tbody&gt; &lt;\/table&gt; &lt;hr&gt;<\/p>\n","protected":false},"featured_media":11759,"comment_status":"closed","ping_status":"open","template":"","meta":{"_joinchat":[]},"product_cat":[226],"product_tag":[],"class_list":{"0":"post-11758","1":"product","2":"type-product","3":"status-publish","4":"has-post-thumbnail","6":"product_cat-werzalit-masa-tablasi","8":"first","9":"instock","10":"product-type-simple"},"_links":{"self":[{"href":"http:\/\/palmiyesusleme.com\/index.php\/wp-json\/wp\/v2\/product\/11758","targetHints":{"allow":["GET"]}}],"collection":[{"href":"http:\/\/palmiyesusleme.com\/index.php\/wp-json\/wp\/v2\/product"}],"about":[{"href":"http:\/\/palmiyesusleme.com\/index.php\/wp-json\/wp\/v2\/types\/product"}],"replies":[{"embeddable":true,"href":"http:\/\/palmiyesusleme.com\/index.php\/wp-json\/wp\/v2\/comments?post=11758"}],"wp:featuredmedia":[{"embeddable":true,"href":"http:\/\/palmiyesusleme.com\/index.php\/wp-json\/wp\/v2\/media\/11759"}],"wp:attachment":[{"href":"http:\/\/palmiyesusleme.com\/index.php\/wp-json\/wp\/v2\/media?parent=11758"}],"wp:term":[{"taxonomy":"product_cat","embeddable":true,"href":"http:\/\/palmiyesusleme.com\/index.php\/wp-json\/wp\/v2\/product_cat?post=11758"},{"taxonomy":"product_tag","embeddable":true,"href":"http:\/\/palmiyesusleme.com\/index.php\/wp-json\/wp\/v2\/product_tag?post=11758"}],"curies":[{"name":"wp","href":"https:\/\/api.w.org\/{rel}","templated":true}]}}