{"id":10836,"date":"2024-03-07T16:44:47","date_gmt":"2024-03-07T13:44:47","guid":{"rendered":"https:\/\/palmiyesusleme.com\/index.php\/urun\/dugun-balo-davet-samdan-saglam\/"},"modified":"2024-03-07T16:45:02","modified_gmt":"2024-03-07T13:45:02","slug":"dugun-balo-davet-samdan-saglam","status":"publish","type":"product","link":"https:\/\/palmiyesusleme.com\/index.php\/urun\/dugun-balo-davet-samdan-saglam\/","title":{"rendered":"D\u00fc\u011f\u00fcn Balo Davet \u015eamdan Sa\u011flam"},"content":{"rendered":"<p>D&uuml;\u011f&uuml;n Balo Davet \u015eamdan Sa\u011flam<\/p>\n","protected":false},"excerpt":{"rendered":"<p>D&uuml;\u011f&uuml;n Balo Davet \u015eamdan Sa\u011flam<\/p>\n","protected":false},"featured_media":10837,"comment_status":"closed","ping_status":"open","template":"","meta":{"_joinchat":[]},"product_cat":[217],"product_tag":[],"class_list":{"0":"post-10836","1":"product","2":"type-product","3":"status-publish","4":"has-post-thumbnail","6":"product_cat-samdan","8":"first","9":"instock","10":"product-type-simple"},"_links":{"self":[{"href":"https:\/\/palmiyesusleme.com\/index.php\/wp-json\/wp\/v2\/product\/10836","targetHints":{"allow":["GET"]}}],"collection":[{"href":"https:\/\/palmiyesusleme.com\/index.php\/wp-json\/wp\/v2\/product"}],"about":[{"href":"https:\/\/palmiyesusleme.com\/index.php\/wp-json\/wp\/v2\/types\/product"}],"replies":[{"embeddable":true,"href":"https:\/\/palmiyesusleme.com\/index.php\/wp-json\/wp\/v2\/comments?post=10836"}],"wp:featuredmedia":[{"embeddable":true,"href":"https:\/\/palmiyesusleme.com\/index.php\/wp-json\/wp\/v2\/media\/10837"}],"wp:attachment":[{"href":"https:\/\/palmiyesusleme.com\/index.php\/wp-json\/wp\/v2\/media?parent=10836"}],"wp:term":[{"taxonomy":"product_cat","embeddable":true,"href":"https:\/\/palmiyesusleme.com\/index.php\/wp-json\/wp\/v2\/product_cat?post=10836"},{"taxonomy":"product_tag","embeddable":true,"href":"https:\/\/palmiyesusleme.com\/index.php\/wp-json\/wp\/v2\/product_tag?post=10836"}],"curies":[{"name":"wp","href":"https:\/\/api.w.org\/{rel}","templated":true}]}}