{"id":11017,"date":"2024-03-07T16:46:41","date_gmt":"2024-03-07T13:46:41","guid":{"rendered":"https:\/\/palmiyesusleme.com\/index.php\/urun\/ahsap-iskeletli-minderli-oturma-yuzeyi-cirt-cirtli-napolyon-gold-sandalye\/"},"modified":"2024-03-07T16:47:35","modified_gmt":"2024-03-07T13:47:35","slug":"ahsap-iskeletli-minderli-oturma-yuzeyi-cirt-cirtli-napolyon-gold-sandalye","status":"publish","type":"product","link":"https:\/\/palmiyesusleme.com\/index.php\/urun\/ahsap-iskeletli-minderli-oturma-yuzeyi-cirt-cirtli-napolyon-gold-sandalye\/","title":{"rendered":"Ah\u015fap \u0130skeletli Minderli Oturma Y\u00fczeyi C\u0131rt C\u0131rtl\u0131 Napolyon Gold Sandalye"},"content":{"rendered":"<p>Ah\u015fap \u0130skeletli Minderli Oturma Y\u00fczeyi C\u0131rt C\u0131rtl\u0131 Napolyon Gold Sandalye<\/p>\n","protected":false},"excerpt":{"rendered":"<p>Ah\u015fap \u0130skeletli Minderli Oturma Y\u00fczeyi C\u0131rt C\u0131rtl\u0131 Napolyon Gold Sandalye<\/p>\n","protected":false},"featured_media":11018,"comment_status":"closed","ping_status":"open","template":"","meta":{"_joinchat":[]},"product_cat":[26],"product_tag":[],"class_list":{"0":"post-11017","1":"product","2":"type-product","3":"status-publish","4":"has-post-thumbnail","6":"product_cat-napolyon-sandalye","8":"first","9":"instock","10":"product-type-simple"},"_links":{"self":[{"href":"https:\/\/palmiyesusleme.com\/index.php\/wp-json\/wp\/v2\/product\/11017","targetHints":{"allow":["GET"]}}],"collection":[{"href":"https:\/\/palmiyesusleme.com\/index.php\/wp-json\/wp\/v2\/product"}],"about":[{"href":"https:\/\/palmiyesusleme.com\/index.php\/wp-json\/wp\/v2\/types\/product"}],"replies":[{"embeddable":true,"href":"https:\/\/palmiyesusleme.com\/index.php\/wp-json\/wp\/v2\/comments?post=11017"}],"wp:featuredmedia":[{"embeddable":true,"href":"https:\/\/palmiyesusleme.com\/index.php\/wp-json\/wp\/v2\/media\/11018"}],"wp:attachment":[{"href":"https:\/\/palmiyesusleme.com\/index.php\/wp-json\/wp\/v2\/media?parent=11017"}],"wp:term":[{"taxonomy":"product_cat","embeddable":true,"href":"https:\/\/palmiyesusleme.com\/index.php\/wp-json\/wp\/v2\/product_cat?post=11017"},{"taxonomy":"product_tag","embeddable":true,"href":"https:\/\/palmiyesusleme.com\/index.php\/wp-json\/wp\/v2\/product_tag?post=11017"}],"curies":[{"name":"wp","href":"https:\/\/api.w.org\/{rel}","templated":true}]}}