{"id":11567,"date":"2024-03-07T16:54:11","date_gmt":"2024-03-07T13:54:11","guid":{"rendered":"https:\/\/palmiyesusleme.com\/index.php\/urun\/polipropilen-cafe-restoran-plastik-enjeksiyon-sandalye\/"},"modified":"2024-03-07T16:54:27","modified_gmt":"2024-03-07T13:54:27","slug":"polipropilen-cafe-restoran-plastik-enjeksiyon-sandalye","status":"publish","type":"product","link":"https:\/\/palmiyesusleme.com\/index.php\/urun\/polipropilen-cafe-restoran-plastik-enjeksiyon-sandalye\/","title":{"rendered":"Polipropilen Cafe Restoran Plastik Enjeksiyon Sandalye"},"content":{"rendered":"<p>&lt;p&gt;Polipropilen Cafe Restoran Enjeksiyon Sandalye&lt;\/p&gt;&lt;p&gt;Ergononomik yap\u0131l\u0131&lt;\/p&gt;&lt;p&gt;Polipropilen iskeletli&amp;nbsp;&lt;\/p&gt;&lt;p&gt;20mm \u00e7apl\u0131 anodize al\u00fcminyum ayakl\u0131 Sole Koltuk&lt;\/p&gt;&lt;p&gt;\u00dcr\u00fcn Kalitesi ve g\u00f6rsel \u015f\u0131kl\u0131\u011f\u0131 ile i\u00e7 ve d\u0131\u015f mekanlar\u0131n\u0131zda kullanabilirsiniz&lt;\/p&gt;&lt;p&gt;Renkler :&amp;nbsp;&lt;\/p&gt;&lt;p&gt;54x58x84h cm&lt;\/p&gt;&lt;p&gt;&lt;img src=&quot;https:\/\/www.palmiyekocak.com\/image\/catalog\/urun-detay-resimleri\/sari-cafe-plastik-enjeksiyon-sandalye-tps9920.jpg&quot; style=&quot;width: 503px;&quot;&gt;&lt;\/p&gt;&lt;p&gt;&lt;img src=&quot;https:\/\/www.palmiyekocak.com\/image\/catalog\/urun-detay-resimleri\/istiflenebilir-tps9920.jpg&quot; style=&quot;width: 50%;&quot;&gt;&lt;br&gt;&lt;\/p&gt;&lt;p&gt;&lt;br&gt;&lt;\/p&gt;&lt;p&gt;&lt;br&gt;&lt;\/p&gt;&lt;p&gt;&lt;br&gt;&lt;\/p&gt;<\/p>\n","protected":false},"excerpt":{"rendered":"<p>&lt;p&gt;Polipropilen Cafe Restoran Enjeksiyon Sandalye&lt;\/p&gt;&lt;p&gt;Ergononomik yap\u0131l\u0131&lt;\/p&gt;&lt;p&gt;Polipropilen iskeletli&amp;nbsp;&lt;\/p&gt;&lt;p&gt;20mm \u00e7apl\u0131 anodize al\u00fcminyum ayakl\u0131 Sole Koltuk&lt;\/p&gt;&lt;p&gt;\u00dcr\u00fcn Kalitesi ve g\u00f6rsel \u015f\u0131kl\u0131\u011f\u0131 ile i\u00e7 ve d\u0131\u015f mekanlar\u0131n\u0131zda kullanabilirsiniz&lt;\/p&gt;&lt;p&gt;Renkler :&amp;nbsp;&lt;\/p&gt;&lt;p&gt;54x58x84h cm&lt;\/p&gt;&lt;p&gt;&lt;img src=&quot;https:\/\/www.palmiyekocak.com\/image\/catalog\/urun-detay-resimleri\/sari-cafe-plastik-enjeksiyon-sandalye-tps9920.jpg&quot; style=&quot;width: 503px;&quot;&gt;&lt;\/p&gt;&lt;p&gt;&lt;img src=&quot;https:\/\/www.palmiyekocak.com\/image\/catalog\/urun-detay-resimleri\/istiflenebilir-tps9920.jpg&quot; style=&quot;width: 50%;&quot;&gt;&lt;br&gt;&lt;\/p&gt;&lt;p&gt;&lt;br&gt;&lt;\/p&gt;&lt;p&gt;&lt;br&gt;&lt;\/p&gt;&lt;p&gt;&lt;br&gt;&lt;\/p&gt;<\/p>\n","protected":false},"featured_media":11568,"comment_status":"closed","ping_status":"open","template":"","meta":{"_joinchat":[]},"product_cat":[154,155,153],"product_tag":[],"class_list":{"0":"post-11567","1":"product","2":"type-product","3":"status-publish","4":"has-post-thumbnail","6":"product_cat-ic-mekan-plastik-sandalye","7":"product_cat-plastik-bahce-sandalyesi","8":"product_cat-plastik-sandalye","10":"first","11":"instock","12":"product-type-simple"},"_links":{"self":[{"href":"https:\/\/palmiyesusleme.com\/index.php\/wp-json\/wp\/v2\/product\/11567","targetHints":{"allow":["GET"]}}],"collection":[{"href":"https:\/\/palmiyesusleme.com\/index.php\/wp-json\/wp\/v2\/product"}],"about":[{"href":"https:\/\/palmiyesusleme.com\/index.php\/wp-json\/wp\/v2\/types\/product"}],"replies":[{"embeddable":true,"href":"https:\/\/palmiyesusleme.com\/index.php\/wp-json\/wp\/v2\/comments?post=11567"}],"wp:featuredmedia":[{"embeddable":true,"href":"https:\/\/palmiyesusleme.com\/index.php\/wp-json\/wp\/v2\/media\/11568"}],"wp:attachment":[{"href":"https:\/\/palmiyesusleme.com\/index.php\/wp-json\/wp\/v2\/media?parent=11567"}],"wp:term":[{"taxonomy":"product_cat","embeddable":true,"href":"https:\/\/palmiyesusleme.com\/index.php\/wp-json\/wp\/v2\/product_cat?post=11567"},{"taxonomy":"product_tag","embeddable":true,"href":"https:\/\/palmiyesusleme.com\/index.php\/wp-json\/wp\/v2\/product_tag?post=11567"}],"curies":[{"name":"wp","href":"https:\/\/api.w.org\/{rel}","templated":true}]}}