{"id":11569,"date":"2024-03-07T16:54:11","date_gmt":"2024-03-07T13:54:11","guid":{"rendered":"https:\/\/palmiyesusleme.com\/index.php\/urun\/rattan-gorunumlu-plastik-dis-mekan-rattan-kollu-sandalye\/"},"modified":"2024-03-07T16:54:27","modified_gmt":"2024-03-07T13:54:27","slug":"rattan-gorunumlu-plastik-dis-mekan-rattan-kollu-sandalye","status":"publish","type":"product","link":"https:\/\/palmiyesusleme.com\/index.php\/urun\/rattan-gorunumlu-plastik-dis-mekan-rattan-kollu-sandalye\/","title":{"rendered":"Rattan G\u00f6r\u00fcn\u00fcml\u00fc Plastik D\u0131\u015f Mekan Rattan Kollu Sandalye"},"content":{"rendered":"<p>&lt;p&gt;Rattan G\u00f6r\u00fcn\u00fcml\u00fc Plastik D\u0131\u015f Mekan Rattan Kollu Sandalye&lt;\/p&gt;&lt;p&gt;&lt;img src=&quot;https:\/\/www.palmiyekocak.com\/image\/catalog\/urun-olcu-resimleri\/olcu-tps9921.png&quot; style=&quot;width: 501px;&quot;&gt;&lt;\/p&gt;&lt;p&gt;&lt;br&gt;&lt;\/p&gt;&lt;p&gt;&lt;br&gt;&lt;\/p&gt;&lt;p&gt;&lt;br&gt;&lt;\/p&gt;<br \/>\n&lt;p&gt;&lt;img style=&quot;width: 1200px;&quot; src=&quot;https:\/\/www.palmiyekocak.com\/image\/catalog\/urun-detay-resimleri\/ahsap-gorunumlu-plastik-enjeksiyon-sandalye-tps9921.jpg&quot;&gt;&lt;\/p&gt;<br \/>\n&lt;p&gt;&lt;img style=&quot;width: 1200px;&quot; src=&quot;https:\/\/www.palmiyekocak.com\/image\/catalog\/urun-detay-resimleri\/ahsap-gorunumlu-rattan-gorunumlu-plastik-enjeksiyon-sandalye-tps9921.jpg&quot;&gt;&lt;\/p&gt;<br \/>\n&lt;p&gt;&lt;img style=&quot;width: 1200px;&quot; src=&quot;https:\/\/www.palmiyekocak.com\/image\/catalog\/urun-detay-resimleri\/beyaz-rattan-gorunumlu-enjeksiyon-sandalye-tps9921.jpg&quot;&gt;&lt;\/p&gt;<br \/>\n&lt;p&gt;&lt;img style=&quot;width: 1200px;&quot; src=&quot;https:\/\/www.palmiyekocak.com\/image\/catalog\/urun-detay-resimleri\/dis-mekan-plastik-enjeksiyon-sandalye-tps9921.jpg&quot;&gt;&lt;\/p&gt;<br \/>\n&lt;p&gt;&lt;img style=&quot;width: 1200px;&quot; src=&quot;https:\/\/www.palmiyekocak.com\/image\/catalog\/urun-detay-resimleri\/havuz-kenari-plastik-enjeksiyon-sandalye-venge-renkli-tps9921.jpg&quot;&gt;&lt;\/p&gt;<br \/>\n&lt;p&gt;&lt;img style=&quot;width: 1200px;&quot; src=&quot;https:\/\/www.palmiyekocak.com\/image\/catalog\/urun-detay-resimleri\/havuz-kenari-rattan-gorunumlu-rattan-sandalye-tps9921.jpg&quot;&gt;&lt;\/p&gt;<\/p>\n","protected":false},"excerpt":{"rendered":"<p>&lt;p&gt;Rattan G\u00f6r\u00fcn\u00fcml\u00fc Plastik D\u0131\u015f Mekan Rattan Kollu Sandalye&lt;\/p&gt;&lt;p&gt;&lt;img src=&quot;https:\/\/www.palmiyekocak.com\/image\/catalog\/urun-olcu-resimleri\/olcu-tps9921.png&quot; style=&quot;width: 501px;&quot;&gt;&lt;\/p&gt;&lt;p&gt;&lt;br&gt;&lt;\/p&gt;&lt;p&gt;&lt;br&gt;&lt;\/p&gt;&lt;p&gt;&lt;br&gt;&lt;\/p&gt; &lt;p&gt;&lt;img style=&quot;width: 1200px;&quot; src=&quot;https:\/\/www.palmiyekocak.com\/image\/catalog\/urun-detay-resimleri\/ahsap-gorunumlu-plastik-enjeksiyon-sandalye-tps9921.jpg&quot;&gt;&lt;\/p&gt; &lt;p&gt;&lt;img style=&quot;width: 1200px;&quot; src=&quot;https:\/\/www.palmiyekocak.com\/image\/catalog\/urun-detay-resimleri\/ahsap-gorunumlu-rattan-gorunumlu-plastik-enjeksiyon-sandalye-tps9921.jpg&quot;&gt;&lt;\/p&gt; &lt;p&gt;&lt;img style=&quot;width: 1200px;&quot; src=&quot;https:\/\/www.palmiyekocak.com\/image\/catalog\/urun-detay-resimleri\/beyaz-rattan-gorunumlu-enjeksiyon-sandalye-tps9921.jpg&quot;&gt;&lt;\/p&gt; &lt;p&gt;&lt;img style=&quot;width: 1200px;&quot; src=&quot;https:\/\/www.palmiyekocak.com\/image\/catalog\/urun-detay-resimleri\/dis-mekan-plastik-enjeksiyon-sandalye-tps9921.jpg&quot;&gt;&lt;\/p&gt; &lt;p&gt;&lt;img style=&quot;width: 1200px;&quot; src=&quot;https:\/\/www.palmiyekocak.com\/image\/catalog\/urun-detay-resimleri\/havuz-kenari-plastik-enjeksiyon-sandalye-venge-renkli-tps9921.jpg&quot;&gt;&lt;\/p&gt; &lt;p&gt;&lt;img style=&quot;width: 1200px;&quot; src=&quot;https:\/\/www.palmiyekocak.com\/image\/catalog\/urun-detay-resimleri\/havuz-kenari-rattan-gorunumlu-rattan-sandalye-tps9921.jpg&quot;&gt;&lt;\/p&gt;<\/p>\n","protected":false},"featured_media":11570,"comment_status":"closed","ping_status":"open","template":"","meta":{"_joinchat":[]},"product_cat":[154,155,153,21],"product_tag":[],"class_list":{"0":"post-11569","1":"product","2":"type-product","3":"status-publish","4":"has-post-thumbnail","6":"product_cat-ic-mekan-plastik-sandalye","7":"product_cat-plastik-bahce-sandalyesi","8":"product_cat-plastik-sandalye","9":"product_cat-rattan-enjeksiyon-sandalye","11":"first","12":"instock","13":"product-type-simple"},"_links":{"self":[{"href":"https:\/\/palmiyesusleme.com\/index.php\/wp-json\/wp\/v2\/product\/11569","targetHints":{"allow":["GET"]}}],"collection":[{"href":"https:\/\/palmiyesusleme.com\/index.php\/wp-json\/wp\/v2\/product"}],"about":[{"href":"https:\/\/palmiyesusleme.com\/index.php\/wp-json\/wp\/v2\/types\/product"}],"replies":[{"embeddable":true,"href":"https:\/\/palmiyesusleme.com\/index.php\/wp-json\/wp\/v2\/comments?post=11569"}],"wp:featuredmedia":[{"embeddable":true,"href":"https:\/\/palmiyesusleme.com\/index.php\/wp-json\/wp\/v2\/media\/11570"}],"wp:attachment":[{"href":"https:\/\/palmiyesusleme.com\/index.php\/wp-json\/wp\/v2\/media?parent=11569"}],"wp:term":[{"taxonomy":"product_cat","embeddable":true,"href":"https:\/\/palmiyesusleme.com\/index.php\/wp-json\/wp\/v2\/product_cat?post=11569"},{"taxonomy":"product_tag","embeddable":true,"href":"https:\/\/palmiyesusleme.com\/index.php\/wp-json\/wp\/v2\/product_tag?post=11569"}],"curies":[{"name":"wp","href":"https:\/\/api.w.org\/{rel}","templated":true}]}}