{"id":137,"date":"2024-03-07T14:57:41","date_gmt":"2024-03-07T11:57:41","guid":{"rendered":"https:\/\/palmiyesusleme.com\/index.php\/urun\/yarim-kol-ahsap-bar-sandalyesi\/"},"modified":"2024-03-07T14:57:44","modified_gmt":"2024-03-07T11:57:44","slug":"yarim-kol-ahsap-bar-sandalyesi","status":"publish","type":"product","link":"https:\/\/palmiyesusleme.com\/index.php\/urun\/yarim-kol-ahsap-bar-sandalyesi\/","title":{"rendered":"Yar\u0131m Kol Ah\u015fap Bar Sandalyesi"},"content":{"rendered":"<p>&lt;h2 style=&quot;text-align: center; &quot;&gt;Yar\u0131m Kol Ah\u015fap Bar Sandalyesi&lt;br&gt;&lt;\/h2&gt;<\/p>\n","protected":false},"excerpt":{"rendered":"<p>&lt;h2 style=&quot;text-align: center; &quot;&gt;Yar\u0131m Kol Ah\u015fap Bar Sandalyesi&lt;br&gt;&lt;\/h2&gt;<\/p>\n","protected":false},"featured_media":138,"comment_status":"closed","ping_status":"open","template":"","meta":{"_joinchat":[]},"product_cat":[34,35],"product_tag":[],"class_list":{"0":"post-137","1":"product","2":"type-product","3":"status-publish","4":"has-post-thumbnail","6":"product_cat-ahsap-bar-sandalye","7":"product_cat-bar-sandalye","9":"first","10":"instock","11":"product-type-simple"},"_links":{"self":[{"href":"https:\/\/palmiyesusleme.com\/index.php\/wp-json\/wp\/v2\/product\/137","targetHints":{"allow":["GET"]}}],"collection":[{"href":"https:\/\/palmiyesusleme.com\/index.php\/wp-json\/wp\/v2\/product"}],"about":[{"href":"https:\/\/palmiyesusleme.com\/index.php\/wp-json\/wp\/v2\/types\/product"}],"replies":[{"embeddable":true,"href":"https:\/\/palmiyesusleme.com\/index.php\/wp-json\/wp\/v2\/comments?post=137"}],"wp:featuredmedia":[{"embeddable":true,"href":"https:\/\/palmiyesusleme.com\/index.php\/wp-json\/wp\/v2\/media\/138"}],"wp:attachment":[{"href":"https:\/\/palmiyesusleme.com\/index.php\/wp-json\/wp\/v2\/media?parent=137"}],"wp:term":[{"taxonomy":"product_cat","embeddable":true,"href":"https:\/\/palmiyesusleme.com\/index.php\/wp-json\/wp\/v2\/product_cat?post=137"},{"taxonomy":"product_tag","embeddable":true,"href":"https:\/\/palmiyesusleme.com\/index.php\/wp-json\/wp\/v2\/product_tag?post=137"}],"curies":[{"name":"wp","href":"https:\/\/api.w.org\/{rel}","templated":true}]}}