{"id":1394,"date":"2024-03-07T15:13:03","date_gmt":"2024-03-07T12:13:03","guid":{"rendered":"https:\/\/palmiyesusleme.com\/index.php\/urun\/siyah-v-metal-sirtli-berjer\/"},"modified":"2024-03-07T15:13:19","modified_gmt":"2024-03-07T12:13:19","slug":"siyah-v-metal-sirtli-berjer","status":"publish","type":"product","link":"https:\/\/palmiyesusleme.com\/index.php\/urun\/siyah-v-metal-sirtli-berjer\/","title":{"rendered":"Siyah V Metal S\u0131rtl\u0131 Berjer"},"content":{"rendered":"<p>&lt;p&gt;Siyah V Metal S\u0131rtl\u0131 Berjer&lt;br&gt;&lt;\/p&gt;<\/p>\n","protected":false},"excerpt":{"rendered":"<p>&lt;p&gt;Siyah V Metal S\u0131rtl\u0131 Berjer&lt;br&gt;&lt;\/p&gt;<\/p>\n","protected":false},"featured_media":1395,"comment_status":"closed","ping_status":"open","template":"","meta":{"_joinchat":[]},"product_cat":[94],"product_tag":[],"class_list":{"0":"post-1394","1":"product","2":"type-product","3":"status-publish","4":"has-post-thumbnail","6":"product_cat-modern-berjer","8":"first","9":"instock","10":"product-type-simple"},"_links":{"self":[{"href":"https:\/\/palmiyesusleme.com\/index.php\/wp-json\/wp\/v2\/product\/1394","targetHints":{"allow":["GET"]}}],"collection":[{"href":"https:\/\/palmiyesusleme.com\/index.php\/wp-json\/wp\/v2\/product"}],"about":[{"href":"https:\/\/palmiyesusleme.com\/index.php\/wp-json\/wp\/v2\/types\/product"}],"replies":[{"embeddable":true,"href":"https:\/\/palmiyesusleme.com\/index.php\/wp-json\/wp\/v2\/comments?post=1394"}],"wp:featuredmedia":[{"embeddable":true,"href":"https:\/\/palmiyesusleme.com\/index.php\/wp-json\/wp\/v2\/media\/1395"}],"wp:attachment":[{"href":"https:\/\/palmiyesusleme.com\/index.php\/wp-json\/wp\/v2\/media?parent=1394"}],"wp:term":[{"taxonomy":"product_cat","embeddable":true,"href":"https:\/\/palmiyesusleme.com\/index.php\/wp-json\/wp\/v2\/product_cat?post=1394"},{"taxonomy":"product_tag","embeddable":true,"href":"https:\/\/palmiyesusleme.com\/index.php\/wp-json\/wp\/v2\/product_tag?post=1394"}],"curies":[{"name":"wp","href":"https:\/\/api.w.org\/{rel}","templated":true}]}}