{"id":229,"date":"2024-03-07T14:58:39","date_gmt":"2024-03-07T11:58:39","guid":{"rendered":"https:\/\/palmiyesusleme.com\/index.php\/urun\/ahsap-tablali-yemekhane-masasi-1-sinif\/"},"modified":"2024-03-07T14:58:48","modified_gmt":"2024-03-07T11:58:48","slug":"ahsap-tablali-yemekhane-masasi-1-sinif","status":"publish","type":"product","link":"https:\/\/palmiyesusleme.com\/index.php\/urun\/ahsap-tablali-yemekhane-masasi-1-sinif\/","title":{"rendered":"Ah\u015fap Tablal\u0131 Yemekhane Masas\u0131 1. S\u0131n\u0131f"},"content":{"rendered":"<p>&lt;p&gt;Ah\u015fap Tablal\u0131 Yemekhane Masas\u0131 1. S\u0131n\u0131f&lt;\/p&gt;&lt;p&gt;Bu \u00fcr\u00fcn stoklar\u0131m\u0131zda bulunmamaktad\u0131r.&lt;\/p&gt;&lt;p&gt;&lt;a href=&quot;https:\/\/www.palmiyekocak.com\/yemekhane-masalari\/katlanir-ayakli-yemekhane-masasi-akd204&quot; style=&quot;&quot;&gt;&lt;b&gt;&lt;u&gt;akd204&lt;\/u&gt;&lt;\/b&gt;&lt;\/a&gt; nolu \u00fcr\u00fcn\u00fc alternatif olarak inceleyebilirsiniz.&lt;br&gt;&lt;\/p&gt;<\/p>\n","protected":false},"excerpt":{"rendered":"<p>&lt;p&gt;Ah\u015fap Tablal\u0131 Yemekhane Masas\u0131 1. S\u0131n\u0131f&lt;\/p&gt;&lt;p&gt;Bu \u00fcr\u00fcn stoklar\u0131m\u0131zda bulunmamaktad\u0131r.&lt;\/p&gt;&lt;p&gt;&lt;a href=&quot;https:\/\/www.palmiyekocak.com\/yemekhane-masalari\/katlanir-ayakli-yemekhane-masasi-akd204&quot; style=&quot;&quot;&gt;&lt;b&gt;&lt;u&gt;akd204&lt;\/u&gt;&lt;\/b&gt;&lt;\/a&gt; nolu \u00fcr\u00fcn\u00fc alternatif olarak inceleyebilirsiniz.&lt;br&gt;&lt;\/p&gt;<\/p>\n","protected":false},"featured_media":230,"comment_status":"closed","ping_status":"open","template":"","meta":{"_joinchat":[]},"product_cat":[44],"product_tag":[],"class_list":{"0":"post-229","1":"product","2":"type-product","3":"status-publish","4":"has-post-thumbnail","6":"product_cat-yemekhane-masalari","8":"first","9":"instock","10":"product-type-simple"},"_links":{"self":[{"href":"https:\/\/palmiyesusleme.com\/index.php\/wp-json\/wp\/v2\/product\/229","targetHints":{"allow":["GET"]}}],"collection":[{"href":"https:\/\/palmiyesusleme.com\/index.php\/wp-json\/wp\/v2\/product"}],"about":[{"href":"https:\/\/palmiyesusleme.com\/index.php\/wp-json\/wp\/v2\/types\/product"}],"replies":[{"embeddable":true,"href":"https:\/\/palmiyesusleme.com\/index.php\/wp-json\/wp\/v2\/comments?post=229"}],"wp:featuredmedia":[{"embeddable":true,"href":"https:\/\/palmiyesusleme.com\/index.php\/wp-json\/wp\/v2\/media\/230"}],"wp:attachment":[{"href":"https:\/\/palmiyesusleme.com\/index.php\/wp-json\/wp\/v2\/media?parent=229"}],"wp:term":[{"taxonomy":"product_cat","embeddable":true,"href":"https:\/\/palmiyesusleme.com\/index.php\/wp-json\/wp\/v2\/product_cat?post=229"},{"taxonomy":"product_tag","embeddable":true,"href":"https:\/\/palmiyesusleme.com\/index.php\/wp-json\/wp\/v2\/product_tag?post=229"}],"curies":[{"name":"wp","href":"https:\/\/api.w.org\/{rel}","templated":true}]}}