{"id":235,"date":"2024-03-07T14:58:39","date_gmt":"2024-03-07T11:58:39","guid":{"rendered":"https:\/\/palmiyesusleme.com\/index.php\/urun\/katlanir-ayakli-yemekhane-masasi\/"},"modified":"2024-03-07T14:58:51","modified_gmt":"2024-03-07T11:58:51","slug":"katlanir-ayakli-yemekhane-masasi","status":"publish","type":"product","link":"https:\/\/palmiyesusleme.com\/index.php\/urun\/katlanir-ayakli-yemekhane-masasi\/","title":{"rendered":"Katlan\u0131r Ayakl\u0131 Yemekhane Masas\u0131"},"content":{"rendered":"<p>Katlan\u0131r Ayakl\u0131 Yemekhane Masas\u0131<\/p>\n","protected":false},"excerpt":{"rendered":"<p>Katlan\u0131r Ayakl\u0131 Yemekhane Masas\u0131<\/p>\n","protected":false},"featured_media":236,"comment_status":"closed","ping_status":"open","template":"","meta":{"_joinchat":[]},"product_cat":[44],"product_tag":[],"class_list":{"0":"post-235","1":"product","2":"type-product","3":"status-publish","4":"has-post-thumbnail","6":"product_cat-yemekhane-masalari","8":"first","9":"instock","10":"product-type-simple"},"_links":{"self":[{"href":"https:\/\/palmiyesusleme.com\/index.php\/wp-json\/wp\/v2\/product\/235","targetHints":{"allow":["GET"]}}],"collection":[{"href":"https:\/\/palmiyesusleme.com\/index.php\/wp-json\/wp\/v2\/product"}],"about":[{"href":"https:\/\/palmiyesusleme.com\/index.php\/wp-json\/wp\/v2\/types\/product"}],"replies":[{"embeddable":true,"href":"https:\/\/palmiyesusleme.com\/index.php\/wp-json\/wp\/v2\/comments?post=235"}],"wp:featuredmedia":[{"embeddable":true,"href":"https:\/\/palmiyesusleme.com\/index.php\/wp-json\/wp\/v2\/media\/236"}],"wp:attachment":[{"href":"https:\/\/palmiyesusleme.com\/index.php\/wp-json\/wp\/v2\/media?parent=235"}],"wp:term":[{"taxonomy":"product_cat","embeddable":true,"href":"https:\/\/palmiyesusleme.com\/index.php\/wp-json\/wp\/v2\/product_cat?post=235"},{"taxonomy":"product_tag","embeddable":true,"href":"https:\/\/palmiyesusleme.com\/index.php\/wp-json\/wp\/v2\/product_tag?post=235"}],"curies":[{"name":"wp","href":"https:\/\/api.w.org\/{rel}","templated":true}]}}