{"id":2488,"date":"2024-03-07T15:26:39","date_gmt":"2024-03-07T12:26:39","guid":{"rendered":"https:\/\/palmiyesusleme.com\/index.php\/urun\/ekonomik-restoran-sandalye-masa-takimi\/"},"modified":"2024-03-07T15:26:39","modified_gmt":"2024-03-07T12:26:39","slug":"ekonomik-restoran-sandalye-masa-takimi","status":"publish","type":"product","link":"https:\/\/palmiyesusleme.com\/index.php\/urun\/ekonomik-restoran-sandalye-masa-takimi\/","title":{"rendered":"Ekonomik Restoran Sandalye Masa Tak\u0131m\u0131"},"content":{"rendered":"<p>&lt;p&gt;Ekonomik Restoran Sandalye Masa Tak\u0131m\u0131 uygun fiyatl\u0131 ah\u015fap sandalye, dikd\u00f6rtgen tablal\u0131 restoran masas\u0131ndan olu\u015fmaktad\u0131r.&lt;\/p&gt;&lt;p&gt;Sa\u011flaml\u0131k ve uygun fiyat arayanlar i\u00e7in ideal bir &lt;b&gt;restoran sandalyesi&lt;\/b&gt; ve restoran masas\u0131 birle\u015fimi.&lt;\/p&gt;&lt;hr&gt;&lt;p&gt;Ekonomik Restoran Sandalye Masa Tak\u0131m\u0131 uygun fiyatl\u0131 ah\u015fap sandalye, dikd\u00f6rtgen tablal\u0131 restoran masas\u0131ndan olu\u015fmaktad\u0131r.&lt;\/p&gt;&lt;p&gt;Sa\u011flaml\u0131k ve uygun fiyat arayanlar i\u00e7in ideal bir &lt;b&gt;restoran sandalyesi&lt;\/b&gt; ve restoran masas\u0131 birle\u015fimi.&lt;\/p&gt;<\/p>\n","protected":false},"excerpt":{"rendered":"<p>&lt;p&gt;Ekonomik Restoran Sandalye Masa Tak\u0131m\u0131 uygun fiyatl\u0131 ah\u015fap sandalye, dikd\u00f6rtgen tablal\u0131 restoran masas\u0131ndan olu\u015fmaktad\u0131r.&lt;\/p&gt;&lt;p&gt;Sa\u011flaml\u0131k ve uygun fiyat arayanlar i\u00e7in ideal bir &lt;b&gt;restoran sandalyesi&lt;\/b&gt; ve restoran masas\u0131 birle\u015fimi.&lt;\/p&gt;&lt;hr&gt;&lt;p&gt;Ekonomik Restoran Sandalye Masa Tak\u0131m\u0131 uygun fiyatl\u0131 ah\u015fap sandalye, dikd\u00f6rtgen tablal\u0131 restoran masas\u0131ndan olu\u015fmaktad\u0131r.&lt;\/p&gt;&lt;p&gt;Sa\u011flaml\u0131k ve uygun fiyat arayanlar i\u00e7in ideal bir &lt;b&gt;restoran sandalyesi&lt;\/b&gt; ve restoran masas\u0131 birle\u015fimi.&lt;\/p&gt;<\/p>\n","protected":false},"featured_media":2489,"comment_status":"closed","ping_status":"open","template":"","meta":{"_joinchat":[]},"product_cat":[117,118,71],"product_tag":[],"class_list":{"0":"post-2488","1":"product","2":"type-product","3":"status-publish","4":"has-post-thumbnail","6":"product_cat-cafe-restoran-mutfak-salon-masa-sandalye-takimlari","7":"product_cat-cafe-sandalye-masa-takimi","8":"product_cat-mutfak-masa-takimi","10":"first","11":"instock","12":"product-type-simple"},"_links":{"self":[{"href":"https:\/\/palmiyesusleme.com\/index.php\/wp-json\/wp\/v2\/product\/2488","targetHints":{"allow":["GET"]}}],"collection":[{"href":"https:\/\/palmiyesusleme.com\/index.php\/wp-json\/wp\/v2\/product"}],"about":[{"href":"https:\/\/palmiyesusleme.com\/index.php\/wp-json\/wp\/v2\/types\/product"}],"replies":[{"embeddable":true,"href":"https:\/\/palmiyesusleme.com\/index.php\/wp-json\/wp\/v2\/comments?post=2488"}],"wp:featuredmedia":[{"embeddable":true,"href":"https:\/\/palmiyesusleme.com\/index.php\/wp-json\/wp\/v2\/media\/2489"}],"wp:attachment":[{"href":"https:\/\/palmiyesusleme.com\/index.php\/wp-json\/wp\/v2\/media?parent=2488"}],"wp:term":[{"taxonomy":"product_cat","embeddable":true,"href":"https:\/\/palmiyesusleme.com\/index.php\/wp-json\/wp\/v2\/product_cat?post=2488"},{"taxonomy":"product_tag","embeddable":true,"href":"https:\/\/palmiyesusleme.com\/index.php\/wp-json\/wp\/v2\/product_tag?post=2488"}],"curies":[{"name":"wp","href":"https:\/\/api.w.org\/{rel}","templated":true}]}}