{"id":2536,"date":"2024-03-07T15:27:16","date_gmt":"2024-03-07T12:27:16","guid":{"rendered":"https:\/\/palmiyesusleme.com\/index.php\/urun\/krem-bahce-balkon-mutfak-cafe-takimi\/"},"modified":"2024-03-07T15:27:24","modified_gmt":"2024-03-07T12:27:24","slug":"krem-bahce-balkon-mutfak-cafe-takimi","status":"publish","type":"product","link":"https:\/\/palmiyesusleme.com\/index.php\/urun\/krem-bahce-balkon-mutfak-cafe-takimi\/","title":{"rendered":"Krem Bah\u00e7e Balkon Mutfak Cafe Tak\u0131m\u0131"},"content":{"rendered":"<p>&lt;p&gt;\u00d6zel statik toz boya&lt;\/p&gt;&lt;p&gt;Paslanma problemi olmayan&lt;\/p&gt;&lt;p&gt;Ya\u011fmura dayan\u0131kl\u0131 d\u0131\u015f mekanda kullan\u0131labilir.&lt;\/p&gt;&lt;p&gt;Profil et kal\u0131nl\u0131\u011f\u0131 1.20mmdir.&lt;\/p&gt;&lt;p&gt;20&#215;60 Profil&lt;\/p&gt;&lt;p&gt;9cm (22 Dansite) S\u00fcngerli&lt;\/p&gt;&lt;p&gt;3,5mm has\u0131r tel.&lt;\/p&gt;&lt;p&gt;Masa Tabla 70&#215;120 y\u00fckseklik 70cm.&lt;\/p&gt;<\/p>\n","protected":false},"excerpt":{"rendered":"<p>&lt;p&gt;\u00d6zel statik toz boya&lt;\/p&gt;&lt;p&gt;Paslanma problemi olmayan&lt;\/p&gt;&lt;p&gt;Ya\u011fmura dayan\u0131kl\u0131 d\u0131\u015f mekanda kullan\u0131labilir.&lt;\/p&gt;&lt;p&gt;Profil et kal\u0131nl\u0131\u011f\u0131 1.20mmdir.&lt;\/p&gt;&lt;p&gt;20&#215;60 Profil&lt;\/p&gt;&lt;p&gt;9cm (22 Dansite) S\u00fcngerli&lt;\/p&gt;&lt;p&gt;3,5mm has\u0131r tel.&lt;\/p&gt;&lt;p&gt;Masa Tabla 70&#215;120 y\u00fckseklik 70cm.&lt;\/p&gt;<\/p>\n","protected":false},"featured_media":2537,"comment_status":"closed","ping_status":"open","template":"","meta":{"_joinchat":[]},"product_cat":[119,120],"product_tag":[],"class_list":{"0":"post-2536","1":"product","2":"type-product","3":"status-publish","4":"has-post-thumbnail","6":"product_cat-kanepe","7":"product_cat-metal-cafe-restoran-kanepesi","9":"first","10":"instock","11":"product-type-simple"},"_links":{"self":[{"href":"https:\/\/palmiyesusleme.com\/index.php\/wp-json\/wp\/v2\/product\/2536","targetHints":{"allow":["GET"]}}],"collection":[{"href":"https:\/\/palmiyesusleme.com\/index.php\/wp-json\/wp\/v2\/product"}],"about":[{"href":"https:\/\/palmiyesusleme.com\/index.php\/wp-json\/wp\/v2\/types\/product"}],"replies":[{"embeddable":true,"href":"https:\/\/palmiyesusleme.com\/index.php\/wp-json\/wp\/v2\/comments?post=2536"}],"wp:featuredmedia":[{"embeddable":true,"href":"https:\/\/palmiyesusleme.com\/index.php\/wp-json\/wp\/v2\/media\/2537"}],"wp:attachment":[{"href":"https:\/\/palmiyesusleme.com\/index.php\/wp-json\/wp\/v2\/media?parent=2536"}],"wp:term":[{"taxonomy":"product_cat","embeddable":true,"href":"https:\/\/palmiyesusleme.com\/index.php\/wp-json\/wp\/v2\/product_cat?post=2536"},{"taxonomy":"product_tag","embeddable":true,"href":"https:\/\/palmiyesusleme.com\/index.php\/wp-json\/wp\/v2\/product_tag?post=2536"}],"curies":[{"name":"wp","href":"https:\/\/api.w.org\/{rel}","templated":true}]}}