{"id":267,"date":"2024-03-07T14:59:04","date_gmt":"2024-03-07T11:59:04","guid":{"rendered":"https:\/\/palmiyesusleme.com\/index.php\/urun\/iroko-ikili-parca-1-kose-sirt-dikey-citali-imalati\/"},"modified":"2024-03-07T14:59:13","modified_gmt":"2024-03-07T11:59:13","slug":"iroko-ikili-parca-1-kose-sirt-dikey-citali-imalati","status":"publish","type":"product","link":"https:\/\/palmiyesusleme.com\/index.php\/urun\/iroko-ikili-parca-1-kose-sirt-dikey-citali-imalati\/","title":{"rendered":"\u0130roko \u0130kili Par\u00e7a 1 K\u00f6\u015fe S\u0131rt Dikey \u00c7\u0131tal\u0131 \u0130malat\u0131"},"content":{"rendered":"<p>\u0130roko \u0130kili Par&ccedil;a 1 K&ouml;\u015fe S\u0131rt Dikey &Ccedil;\u0131tal\u0131 \u0130malat\u0131<\/p>\n","protected":false},"excerpt":{"rendered":"<p>\u0130roko \u0130kili Par&ccedil;a 1 K&ouml;\u015fe S\u0131rt Dikey &Ccedil;\u0131tal\u0131 \u0130malat\u0131<\/p>\n","protected":false},"featured_media":268,"comment_status":"closed","ping_status":"open","template":"","meta":{"_joinchat":[]},"product_cat":[47],"product_tag":[],"class_list":{"0":"post-267","1":"product","2":"type-product","3":"status-publish","4":"has-post-thumbnail","6":"product_cat-kose-takimlari","8":"first","9":"instock","10":"product-type-simple"},"_links":{"self":[{"href":"https:\/\/palmiyesusleme.com\/index.php\/wp-json\/wp\/v2\/product\/267","targetHints":{"allow":["GET"]}}],"collection":[{"href":"https:\/\/palmiyesusleme.com\/index.php\/wp-json\/wp\/v2\/product"}],"about":[{"href":"https:\/\/palmiyesusleme.com\/index.php\/wp-json\/wp\/v2\/types\/product"}],"replies":[{"embeddable":true,"href":"https:\/\/palmiyesusleme.com\/index.php\/wp-json\/wp\/v2\/comments?post=267"}],"wp:featuredmedia":[{"embeddable":true,"href":"https:\/\/palmiyesusleme.com\/index.php\/wp-json\/wp\/v2\/media\/268"}],"wp:attachment":[{"href":"https:\/\/palmiyesusleme.com\/index.php\/wp-json\/wp\/v2\/media?parent=267"}],"wp:term":[{"taxonomy":"product_cat","embeddable":true,"href":"https:\/\/palmiyesusleme.com\/index.php\/wp-json\/wp\/v2\/product_cat?post=267"},{"taxonomy":"product_tag","embeddable":true,"href":"https:\/\/palmiyesusleme.com\/index.php\/wp-json\/wp\/v2\/product_tag?post=267"}],"curies":[{"name":"wp","href":"https:\/\/api.w.org\/{rel}","templated":true}]}}