{"id":3400,"date":"2024-03-07T15:38:13","date_gmt":"2024-03-07T12:38:13","guid":{"rendered":"https:\/\/palmiyesusleme.com\/index.php\/urun\/metal-yazi-tahtali-konferans-sandalye\/"},"modified":"2024-03-07T15:38:14","modified_gmt":"2024-03-07T12:38:14","slug":"metal-yazi-tahtali-konferans-sandalye","status":"publish","type":"product","link":"https:\/\/palmiyesusleme.com\/index.php\/urun\/metal-yazi-tahtali-konferans-sandalye\/","title":{"rendered":"Metal Yaz\u0131 Tahtal\u0131 Konferans Sandalye"},"content":{"rendered":"<p>&lt;!&#8211; wp:paragraph &#8211;&gt;<br \/>\n&lt;h2&gt;&lt;a href=&quot;https:\/\/www.hiltonsandalye.com\/sandalye\/deskli-kumas-dosemeli-sinif-koltugu\/&quot; target=&quot;_blank&quot;&gt;Metal Yaz\u0131 Tahtal\u0131 Konferans Sandalye&lt;\/a&gt;&lt;\/h2&gt;&lt;p&gt;Metal Yaz\u0131 Tahtal\u0131 Konferans Sandalye: Modern Toplant\u0131lar i\u00e7in Vazge\u00e7ilmez Bir Se\u00e7im&lt;\/p&gt;&lt;p&gt;G\u00fcn\u00fcm\u00fczde konferanslar, seminerler ve toplant\u0131lar i\u015f d\u00fcnyas\u0131n\u0131n \u00f6nemli bir par\u00e7as\u0131 haline gelmi\u015ftir. Ayr\u0131ca bu t\u00fcr etkinlikler, bilgi payla\u015f\u0131m\u0131, i\u015fbirli\u011fi ve ileti\u015fim i\u00e7in vazge\u00e7ilemeyen bir ara\u00e7 haline gelmekte. Bu nedenle, konferans ve toplant\u0131 d\u00fczenleyicileri, kat\u0131l\u0131mc\u0131lar\u0131n konforunu ve etkili ileti\u015fimi sa\u011flamak i\u00e7in uygun ekipman ve mobilyalara \u00f6nem vermelidirler. Bunun yan\u0131 s\u0131ra metal yaz\u0131 tahtal\u0131 konferans sandalyeleri, bu t\u00fcr etkinliklerin ba\u015far\u0131l\u0131 bir \u015fekilde ger\u00e7ekle\u015ftirilmesine yard\u0131mc\u0131 olan \u00f6nemli bir mobilya par\u00e7as\u0131d\u0131r.&lt;br&gt;&lt;br&gt;Geli\u015fen teknoloji ve de\u011fi\u015fen i\u015f d\u00fcnyas\u0131 ihtiya\u00e7lar\u0131, ofis ve konferans mobilyalar\u0131nda da farkl\u0131 ve i\u015flevsel tasar\u0131mlar\u0131n ortaya \u00e7\u0131kmas\u0131n\u0131 beraberinde getiriyor. Ayr\u0131ca metal yaz\u0131 tahtal\u0131 konferans sandalyeleri, bu yenilik\u00e7i tasar\u0131mlardan biri olarak dikkat \u00e7ekiyor. Bunun yan\u0131 s\u0131ra bu makalede, metal yaz\u0131 tahtal\u0131 konferans sandalyesinin avantajlar\u0131n\u0131, kullan\u0131m alanlar\u0131n\u0131 ve tasar\u0131m \u00f6zelliklerini inceleyece\u011fiz.&lt;\/p&gt;&lt;h3 class=&quot;wp-block-heading&quot;&gt;&lt;a href=&quot;https:\/\/www.palmiyekocak.com\/metal-sandalye\/metal-yazi-tahtali-konferans-sandalye-hts08&quot; target=&quot;_blank&quot;&gt;Metal Yaz\u0131 Tahtal\u0131 Konferans Sandalye \u00d6zellikleri;&lt;\/a&gt;&lt;\/h3&gt;&lt;p&gt;Ergonomi ve Konfor&lt;br&gt;Konferanslar, seminerler ve toplant\u0131lar saatler s\u00fcrebilmekte. Kat\u0131l\u0131mc\u0131lar\u0131n rahat etmesi, dikkatlerinin da\u011f\u0131lmamas\u0131 i\u00e7in ergonomik tasar\u0131m kritiktir. Metal yaz\u0131 tahtal\u0131 konferans sandalyeleri, genellikle ergonomik ihtiya\u00e7lar g\u00f6zetilerek \u00fcretilmekte. Kullan\u0131c\u0131lar, uzun s\u00fcreli oturumlar s\u0131ras\u0131nda bile konforlu bir deneyim ya\u015far.&lt;\/p&gt;&lt;p&gt;Fonksiyonellik&lt;br&gt;Geleneksel konferans sandalyelerinin aksine. Yaz\u0131 tahtal\u0131 modeller kat\u0131l\u0131mc\u0131lara not alabilme, bilgisayarlar\u0131n\u0131 veya tabletlerini koyma imkan\u0131 sunar. Bu, interaktif bir oturum s\u0131ras\u0131nda olduk\u00e7a faydal\u0131 olmakta.&lt;\/p&gt;&lt;p&gt;Dayan\u0131kl\u0131l\u0131k&lt;br&gt;Metal yap\u0131s\u0131 sayesinde, bu t\u00fcr konferans sandalyeleri olduk\u00e7a dayan\u0131kl\u0131d\u0131r. Y\u00fcksek trafikli konferans salonlar\u0131 ve s\u0131k kullan\u0131lan toplant\u0131 odalar\u0131 i\u00e7in ideal bir se\u00e7imdir.&lt;\/p&gt;&lt;p&gt;Estetik ve Tasar\u0131m&lt;br&gt;Metal yaz\u0131 tahtal\u0131 konferans sandalye, sadece i\u015flevsel de\u011fil ayn\u0131 zamanda estetik a\u00e7\u0131dan da dikkat \u00e7ekicidir. Modern ofis ve toplant\u0131 salonlar\u0131nda s\u0131kl\u0131kla tercih edilen bu sandalyeler, farkl\u0131 renk ve tasar\u0131m se\u00e7enekleri ile de mekana uyum sa\u011flar.&lt;\/p&gt;&lt;h4 class=&quot;wp-block-heading&quot;&gt;Kullan\u0131m Alanlar\u0131;&lt;\/h4&gt;&lt;ul&gt;&lt;!&#8211; wp:list-item &#8211;&gt;<br \/>\n&lt;li&gt;\u00dcniversiteler ve E\u011fitim Kurumlar\u0131&lt;\/li&gt;<br \/>\n&lt;!&#8211; \/wp:list-item &#8211;&gt;<\/p>\n<p>&lt;!&#8211; wp:list-item &#8211;&gt;<br \/>\n&lt;li&gt;Kurumsal Toplant\u0131 Salonlar\u0131&lt;\/li&gt;<br \/>\n&lt;!&#8211; \/wp:list-item &#8211;&gt;<\/p>\n<p>&lt;!&#8211; wp:list-item &#8211;&gt;<br \/>\n&lt;li&gt;Konferans ve Seminer Merkezleri&lt;\/li&gt;<br \/>\n&lt;!&#8211; \/wp:list-item &#8211;&gt;<\/p>\n<p>&lt;!&#8211; wp:list-item &#8211;&gt;<br \/>\n&lt;li&gt;K\u00fct\u00fcphaneler&lt;\/li&gt;<br \/>\n&lt;!&#8211; \/wp:list-item &#8211;&gt;<\/p>\n<p>&lt;!&#8211; wp:list-item &#8211;&gt;<br \/>\n&lt;li&gt;\u00c7al\u0131\u015fma Alanlar\u0131&lt;\/li&gt;<br \/>\n&lt;!&#8211; \/wp:list-item &#8211;&gt;&lt;\/ul&gt;&lt;p&gt;&lt;!&#8211; wp:paragraph &#8211;&gt;<\/p>\n<p>&lt;!&#8211; \/wp:paragraph &#8211;&gt;<\/p>\n<p>&lt;!&#8211; wp:paragraph &#8211;&gt;<\/p>\n<p>&lt;!&#8211; \/wp:paragraph &#8211;&gt;<\/p>\n<p>&lt;!&#8211; wp:heading {&quot;level&quot;:3} &#8211;&gt;<\/p>\n<p>&lt;!&#8211; \/wp:heading &#8211;&gt;<\/p>\n<p>&lt;!&#8211; wp:paragraph &#8211;&gt;<\/p>\n<p>&lt;!&#8211; \/wp:paragraph &#8211;&gt;<\/p>\n<p>&lt;!&#8211; wp:paragraph &#8211;&gt;<\/p>\n<p>&lt;!&#8211; \/wp:paragraph &#8211;&gt;<\/p>\n<p>&lt;!&#8211; wp:paragraph &#8211;&gt;<\/p>\n<p>&lt;!&#8211; \/wp:paragraph &#8211;&gt;<\/p>\n<p>&lt;!&#8211; wp:paragraph &#8211;&gt;<\/p>\n<p>&lt;!&#8211; \/wp:paragraph &#8211;&gt;<\/p>\n<p>&lt;!&#8211; wp:heading {&quot;level&quot;:4} &#8211;&gt;<\/p>\n<p>&lt;!&#8211; \/wp:heading &#8211;&gt;<\/p>\n<p>&lt;!&#8211; wp:list &#8211;&gt;<\/p>\n<p>&lt;!&#8211; \/wp:list &#8211;&gt;<\/p>\n<p>&lt;!&#8211; wp:paragraph &#8211;&gt;<\/p>\n<p>&lt;!&#8211; \/wp:paragraph &#8211;&gt;&lt;\/p&gt;&lt;p&gt;Sonu\u00e7 Olarak;&lt;br&gt;Metal yaz\u0131 tahtal\u0131 konferans sandalyesi, fonksiyonelli\u011fi, konforu ve dayan\u0131kl\u0131l\u0131\u011f\u0131 ile modern i\u015f ve e\u011fitim d\u00fcnyas\u0131n\u0131n ihtiya\u00e7lar\u0131na cevap veriyor. Bu t\u00fcr sandalyeler, kullan\u0131c\u0131lar\u0131na maksimum konfor ve i\u015flevsellik sa\u011flarken. Mekanlara da modern ve estetik bir hava kat\u0131yor. Yat\u0131r\u0131m yapmay\u0131 d\u00fc\u015f\u00fcnen kurumlar i\u00e7in kesinlikle de\u011ferlendirilmesi gereken&amp;nbsp;bir&amp;nbsp;opsiyon.&lt;\/p&gt;<br \/>\n&lt;!&#8211; \/wp:paragraph &#8211;&gt;<\/p>\n","protected":false},"excerpt":{"rendered":"<p>&lt;!&#8211; wp:paragraph &#8211;&gt; &lt;h2&gt;&lt;a href=&quot;https:\/\/www.hiltonsandalye.com\/sandalye\/deskli-kumas-dosemeli-sinif-koltugu\/&quot; target=&quot;_blank&quot;&gt;Metal Yaz\u0131 Tahtal\u0131 Konferans Sandalye&lt;\/a&gt;&lt;\/h2&gt;&lt;p&gt;Metal Yaz\u0131 Tahtal\u0131 Konferans Sandalye: Modern Toplant\u0131lar i\u00e7in Vazge\u00e7ilmez Bir Se\u00e7im&lt;\/p&gt;&lt;p&gt;G\u00fcn\u00fcm\u00fczde konferanslar, seminerler ve toplant\u0131lar i\u015f d\u00fcnyas\u0131n\u0131n \u00f6nemli bir par\u00e7as\u0131 haline gelmi\u015ftir. Ayr\u0131ca bu t\u00fcr etkinlikler, bilgi payla\u015f\u0131m\u0131, i\u015fbirli\u011fi ve ileti\u015fim i\u00e7in vazge\u00e7ilemeyen bir ara\u00e7 haline gelmekte. Bu nedenle, konferans ve toplant\u0131 d\u00fczenleyicileri, kat\u0131l\u0131mc\u0131lar\u0131n konforunu ve [&hellip;]<\/p>\n","protected":false},"featured_media":3401,"comment_status":"closed","ping_status":"open","template":"","meta":{"_joinchat":[]},"product_cat":[32,62,144,51,142,143,141],"product_tag":[],"class_list":{"0":"post-3400","1":"product","2":"type-product","3":"status-publish","4":"has-post-thumbnail","6":"product_cat-konferans-sandalyeleri","7":"product_cat-metal-sandalye","8":"product_cat-organizasyon-sandalyesi","9":"product_cat-salon-aluminyum-sandalye","10":"product_cat-salon-banket-sandalye","11":"product_cat-salon-hilton-sandalye","12":"product_cat-salon-sandalyeleri","14":"first","15":"instock","16":"product-type-simple"},"_links":{"self":[{"href":"https:\/\/palmiyesusleme.com\/index.php\/wp-json\/wp\/v2\/product\/3400","targetHints":{"allow":["GET"]}}],"collection":[{"href":"https:\/\/palmiyesusleme.com\/index.php\/wp-json\/wp\/v2\/product"}],"about":[{"href":"https:\/\/palmiyesusleme.com\/index.php\/wp-json\/wp\/v2\/types\/product"}],"replies":[{"embeddable":true,"href":"https:\/\/palmiyesusleme.com\/index.php\/wp-json\/wp\/v2\/comments?post=3400"}],"wp:featuredmedia":[{"embeddable":true,"href":"https:\/\/palmiyesusleme.com\/index.php\/wp-json\/wp\/v2\/media\/3401"}],"wp:attachment":[{"href":"https:\/\/palmiyesusleme.com\/index.php\/wp-json\/wp\/v2\/media?parent=3400"}],"wp:term":[{"taxonomy":"product_cat","embeddable":true,"href":"https:\/\/palmiyesusleme.com\/index.php\/wp-json\/wp\/v2\/product_cat?post=3400"},{"taxonomy":"product_tag","embeddable":true,"href":"https:\/\/palmiyesusleme.com\/index.php\/wp-json\/wp\/v2\/product_tag?post=3400"}],"curies":[{"name":"wp","href":"https:\/\/api.w.org\/{rel}","templated":true}]}}