{"id":3519,"date":"2024-03-07T15:39:29","date_gmt":"2024-03-07T12:39:29","guid":{"rendered":"https:\/\/palmiyesusleme.com\/index.php\/urun\/fiberglass-plastik-tonet-sandalye\/"},"modified":"2024-03-07T15:39:29","modified_gmt":"2024-03-07T12:39:29","slug":"fiberglass-plastik-tonet-sandalye","status":"publish","type":"product","link":"https:\/\/palmiyesusleme.com\/index.php\/urun\/fiberglass-plastik-tonet-sandalye\/","title":{"rendered":"Fiberglass Plastik Tonet Sandalye"},"content":{"rendered":"<p>&lt;div class=&quot;row&quot;&gt;<br \/>\n  &lt;div class=&quot;col-lg-6&quot;&gt;<br \/>\n    &lt;p&gt;&lt;span style=&quot;color: inherit; font-family: inherit;&quot;&gt;6 adete kadar istiflenebilir.&lt;\/span&gt;&lt;\/p&gt;<br \/>\n    &lt;p&gt;&lt;span style=&quot;color: inherit; font-family: inherit;&quot;&gt;Plastikten imal edilen \u00fcr\u00fcn\u00fcm\u00fcz\u00fcn \u00fczerinde ah\u015fap dokusu verilmi\u015ftir.&lt;\/span&gt;&lt;\/p&gt;<br \/>\n    &lt;p&gt;&lt;span style=&quot;color: inherit; font-family: inherit;&quot;&gt;Hafif ve sa\u011flam d\u0131\u015f ve i\u00e7 mekanda kullanabilece\u011finiz monoblok bir sandalyedir.&lt;\/span&gt;&lt;\/p&gt;<br \/>\n    &lt;p&gt;&lt;span style=&quot;color: inherit; font-family: inherit;&quot;&gt;Dayan\u0131kl\u0131 ayaklar ve kaymay\u0131 engelleyen PVC t\u0131pas\u0131 mevcuttur.&lt;\/span&gt;&lt;\/p&gt;<br \/>\n    &lt;p&gt;&lt;span style=&quot;color: inherit; font-family: inherit;&quot;&gt;Tonet g\u00f6r\u00fcn\u00fc\u015f\u00fc ve s\u0131rt b\u00f6l\u00fcm\u00fcndeki X modern mekanlar\u0131na uyum sa\u011flar&lt;\/span&gt;&lt;\/p&gt;<br \/>\n    &lt;h4&gt;&lt;span style=&quot;color: inherit; font-family: inherit;&quot;&gt;Farkl\u0131 Renk Se\u00e7enekleri Mevcuttur.&lt;\/span&gt;&lt;\/h4&gt;<br \/>\n    &lt;ul&gt;<br \/>\n      &lt;li&gt;A\u00e7\u0131k Mavi \u0130\u00e7 ve D\u0131\u015f Mekan Sandalye&lt;\/li&gt;<br \/>\n      &lt;li&gt;Ah\u015fap Rengi \u0130\u00e7 ve D\u0131\u015f Mekan Sandalye&lt;\/li&gt;<br \/>\n      &lt;li&gt;Bej \u0130\u00e7 ve D\u0131\u015f Mekan Sandalye&lt;\/li&gt;<br \/>\n      &lt;li&gt;Beyaz \u0130\u00e7 ve D\u0131\u015f Mekan Sandalye&lt;\/li&gt;<br \/>\n      &lt;li&gt;\u00c7imento Grisi \u0130\u00e7 ve D\u0131\u015f Mekan Sandalye&lt;\/li&gt;<br \/>\n      &lt;li&gt;Kiremit \u0130\u00e7 ve D\u0131\u015f Mekan Sandalye&lt;\/li&gt;<br \/>\n      &lt;li&gt;K\u0131rm\u0131z\u0131 \u0130\u00e7 ve D\u0131\u015f Mekan Sandalye&lt;\/li&gt;<br \/>\n      &lt;li&gt;Krem \u0130\u00e7 ve D\u0131\u015f Mekan Sandalye&lt;\/li&gt;<br \/>\n      &lt;li&gt;Kum Beji \u0130\u00e7 ve D\u0131\u015f Mekan Sandalye&lt;\/li&gt;<br \/>\n    &lt;\/ul&gt;<br \/>\n  &lt;\/div&gt;<br \/>\n  &lt;div class=&quot;col-lg-6 text-center&quot;&gt;&lt;img src=&quot;\/image\/catalog\/urun-aciklama-resimleri\/irpac1-olcu.jpg&quot; class=&quot;img-responsive&quot;&gt;&lt;\/div&gt;<br \/>\n&lt;\/div&gt;<br \/>\n&lt;div class=&quot;row&quot;&gt;<br \/>\n&lt;div class=&quot;col-lg-12 text-center&quot;&gt;&lt;img src=&quot;https:\/\/www.palmiyekocak.com\/image\/catalog\/urun-detay-resimleri\/urun-resim-detay-irpac1.jpg&quot; class=&quot;img-responsive&quot;&gt; &lt;\/div&gt;<br \/>\n&lt;\/div&gt;<br \/>\n&lt;hr&gt;<br \/>\n  &lt;div class=&quot;row&quot;&gt;<br \/>\n    &lt;div class=&quot;col-lg-6 text-center&quot;&gt;&lt;img src=&quot;https:\/\/www.palmiyekocak.com\/image\/catalog\/urun-detay-resimleri\/irpac1-detay-resim-1.jpg&quot; class=&quot;img-responsive&quot;&gt; &lt;\/div&gt;<br \/>\n    &lt;div class=&quot;col-lg-6 text-center&quot;&gt;&lt;img src=&quot;https:\/\/www.palmiyekocak.com\/image\/catalog\/urun-detay-resimleri\/irpac1-detay-resim-2.jpg&quot; class=&quot;img-responsive&quot;&gt; &lt;\/div&gt;<br \/>\n  &lt;\/div&gt;<\/p>\n","protected":false},"excerpt":{"rendered":"<p>&lt;div class=&quot;row&quot;&gt; &lt;div class=&quot;col-lg-6&quot;&gt; &lt;p&gt;&lt;span style=&quot;color: inherit; font-family: inherit;&quot;&gt;6 adete kadar istiflenebilir.&lt;\/span&gt;&lt;\/p&gt; &lt;p&gt;&lt;span style=&quot;color: inherit; font-family: inherit;&quot;&gt;Plastikten imal edilen \u00fcr\u00fcn\u00fcm\u00fcz\u00fcn \u00fczerinde ah\u015fap dokusu verilmi\u015ftir.&lt;\/span&gt;&lt;\/p&gt; &lt;p&gt;&lt;span style=&quot;color: inherit; font-family: inherit;&quot;&gt;Hafif ve sa\u011flam d\u0131\u015f ve i\u00e7 mekanda kullanabilece\u011finiz monoblok bir sandalyedir.&lt;\/span&gt;&lt;\/p&gt; &lt;p&gt;&lt;span style=&quot;color: inherit; font-family: inherit;&quot;&gt;Dayan\u0131kl\u0131 ayaklar ve kaymay\u0131 engelleyen PVC t\u0131pas\u0131 mevcuttur.&lt;\/span&gt;&lt;\/p&gt; &lt;p&gt;&lt;span style=&quot;color: inherit; font-family: [&hellip;]<\/p>\n","protected":false},"featured_media":3520,"comment_status":"closed","ping_status":"open","template":"","meta":{"_joinchat":[]},"product_cat":[154,155,153],"product_tag":[],"class_list":{"0":"post-3519","1":"product","2":"type-product","3":"status-publish","4":"has-post-thumbnail","6":"product_cat-ic-mekan-plastik-sandalye","7":"product_cat-plastik-bahce-sandalyesi","8":"product_cat-plastik-sandalye","10":"first","11":"instock","12":"product-type-simple"},"_links":{"self":[{"href":"https:\/\/palmiyesusleme.com\/index.php\/wp-json\/wp\/v2\/product\/3519","targetHints":{"allow":["GET"]}}],"collection":[{"href":"https:\/\/palmiyesusleme.com\/index.php\/wp-json\/wp\/v2\/product"}],"about":[{"href":"https:\/\/palmiyesusleme.com\/index.php\/wp-json\/wp\/v2\/types\/product"}],"replies":[{"embeddable":true,"href":"https:\/\/palmiyesusleme.com\/index.php\/wp-json\/wp\/v2\/comments?post=3519"}],"wp:featuredmedia":[{"embeddable":true,"href":"https:\/\/palmiyesusleme.com\/index.php\/wp-json\/wp\/v2\/media\/3520"}],"wp:attachment":[{"href":"https:\/\/palmiyesusleme.com\/index.php\/wp-json\/wp\/v2\/media?parent=3519"}],"wp:term":[{"taxonomy":"product_cat","embeddable":true,"href":"https:\/\/palmiyesusleme.com\/index.php\/wp-json\/wp\/v2\/product_cat?post=3519"},{"taxonomy":"product_tag","embeddable":true,"href":"https:\/\/palmiyesusleme.com\/index.php\/wp-json\/wp\/v2\/product_tag?post=3519"}],"curies":[{"name":"wp","href":"https:\/\/api.w.org\/{rel}","templated":true}]}}