{"id":3789,"date":"2024-03-07T15:41:48","date_gmt":"2024-03-07T12:41:48","guid":{"rendered":"https:\/\/palmiyesusleme.com\/index.php\/urun\/iroko-kanepe-imalati-2\/"},"modified":"2024-03-07T15:42:05","modified_gmt":"2024-03-07T12:42:05","slug":"iroko-kanepe-imalati-2","status":"publish","type":"product","link":"https:\/\/palmiyesusleme.com\/index.php\/urun\/iroko-kanepe-imalati-2\/","title":{"rendered":"\u0130roko Kanepe \u0130malat\u0131"},"content":{"rendered":"<p>\u0130roko Kanepe \u0130malat\u0131<\/p>\n","protected":false},"excerpt":{"rendered":"<p>\u0130roko Kanepe \u0130malat\u0131<\/p>\n","protected":false},"featured_media":3790,"comment_status":"closed","ping_status":"open","template":"","meta":{"_joinchat":[]},"product_cat":[163],"product_tag":[],"class_list":{"0":"post-3789","1":"product","2":"type-product","3":"status-publish","4":"has-post-thumbnail","6":"product_cat-iroko-kanepe","8":"first","9":"instock","10":"product-type-simple"},"_links":{"self":[{"href":"https:\/\/palmiyesusleme.com\/index.php\/wp-json\/wp\/v2\/product\/3789","targetHints":{"allow":["GET"]}}],"collection":[{"href":"https:\/\/palmiyesusleme.com\/index.php\/wp-json\/wp\/v2\/product"}],"about":[{"href":"https:\/\/palmiyesusleme.com\/index.php\/wp-json\/wp\/v2\/types\/product"}],"replies":[{"embeddable":true,"href":"https:\/\/palmiyesusleme.com\/index.php\/wp-json\/wp\/v2\/comments?post=3789"}],"wp:featuredmedia":[{"embeddable":true,"href":"https:\/\/palmiyesusleme.com\/index.php\/wp-json\/wp\/v2\/media\/3790"}],"wp:attachment":[{"href":"https:\/\/palmiyesusleme.com\/index.php\/wp-json\/wp\/v2\/media?parent=3789"}],"wp:term":[{"taxonomy":"product_cat","embeddable":true,"href":"https:\/\/palmiyesusleme.com\/index.php\/wp-json\/wp\/v2\/product_cat?post=3789"},{"taxonomy":"product_tag","embeddable":true,"href":"https:\/\/palmiyesusleme.com\/index.php\/wp-json\/wp\/v2\/product_tag?post=3789"}],"curies":[{"name":"wp","href":"https:\/\/api.w.org\/{rel}","templated":true}]}}