{"id":4019,"date":"2024-03-07T15:44:08","date_gmt":"2024-03-07T12:44:08","guid":{"rendered":"https:\/\/palmiyesusleme.com\/index.php\/urun\/ceviz-suntalam-yandan-acilir-mutfak-masasi\/"},"modified":"2024-03-07T15:44:23","modified_gmt":"2024-03-07T12:44:23","slug":"ceviz-suntalam-yandan-acilir-mutfak-masasi","status":"publish","type":"product","link":"https:\/\/palmiyesusleme.com\/index.php\/urun\/ceviz-suntalam-yandan-acilir-mutfak-masasi\/","title":{"rendered":"Ceviz Suntalam Yandan A\u00e7\u0131l\u0131r Mutfak Masas\u0131"},"content":{"rendered":"<p>Ceviz Suntalam Yandan A&ccedil;\u0131l\u0131r Mutfak Masas\u0131<\/p>\n","protected":false},"excerpt":{"rendered":"<p>Ceviz Suntalam Yandan A&ccedil;\u0131l\u0131r Mutfak Masas\u0131<\/p>\n","protected":false},"featured_media":4020,"comment_status":"closed","ping_status":"open","template":"","meta":{"_joinchat":[]},"product_cat":[165],"product_tag":[],"class_list":{"0":"post-4019","1":"product","2":"type-product","3":"status-publish","4":"has-post-thumbnail","6":"product_cat-ekonomik-masalar","8":"first","9":"instock","10":"product-type-simple"},"_links":{"self":[{"href":"https:\/\/palmiyesusleme.com\/index.php\/wp-json\/wp\/v2\/product\/4019","targetHints":{"allow":["GET"]}}],"collection":[{"href":"https:\/\/palmiyesusleme.com\/index.php\/wp-json\/wp\/v2\/product"}],"about":[{"href":"https:\/\/palmiyesusleme.com\/index.php\/wp-json\/wp\/v2\/types\/product"}],"replies":[{"embeddable":true,"href":"https:\/\/palmiyesusleme.com\/index.php\/wp-json\/wp\/v2\/comments?post=4019"}],"wp:featuredmedia":[{"embeddable":true,"href":"https:\/\/palmiyesusleme.com\/index.php\/wp-json\/wp\/v2\/media\/4020"}],"wp:attachment":[{"href":"https:\/\/palmiyesusleme.com\/index.php\/wp-json\/wp\/v2\/media?parent=4019"}],"wp:term":[{"taxonomy":"product_cat","embeddable":true,"href":"https:\/\/palmiyesusleme.com\/index.php\/wp-json\/wp\/v2\/product_cat?post=4019"},{"taxonomy":"product_tag","embeddable":true,"href":"https:\/\/palmiyesusleme.com\/index.php\/wp-json\/wp\/v2\/product_tag?post=4019"}],"curies":[{"name":"wp","href":"https:\/\/api.w.org\/{rel}","templated":true}]}}