{"id":4039,"date":"2024-03-07T15:44:42","date_gmt":"2024-03-07T12:44:42","guid":{"rendered":"https:\/\/palmiyesusleme.com\/index.php\/urun\/beyaz-monopetli-dikisli-metal-ayakli-ekonomik-mutfak-sandalyesi-kalite\/"},"modified":"2024-03-07T15:44:45","modified_gmt":"2024-03-07T12:44:45","slug":"beyaz-monopetli-dikisli-metal-ayakli-ekonomik-mutfak-sandalyesi-kalite","status":"publish","type":"product","link":"https:\/\/palmiyesusleme.com\/index.php\/urun\/beyaz-monopetli-dikisli-metal-ayakli-ekonomik-mutfak-sandalyesi-kalite\/","title":{"rendered":"Beyaz Monopetli Diki\u015fli Metal Ayakl\u0131 Ekonomik Mutfak Sandalyesi Kalite"},"content":{"rendered":"<p>Beyaz Monopetli Diki\u015fli Metal Ayakl\u0131 Ekonomik Mutfak Sandalyesi Kalite<\/p>\n","protected":false},"excerpt":{"rendered":"<p>Beyaz Monopetli Diki\u015fli Metal Ayakl\u0131 Ekonomik Mutfak Sandalyesi Kalite<\/p>\n","protected":false},"featured_media":4040,"comment_status":"closed","ping_status":"open","template":"","meta":{"_joinchat":[]},"product_cat":[166],"product_tag":[],"class_list":{"0":"post-4039","1":"product","2":"type-product","3":"status-publish","4":"has-post-thumbnail","6":"product_cat-ekonomik-sandalyeler","8":"first","9":"instock","10":"product-type-simple"},"_links":{"self":[{"href":"https:\/\/palmiyesusleme.com\/index.php\/wp-json\/wp\/v2\/product\/4039","targetHints":{"allow":["GET"]}}],"collection":[{"href":"https:\/\/palmiyesusleme.com\/index.php\/wp-json\/wp\/v2\/product"}],"about":[{"href":"https:\/\/palmiyesusleme.com\/index.php\/wp-json\/wp\/v2\/types\/product"}],"replies":[{"embeddable":true,"href":"https:\/\/palmiyesusleme.com\/index.php\/wp-json\/wp\/v2\/comments?post=4039"}],"wp:featuredmedia":[{"embeddable":true,"href":"https:\/\/palmiyesusleme.com\/index.php\/wp-json\/wp\/v2\/media\/4040"}],"wp:attachment":[{"href":"https:\/\/palmiyesusleme.com\/index.php\/wp-json\/wp\/v2\/media?parent=4039"}],"wp:term":[{"taxonomy":"product_cat","embeddable":true,"href":"https:\/\/palmiyesusleme.com\/index.php\/wp-json\/wp\/v2\/product_cat?post=4039"},{"taxonomy":"product_tag","embeddable":true,"href":"https:\/\/palmiyesusleme.com\/index.php\/wp-json\/wp\/v2\/product_tag?post=4039"}],"curies":[{"name":"wp","href":"https:\/\/api.w.org\/{rel}","templated":true}]}}