{"id":4109,"date":"2024-03-07T15:45:15","date_gmt":"2024-03-07T12:45:15","guid":{"rendered":"https:\/\/palmiyesusleme.com\/index.php\/urun\/naturel-boyali-lukens-ayakli-bordo-kumas-dosemeli-klasik-sandalye\/"},"modified":"2024-03-07T15:45:38","modified_gmt":"2024-03-07T12:45:38","slug":"naturel-boyali-lukens-ayakli-bordo-kumas-dosemeli-klasik-sandalye","status":"publish","type":"product","link":"https:\/\/palmiyesusleme.com\/index.php\/urun\/naturel-boyali-lukens-ayakli-bordo-kumas-dosemeli-klasik-sandalye\/","title":{"rendered":"Nat\u00fcrel Boyal\u0131 L\u00fckens Ayakl\u0131 Bordo Kuma\u015f D\u00f6\u015femeli Klasik Sandalye"},"content":{"rendered":"<p>Bordo kuma\u015f d\u00f6\u015femeli, l\u00fckens ayakl\u0131 ve nat\u00fcrel boyal\u0131 klasik ah\u015fap sandalyemiz; kolsuz bir taht gibi&#8230;Salonunuzu saraya \u00e7evirecek.<br \/>\n&lt;hr&gt;<br \/>\n&lt;b&gt;Ah\u015fap sandalyeler&lt;\/b&gt;, bak\u0131m\u0131 kolay mobilyalar aras\u0131ndad\u0131r. E\u011fer bir \u015feyler ters giderse, nemli bir bezle silebilirsiniz. \u00d6zellikle i\u015flenmemi\u015f ah\u015fap nemle h\u0131zl\u0131 bir \u015fekilde reaksiyona girer ve bu daha sonra lekeleri b\u0131rak\u0131r. Bu nedenle bir yemek sandalyesinde, \u00f6zellikle daha dayan\u0131kl\u0131 ve kolayca temizlenebilen boyal\u0131 ve cilal\u0131 modeller tercih edilebilir. Bir tahta sandalyenin uzun s\u00fcre tad\u0131n\u0131 \u00e7\u0131karmak i\u00e7in, \u00f6zel bir ah\u015fap cilas\u0131yla d\u00fczenli bak\u0131m yapman\u0131z\u0131 \u00f6neririz. Kire kar\u015f\u0131 korurken ah\u015faba parlakl\u0131k verir.&lt;hr&gt;&lt;p&gt;Ah\u015fap mobilyalarla uyumu yakalamak ad\u0131na ah\u015fap ayakl\u0131 sandalye modelleri tercih edilmektedir.&lt;br&gt;&lt;\/p&gt;&lt;table class=&quot;table table-bordered&quot;&gt;&lt;tbody&gt;&lt;tr&gt;&lt;td colspan=&quot;4&quot; class=&quot;text-center&quot;&gt;&lt;img src=&quot;\/image\/urun-olculeri\/ahsap-klasik-kollu-sandalye-olculer.png&quot; alt=&quot;\u00d6l\u00e7\u00fc&quot;&gt;&lt;\/td&gt;&lt;\/tr&gt;&lt;tr&gt;&lt;td class=&quot;text-center&quot;&gt;&lt;span class=&quot;text-center&quot; style=&quot;vertical-align:middle&quot;&gt;&lt;strong&gt;Geni\u015flik&lt;\/strong&gt;&lt;\/span&gt;&lt;\/td&gt;&lt;td class=&quot;text-center&quot;&gt;&lt;span class=&quot;text-center&quot; style=&quot;vertical-align:middle&quot;&gt;&lt;strong&gt;Oturum Y\u00fcksekli\u011fi&lt;\/strong&gt;&lt;\/span&gt;&lt;\/td&gt;&lt;td class=&quot;text-center&quot;&gt;&lt;span class=&quot;text-center&quot; style=&quot;vertical-align:middle&quot;&gt;&lt;strong&gt;Derinlik&lt;\/strong&gt;&lt;\/span&gt;&lt;\/td&gt;&lt;td class=&quot;text-center&quot;&gt;&lt;span class=&quot;text-center&quot; style=&quot;vertical-align:middle&quot;&gt;&lt;strong&gt;Y\u00fckseklik&lt;\/strong&gt;&lt;\/span&gt;&lt;\/td&gt;&lt;\/tr&gt;&lt;tr&gt;&lt;td class=&quot;text-center&quot;&gt;&amp;nbsp;47 cm&lt;\/td&gt;&lt;td class=&quot;text-center&quot;&gt;46 cm&amp;nbsp;&lt;\/td&gt;&lt;td class=&quot;text-center&quot;&gt;46 cm&amp;nbsp;&lt;\/td&gt;&lt;td class=&quot;text-center&quot;&gt;&amp;nbsp;97 cm&lt;\/td&gt;&lt;\/tr&gt;&lt;tr&gt;&lt;td class=&quot;text-center&quot; colspan=&quot;4&quot;&gt;\u0130ste\u011fe \u00f6zel olarak malzeme cinsinde (ah\u015fap,boya,kuma\u015f,deri) ve \u00fcr\u00fcn \u00f6l\u00e7\u00fclerinde de\u011fi\u015fiklik yap\u0131labilir.&lt;\/td&gt;&lt;\/tr&gt;&lt;\/tbody&gt;&lt;\/table&gt;&lt;p&gt;&lt;\/p&gt;<br \/>\n&lt;hr&gt;<\/p>\n","protected":false},"excerpt":{"rendered":"<p>Bordo kuma\u015f d\u00f6\u015femeli, l\u00fckens ayakl\u0131 ve nat\u00fcrel boyal\u0131 klasik ah\u015fap sandalyemiz; kolsuz bir taht gibi&#8230;Salonunuzu saraya \u00e7evirecek. &lt;hr&gt; &lt;b&gt;Ah\u015fap sandalyeler&lt;\/b&gt;, bak\u0131m\u0131 kolay mobilyalar aras\u0131ndad\u0131r. E\u011fer bir \u015feyler ters giderse, nemli bir bezle silebilirsiniz. \u00d6zellikle i\u015flenmemi\u015f ah\u015fap nemle h\u0131zl\u0131 bir \u015fekilde reaksiyona girer ve bu daha sonra lekeleri b\u0131rak\u0131r. Bu nedenle bir yemek sandalyesinde, \u00f6zellikle daha [&hellip;]<\/p>\n","protected":false},"featured_media":4110,"comment_status":"closed","ping_status":"open","template":"","meta":{"_joinchat":[]},"product_cat":[167,79,37,150,151,168],"product_tag":[],"class_list":{"0":"post-4109","1":"product","2":"type-product","3":"status-publish","4":"has-post-thumbnail","6":"product_cat-ahsap-klasik-sandalye","7":"product_cat-ahsap-sandalye","8":"product_cat-ev-sandalyeleri","9":"product_cat-otel-sandalyeleri","10":"product_cat-restoran-sandalyeleri","11":"product_cat-yemek-sandalyesi","13":"first","14":"instock","15":"product-type-simple"},"_links":{"self":[{"href":"https:\/\/palmiyesusleme.com\/index.php\/wp-json\/wp\/v2\/product\/4109","targetHints":{"allow":["GET"]}}],"collection":[{"href":"https:\/\/palmiyesusleme.com\/index.php\/wp-json\/wp\/v2\/product"}],"about":[{"href":"https:\/\/palmiyesusleme.com\/index.php\/wp-json\/wp\/v2\/types\/product"}],"replies":[{"embeddable":true,"href":"https:\/\/palmiyesusleme.com\/index.php\/wp-json\/wp\/v2\/comments?post=4109"}],"wp:featuredmedia":[{"embeddable":true,"href":"https:\/\/palmiyesusleme.com\/index.php\/wp-json\/wp\/v2\/media\/4110"}],"wp:attachment":[{"href":"https:\/\/palmiyesusleme.com\/index.php\/wp-json\/wp\/v2\/media?parent=4109"}],"wp:term":[{"taxonomy":"product_cat","embeddable":true,"href":"https:\/\/palmiyesusleme.com\/index.php\/wp-json\/wp\/v2\/product_cat?post=4109"},{"taxonomy":"product_tag","embeddable":true,"href":"https:\/\/palmiyesusleme.com\/index.php\/wp-json\/wp\/v2\/product_tag?post=4109"}],"curies":[{"name":"wp","href":"https:\/\/api.w.org\/{rel}","templated":true}]}}