{"id":4246,"date":"2024-03-07T15:46:54","date_gmt":"2024-03-07T12:46:54","guid":{"rendered":"https:\/\/palmiyesusleme.com\/index.php\/urun\/kayin-katlanir-ahsap-sandalye\/"},"modified":"2024-03-07T15:46:59","modified_gmt":"2024-03-07T12:46:59","slug":"kayin-katlanir-ahsap-sandalye","status":"publish","type":"product","link":"https:\/\/palmiyesusleme.com\/index.php\/urun\/kayin-katlanir-ahsap-sandalye\/","title":{"rendered":"Kay\u0131n Katlan\u0131r Ah\u015fap Sandalye"},"content":{"rendered":"<p>&lt;h2 style=&quot;text-align: center; &quot;&gt;&lt;b&gt;Kay\u0131n Katlan\u0131r Ah\u015fap Sandalye&lt;\/b&gt;&lt;\/h2&gt;&lt;h2 style=&quot;text-align: center; &quot;&gt;&lt;b&gt;&lt;br&gt;&lt;\/b&gt;&lt;\/h2&gt;&lt;h2 style=&quot;font-family: &amp;quot;Open Sans&amp;quot;, sans-serif; color: rgb(84, 84, 84); text-align: center;&quot;&gt;&lt;img src=&quot;https:\/\/www.palmiyekocak.com\/image\/catalog\/urun\/katlanir-sandalye\/mini.png&quot; style=&quot;width: 600px;&quot;&gt;&lt;\/h2&gt;&lt;p style=&quot;font-family: &amp;quot;Open Sans&amp;quot;, sans-serif; color: rgb(84, 84, 84); text-align: center;&quot;&gt;&lt;br&gt;&lt;\/p&gt;&lt;p style=&quot;font-family: &amp;quot;Open Sans&amp;quot;, sans-serif; color: rgb(84, 84, 84); text-align: center;&quot;&gt;&lt;img src=&quot;https:\/\/www.palmiyekocak.com\/image\/catalog\/urun\/katlanir-sandalye\/mini2.png&quot; style=&quot;font-size: 27px; width: 600px;&quot;&gt;&lt;\/p&gt;&lt;h3 style=&quot;text-align: left; font-family: &amp;quot;Open Sans&amp;quot;, sans-serif; color: rgb(84, 84, 84);&quot;&gt;&lt;b&gt;&lt;a href=&quot;https:\/\/www.masa-masa.com\/product\/sarah-stencil-chair-teak&quot; target=&quot;_blank&quot;&gt;Kay\u0131n Katlan\u0131r Ah\u015fap Sandalye&lt;\/a&gt;&lt;\/b&gt;&lt;\/h3&gt;&lt;p style=&quot;font-family: &amp;quot;Open Sans&amp;quot;, sans-serif; color: rgb(84, 84, 84); text-align: center;&quot;&gt;&lt;br&gt;&lt;\/p&gt;&lt;blockquote style=&quot;text-align: center; &quot;&gt;Kay\u0131n Katlan\u0131r Ah\u015fap Sandalye, ya\u015fam alanlar\u0131m\u0131z\u0131n vazge\u00e7ilmez par\u00e7alar\u0131d\u0131r. Hem konforlu f\u0131rsat hemde estetik bir g\u00f6r\u00fcn\u00fcme sahip olmal\u0131d\u0131r. Kay\u0131n katlan\u0131r ah\u015fap sandalye, bu ihtiya\u00e7lar\u0131 kar\u015f\u0131lamak i\u00e7in ideal bir se\u00e7enektir. Bu makalede, kay\u0131n katlan\u0131r ah\u015fap sandalyenin oturma ve yaslanma yerlerinde kullan\u0131lan kuma\u015f\u0131n \u00f6zelliklerini ve sandalyenin sundu\u011fu avantajlar\u0131 ele alaca\u011f\u0131z.&lt;\/blockquote&gt;&lt;p style=&quot;text-align: center; &quot;&gt;&lt;br&gt;&lt;\/p&gt;&lt;h4&gt;&lt;ul&gt;&lt;li style=&quot;text-align: left;&quot;&gt;&lt;b&gt;Konforlu Oturma Deneyimi:&lt;\/b&gt;&lt;\/li&gt;&lt;\/ul&gt;&lt;\/h4&gt;&lt;blockquote style=&quot;text-align: center;&quot;&gt;Kay\u0131n katlan\u0131r ah\u015fap sandalyeler, oturma y\u00fczey ve s\u0131rt dayanak i\u00e7in \u00f6zenle se\u00f6ilen kuma\u015flarla donat\u0131lmakta. Kuma\u015f\u0131n yumu\u015fak dokusu ve ergonomik tasar\u0131m\u0131, uzun s\u00fcreli oturma s\u00fcrelerinde dahi konfor sa\u011flar. Sandalye, v\u00fccudun do\u011fal \u015feklini takip ederek destek sa\u011flar ve rahat bir oturma deneyimi sunar. Hem ev i\u00e7i kullan\u0131mda hem de ofislerde konforlu bir \u00e7al\u0131\u015fma veya dinlenme alan\u0131 olu\u015fturmak i\u00e7in ideal bir se\u00e7enektir.&lt;\/blockquote&gt;&lt;p style=&quot;text-align: center;&quot;&gt;&lt;br&gt;&lt;\/p&gt;&lt;h4&gt;&lt;ul&gt;&lt;li style=&quot;text-align: left;&quot;&gt;&lt;b&gt;Estetik Tasar\u0131m ve \u015e\u0131kl\u0131k:&lt;\/b&gt;&lt;\/li&gt;&lt;\/ul&gt;&lt;\/h4&gt;&lt;blockquote style=&quot;text-align: center;&quot;&gt;&lt;span style=&quot;font-family: &amp;quot;Open Sans&amp;quot;;&quot;&gt;Kay\u0131n katlan\u0131r ah\u015fap sandalyeler, estetik a\u00e7\u0131dan \u00e7ekici bir tasar\u0131ma sahiptir. Ah\u015fap iskeletin do\u011fal ve s\u0131cak g\u00f6r\u00fcn\u00fcm\u00fc, her t\u00fcrl\u00fc dekorasyon tarz\u0131na uyum sa\u011flar. Oturma ve yaslanma yerlerinde kullan\u0131lan kuma\u015flar ise sandalyeye \u015f\u0131kl\u0131k katar. Farkl\u0131 renk ve desen se\u00e7enekleriyle ki\u015fisel tercihlere uygun \u00e7e\u015fitlilik sunar. Bu sayede, sandalye evinize veya i\u015f yerinize zarif bir dokunu\u015f ekler.&lt;\/span&gt;&lt;\/blockquote&gt;&lt;p style=&quot;text-align: center;&quot;&gt;&lt;br&gt;&lt;\/p&gt;<\/p>\n","protected":false},"excerpt":{"rendered":"<p>&lt;h2 style=&quot;text-align: center; &quot;&gt;&lt;b&gt;Kay\u0131n Katlan\u0131r Ah\u015fap Sandalye&lt;\/b&gt;&lt;\/h2&gt;&lt;h2 style=&quot;text-align: center; &quot;&gt;&lt;b&gt;&lt;br&gt;&lt;\/b&gt;&lt;\/h2&gt;&lt;h2 style=&quot;font-family: &amp;quot;Open Sans&amp;quot;, sans-serif; color: rgb(84, 84, 84); text-align: center;&quot;&gt;&lt;img src=&quot;https:\/\/www.palmiyekocak.com\/image\/catalog\/urun\/katlanir-sandalye\/mini.png&quot; style=&quot;width: 600px;&quot;&gt;&lt;\/h2&gt;&lt;p style=&quot;font-family: &amp;quot;Open Sans&amp;quot;, sans-serif; color: rgb(84, 84, 84); text-align: center;&quot;&gt;&lt;br&gt;&lt;\/p&gt;&lt;p style=&quot;font-family: &amp;quot;Open Sans&amp;quot;, sans-serif; color: rgb(84, 84, 84); text-align: center;&quot;&gt;&lt;img src=&quot;https:\/\/www.palmiyekocak.com\/image\/catalog\/urun\/katlanir-sandalye\/mini2.png&quot; style=&quot;font-size: 27px; width: 600px;&quot;&gt;&lt;\/p&gt;&lt;h3 style=&quot;text-align: left; font-family: &amp;quot;Open Sans&amp;quot;, sans-serif; color: [&hellip;]<\/p>\n","protected":false},"featured_media":4247,"comment_status":"closed","ping_status":"open","template":"","meta":{"_joinchat":[]},"product_cat":[46],"product_tag":[],"class_list":{"0":"post-4246","1":"product","2":"type-product","3":"status-publish","4":"has-post-thumbnail","6":"product_cat-katlanir-sandalye","8":"first","9":"instock","10":"product-type-simple"},"_links":{"self":[{"href":"https:\/\/palmiyesusleme.com\/index.php\/wp-json\/wp\/v2\/product\/4246","targetHints":{"allow":["GET"]}}],"collection":[{"href":"https:\/\/palmiyesusleme.com\/index.php\/wp-json\/wp\/v2\/product"}],"about":[{"href":"https:\/\/palmiyesusleme.com\/index.php\/wp-json\/wp\/v2\/types\/product"}],"replies":[{"embeddable":true,"href":"https:\/\/palmiyesusleme.com\/index.php\/wp-json\/wp\/v2\/comments?post=4246"}],"wp:featuredmedia":[{"embeddable":true,"href":"https:\/\/palmiyesusleme.com\/index.php\/wp-json\/wp\/v2\/media\/4247"}],"wp:attachment":[{"href":"https:\/\/palmiyesusleme.com\/index.php\/wp-json\/wp\/v2\/media?parent=4246"}],"wp:term":[{"taxonomy":"product_cat","embeddable":true,"href":"https:\/\/palmiyesusleme.com\/index.php\/wp-json\/wp\/v2\/product_cat?post=4246"},{"taxonomy":"product_tag","embeddable":true,"href":"https:\/\/palmiyesusleme.com\/index.php\/wp-json\/wp\/v2\/product_tag?post=4246"}],"curies":[{"name":"wp","href":"https:\/\/api.w.org\/{rel}","templated":true}]}}