{"id":4482,"date":"2024-03-07T15:49:15","date_gmt":"2024-03-07T12:49:15","guid":{"rendered":"https:\/\/palmiyesusleme.com\/index.php\/urun\/kumas-dosemeli-klasik-kollu-sandalye\/"},"modified":"2024-03-07T15:49:20","modified_gmt":"2024-03-07T12:49:20","slug":"kumas-dosemeli-klasik-kollu-sandalye","status":"publish","type":"product","link":"https:\/\/palmiyesusleme.com\/index.php\/urun\/kumas-dosemeli-klasik-kollu-sandalye\/","title":{"rendered":"Kuma\u015f D\u00f6\u015femeli Klasik Kollu Sandalye"},"content":{"rendered":"<p>Salonunuz i&ccedil;in desenli kuma\u015f d&ouml;\u015femeli, sa\u011flam iskeletli uzun y\u0131llar kullanabilece\u011finiz kollu klasik model sandalyemiz&lt;hr&gt;Salonunuz i&ccedil;in desenli kuma\u015f d&ouml;\u015femeli, sa\u011flam iskeletli uzun y\u0131llar kullanabilece\u011finiz kollu klasik model sandalyemiz<\/p>\n","protected":false},"excerpt":{"rendered":"<p>Salonunuz i&ccedil;in desenli kuma\u015f d&ouml;\u015femeli, sa\u011flam iskeletli uzun y\u0131llar kullanabilece\u011finiz kollu klasik model sandalyemiz&lt;hr&gt;Salonunuz i&ccedil;in desenli kuma\u015f d&ouml;\u015femeli, sa\u011flam iskeletli uzun y\u0131llar kullanabilece\u011finiz kollu klasik model sandalyemiz<\/p>\n","protected":false},"featured_media":4483,"comment_status":"closed","ping_status":"open","template":"","meta":{"_joinchat":[]},"product_cat":[170,175],"product_tag":[],"class_list":{"0":"post-4482","1":"product","2":"type-product","3":"status-publish","4":"has-post-thumbnail","6":"product_cat-ahsap-klasik-kollu-sandalye","7":"product_cat-ahsap-rustik-kollu-sandalye","9":"first","10":"instock","11":"product-type-simple"},"_links":{"self":[{"href":"https:\/\/palmiyesusleme.com\/index.php\/wp-json\/wp\/v2\/product\/4482","targetHints":{"allow":["GET"]}}],"collection":[{"href":"https:\/\/palmiyesusleme.com\/index.php\/wp-json\/wp\/v2\/product"}],"about":[{"href":"https:\/\/palmiyesusleme.com\/index.php\/wp-json\/wp\/v2\/types\/product"}],"replies":[{"embeddable":true,"href":"https:\/\/palmiyesusleme.com\/index.php\/wp-json\/wp\/v2\/comments?post=4482"}],"wp:featuredmedia":[{"embeddable":true,"href":"https:\/\/palmiyesusleme.com\/index.php\/wp-json\/wp\/v2\/media\/4483"}],"wp:attachment":[{"href":"https:\/\/palmiyesusleme.com\/index.php\/wp-json\/wp\/v2\/media?parent=4482"}],"wp:term":[{"taxonomy":"product_cat","embeddable":true,"href":"https:\/\/palmiyesusleme.com\/index.php\/wp-json\/wp\/v2\/product_cat?post=4482"},{"taxonomy":"product_tag","embeddable":true,"href":"https:\/\/palmiyesusleme.com\/index.php\/wp-json\/wp\/v2\/product_tag?post=4482"}],"curies":[{"name":"wp","href":"https:\/\/api.w.org\/{rel}","templated":true}]}}