{"id":4712,"date":"2024-03-07T15:51:30","date_gmt":"2024-03-07T12:51:30","guid":{"rendered":"https:\/\/palmiyesusleme.com\/index.php\/urun\/ekonomik-dogal-kutuk-masif\/"},"modified":"2024-03-07T15:51:30","modified_gmt":"2024-03-07T12:51:30","slug":"ekonomik-dogal-kutuk-masif","status":"publish","type":"product","link":"https:\/\/palmiyesusleme.com\/index.php\/urun\/ekonomik-dogal-kutuk-masif\/","title":{"rendered":"Ekonomik Do\u011fal K\u00fct\u00fck Masif"},"content":{"rendered":"<p>Ekonomik Do\u011fal K&uuml;t&uuml;k Masif<\/p>\n","protected":false},"excerpt":{"rendered":"<p>Ekonomik Do\u011fal K&uuml;t&uuml;k Masif<\/p>\n","protected":false},"featured_media":4713,"comment_status":"closed","ping_status":"open","template":"","meta":{"_joinchat":[]},"product_cat":[177],"product_tag":[],"class_list":{"0":"post-4712","1":"product","2":"type-product","3":"status-publish","4":"has-post-thumbnail","6":"product_cat-kutuk-masalar","8":"first","9":"instock","10":"product-type-simple"},"_links":{"self":[{"href":"https:\/\/palmiyesusleme.com\/index.php\/wp-json\/wp\/v2\/product\/4712","targetHints":{"allow":["GET"]}}],"collection":[{"href":"https:\/\/palmiyesusleme.com\/index.php\/wp-json\/wp\/v2\/product"}],"about":[{"href":"https:\/\/palmiyesusleme.com\/index.php\/wp-json\/wp\/v2\/types\/product"}],"replies":[{"embeddable":true,"href":"https:\/\/palmiyesusleme.com\/index.php\/wp-json\/wp\/v2\/comments?post=4712"}],"wp:featuredmedia":[{"embeddable":true,"href":"https:\/\/palmiyesusleme.com\/index.php\/wp-json\/wp\/v2\/media\/4713"}],"wp:attachment":[{"href":"https:\/\/palmiyesusleme.com\/index.php\/wp-json\/wp\/v2\/media?parent=4712"}],"wp:term":[{"taxonomy":"product_cat","embeddable":true,"href":"https:\/\/palmiyesusleme.com\/index.php\/wp-json\/wp\/v2\/product_cat?post=4712"},{"taxonomy":"product_tag","embeddable":true,"href":"https:\/\/palmiyesusleme.com\/index.php\/wp-json\/wp\/v2\/product_tag?post=4712"}],"curies":[{"name":"wp","href":"https:\/\/api.w.org\/{rel}","templated":true}]}}