{"id":4933,"date":"2024-03-07T15:53:21","date_gmt":"2024-03-07T12:53:21","guid":{"rendered":"https:\/\/palmiyesusleme.com\/index.php\/urun\/beyaz-torna-ayakli-kare-tablali-masa\/"},"modified":"2024-03-07T15:53:30","modified_gmt":"2024-03-07T12:53:30","slug":"beyaz-torna-ayakli-kare-tablali-masa","status":"publish","type":"product","link":"https:\/\/palmiyesusleme.com\/index.php\/urun\/beyaz-torna-ayakli-kare-tablali-masa\/","title":{"rendered":"Beyaz Torna Ayakl\u0131 Kare Tablal\u0131 Masa"},"content":{"rendered":"<p>&lt;p&gt;Beyaz Torna Ayakl\u0131 Kare Tablal\u0131 Masa&lt;br&gt;&lt;\/p&gt;<\/p>\n","protected":false},"excerpt":{"rendered":"<p>&lt;p&gt;Beyaz Torna Ayakl\u0131 Kare Tablal\u0131 Masa&lt;br&gt;&lt;\/p&gt;<\/p>\n","protected":false},"featured_media":4934,"comment_status":"closed","ping_status":"open","template":"","meta":{"_joinchat":[]},"product_cat":[112,160,164],"product_tag":[],"class_list":{"0":"post-4933","1":"product","2":"type-product","3":"status-publish","4":"has-post-thumbnail","6":"product_cat-metal-ayakli-kare-masa","7":"product_cat-restoran-masalari","8":"product_cat-tornali-masa","10":"first","11":"instock","12":"product-type-simple"},"_links":{"self":[{"href":"https:\/\/palmiyesusleme.com\/index.php\/wp-json\/wp\/v2\/product\/4933","targetHints":{"allow":["GET"]}}],"collection":[{"href":"https:\/\/palmiyesusleme.com\/index.php\/wp-json\/wp\/v2\/product"}],"about":[{"href":"https:\/\/palmiyesusleme.com\/index.php\/wp-json\/wp\/v2\/types\/product"}],"replies":[{"embeddable":true,"href":"https:\/\/palmiyesusleme.com\/index.php\/wp-json\/wp\/v2\/comments?post=4933"}],"wp:featuredmedia":[{"embeddable":true,"href":"https:\/\/palmiyesusleme.com\/index.php\/wp-json\/wp\/v2\/media\/4934"}],"wp:attachment":[{"href":"https:\/\/palmiyesusleme.com\/index.php\/wp-json\/wp\/v2\/media?parent=4933"}],"wp:term":[{"taxonomy":"product_cat","embeddable":true,"href":"https:\/\/palmiyesusleme.com\/index.php\/wp-json\/wp\/v2\/product_cat?post=4933"},{"taxonomy":"product_tag","embeddable":true,"href":"https:\/\/palmiyesusleme.com\/index.php\/wp-json\/wp\/v2\/product_tag?post=4933"}],"curies":[{"name":"wp","href":"https:\/\/api.w.org\/{rel}","templated":true}]}}