{"id":616,"date":"2024-03-07T15:03:29","date_gmt":"2024-03-07T12:03:29","guid":{"rendered":"https:\/\/palmiyesusleme.com\/index.php\/urun\/yuvarlak-masa-aluminyum-sandalye-masa-takim\/"},"modified":"2024-03-07T15:03:32","modified_gmt":"2024-03-07T12:03:32","slug":"yuvarlak-masa-aluminyum-sandalye-masa-takim","status":"publish","type":"product","link":"https:\/\/palmiyesusleme.com\/index.php\/urun\/yuvarlak-masa-aluminyum-sandalye-masa-takim\/","title":{"rendered":"Yuvarlak Masa Al\u00fcminyum Sandalye Masa Tak\u0131m"},"content":{"rendered":"<p>&lt;p&gt;Yuvarlak Masa Al\u00fcminyum Sandalye Masa Tak\u0131m&lt;\/p&gt;&lt;p&gt;Masa :\u00a0&lt;a href=&quot;https:\/\/www.palmiyekocak.com\/aluminyum-masalar\/paslanmaz-yuvarlak-masa-amb01&quot; style=&quot;background-color: rgb(255, 255, 255);&quot;&gt;&lt;b&gt;Paslanmaz Yuvarlak Masa&lt;\/b&gt;&lt;\/a&gt;&lt;br&gt;&lt;\/p&gt;<\/p>\n","protected":false},"excerpt":{"rendered":"<p>&lt;p&gt;Yuvarlak Masa Al\u00fcminyum Sandalye Masa Tak\u0131m&lt;\/p&gt;&lt;p&gt;Masa :\u00a0&lt;a href=&quot;https:\/\/www.palmiyekocak.com\/aluminyum-masalar\/paslanmaz-yuvarlak-masa-amb01&quot; style=&quot;background-color: rgb(255, 255, 255);&quot;&gt;&lt;b&gt;Paslanmaz Yuvarlak Masa&lt;\/b&gt;&lt;\/a&gt;&lt;br&gt;&lt;\/p&gt;<\/p>\n","protected":false},"featured_media":617,"comment_status":"closed","ping_status":"open","template":"","meta":{"_joinchat":[]},"product_cat":[69,70],"product_tag":[],"class_list":{"0":"post-616","1":"product","2":"type-product","3":"status-publish","4":"has-post-thumbnail","6":"product_cat-aluminyum-sandalye-masa-takimi","7":"product_cat-balkon-sandalye-masa-takimlari","9":"first","10":"instock","11":"product-type-simple"},"_links":{"self":[{"href":"https:\/\/palmiyesusleme.com\/index.php\/wp-json\/wp\/v2\/product\/616","targetHints":{"allow":["GET"]}}],"collection":[{"href":"https:\/\/palmiyesusleme.com\/index.php\/wp-json\/wp\/v2\/product"}],"about":[{"href":"https:\/\/palmiyesusleme.com\/index.php\/wp-json\/wp\/v2\/types\/product"}],"replies":[{"embeddable":true,"href":"https:\/\/palmiyesusleme.com\/index.php\/wp-json\/wp\/v2\/comments?post=616"}],"wp:featuredmedia":[{"embeddable":true,"href":"https:\/\/palmiyesusleme.com\/index.php\/wp-json\/wp\/v2\/media\/617"}],"wp:attachment":[{"href":"https:\/\/palmiyesusleme.com\/index.php\/wp-json\/wp\/v2\/media?parent=616"}],"wp:term":[{"taxonomy":"product_cat","embeddable":true,"href":"https:\/\/palmiyesusleme.com\/index.php\/wp-json\/wp\/v2\/product_cat?post=616"},{"taxonomy":"product_tag","embeddable":true,"href":"https:\/\/palmiyesusleme.com\/index.php\/wp-json\/wp\/v2\/product_tag?post=616"}],"curies":[{"name":"wp","href":"https:\/\/api.w.org\/{rel}","templated":true}]}}