{"id":6339,"date":"2024-03-07T16:06:12","date_gmt":"2024-03-07T13:06:12","guid":{"rendered":"https:\/\/palmiyesusleme.com\/index.php\/urun\/kirmizi-desenli-dugun-salonu-banket-masa-ortusu\/"},"modified":"2024-03-07T16:06:12","modified_gmt":"2024-03-07T13:06:12","slug":"kirmizi-desenli-dugun-salonu-banket-masa-ortusu","status":"publish","type":"product","link":"https:\/\/palmiyesusleme.com\/index.php\/urun\/kirmizi-desenli-dugun-salonu-banket-masa-ortusu\/","title":{"rendered":"K\u0131rm\u0131z\u0131 Desenli D\u00fc\u011f\u00fcn Salonu Banket Masa \u00d6rt\u00fcs\u00fc"},"content":{"rendered":"<p>K\u0131rm\u0131z\u0131 Desenli D&uuml;\u011f&uuml;n Salonu Banket Masa &Ouml;rt&uuml;s&uuml;<\/p>\n","protected":false},"excerpt":{"rendered":"<p>K\u0131rm\u0131z\u0131 Desenli D&uuml;\u011f&uuml;n Salonu Banket Masa &Ouml;rt&uuml;s&uuml;<\/p>\n","protected":false},"featured_media":6340,"comment_status":"closed","ping_status":"open","template":"","meta":{"_joinchat":[]},"product_cat":[188],"product_tag":[],"class_list":{"0":"post-6339","1":"product","2":"type-product","3":"status-publish","4":"has-post-thumbnail","6":"product_cat-masa-ortusu","8":"first","9":"instock","10":"product-type-simple"},"_links":{"self":[{"href":"https:\/\/palmiyesusleme.com\/index.php\/wp-json\/wp\/v2\/product\/6339","targetHints":{"allow":["GET"]}}],"collection":[{"href":"https:\/\/palmiyesusleme.com\/index.php\/wp-json\/wp\/v2\/product"}],"about":[{"href":"https:\/\/palmiyesusleme.com\/index.php\/wp-json\/wp\/v2\/types\/product"}],"replies":[{"embeddable":true,"href":"https:\/\/palmiyesusleme.com\/index.php\/wp-json\/wp\/v2\/comments?post=6339"}],"wp:featuredmedia":[{"embeddable":true,"href":"https:\/\/palmiyesusleme.com\/index.php\/wp-json\/wp\/v2\/media\/6340"}],"wp:attachment":[{"href":"https:\/\/palmiyesusleme.com\/index.php\/wp-json\/wp\/v2\/media?parent=6339"}],"wp:term":[{"taxonomy":"product_cat","embeddable":true,"href":"https:\/\/palmiyesusleme.com\/index.php\/wp-json\/wp\/v2\/product_cat?post=6339"},{"taxonomy":"product_tag","embeddable":true,"href":"https:\/\/palmiyesusleme.com\/index.php\/wp-json\/wp\/v2\/product_tag?post=6339"}],"curies":[{"name":"wp","href":"https:\/\/api.w.org\/{rel}","templated":true}]}}