{"id":6345,"date":"2024-03-07T16:06:12","date_gmt":"2024-03-07T13:06:12","guid":{"rendered":"https:\/\/palmiyesusleme.com\/index.php\/urun\/turkuaz-desenli-banket-masa-dugun-davet-salonu-masa-ortusu\/"},"modified":"2024-03-07T16:06:15","modified_gmt":"2024-03-07T13:06:15","slug":"turkuaz-desenli-banket-masa-dugun-davet-salonu-masa-ortusu","status":"publish","type":"product","link":"https:\/\/palmiyesusleme.com\/index.php\/urun\/turkuaz-desenli-banket-masa-dugun-davet-salonu-masa-ortusu\/","title":{"rendered":"Turkuaz Desenli Banket Masa D\u00fc\u011f\u00fcn Davet Salonu Masa \u00d6rt\u00fcs\u00fc"},"content":{"rendered":"<p>Turkuaz Desenli Banket Masa D&uuml;\u011f&uuml;n Davet Salonu Masa &Ouml;rt&uuml;s&uuml;<\/p>\n","protected":false},"excerpt":{"rendered":"<p>Turkuaz Desenli Banket Masa D&uuml;\u011f&uuml;n Davet Salonu Masa &Ouml;rt&uuml;s&uuml;<\/p>\n","protected":false},"featured_media":6346,"comment_status":"closed","ping_status":"open","template":"","meta":{"_joinchat":[]},"product_cat":[188],"product_tag":[],"class_list":{"0":"post-6345","1":"product","2":"type-product","3":"status-publish","4":"has-post-thumbnail","6":"product_cat-masa-ortusu","8":"first","9":"instock","10":"product-type-simple"},"_links":{"self":[{"href":"https:\/\/palmiyesusleme.com\/index.php\/wp-json\/wp\/v2\/product\/6345","targetHints":{"allow":["GET"]}}],"collection":[{"href":"https:\/\/palmiyesusleme.com\/index.php\/wp-json\/wp\/v2\/product"}],"about":[{"href":"https:\/\/palmiyesusleme.com\/index.php\/wp-json\/wp\/v2\/types\/product"}],"replies":[{"embeddable":true,"href":"https:\/\/palmiyesusleme.com\/index.php\/wp-json\/wp\/v2\/comments?post=6345"}],"wp:featuredmedia":[{"embeddable":true,"href":"https:\/\/palmiyesusleme.com\/index.php\/wp-json\/wp\/v2\/media\/6346"}],"wp:attachment":[{"href":"https:\/\/palmiyesusleme.com\/index.php\/wp-json\/wp\/v2\/media?parent=6345"}],"wp:term":[{"taxonomy":"product_cat","embeddable":true,"href":"https:\/\/palmiyesusleme.com\/index.php\/wp-json\/wp\/v2\/product_cat?post=6345"},{"taxonomy":"product_tag","embeddable":true,"href":"https:\/\/palmiyesusleme.com\/index.php\/wp-json\/wp\/v2\/product_tag?post=6345"}],"curies":[{"name":"wp","href":"https:\/\/api.w.org\/{rel}","templated":true}]}}