{"id":7033,"date":"2024-03-07T16:11:54","date_gmt":"2024-03-07T13:11:54","guid":{"rendered":"https:\/\/palmiyesusleme.com\/index.php\/urun\/ahsap-oturma-yuzeyli-kollu-katlanir-metal-sandalye\/"},"modified":"2024-03-07T16:12:03","modified_gmt":"2024-03-07T13:12:03","slug":"ahsap-oturma-yuzeyli-kollu-katlanir-metal-sandalye","status":"publish","type":"product","link":"https:\/\/palmiyesusleme.com\/index.php\/urun\/ahsap-oturma-yuzeyli-kollu-katlanir-metal-sandalye\/","title":{"rendered":"Ah\u015fap Oturma Y\u00fczeyli Kollu Katlan\u0131r Metal Sandalye"},"content":{"rendered":"<p>Metal iskeletli, oturma ve kol y&uuml;zeyleri ah\u015fap olarak tasarlanm\u0131\u015f i&ccedil; ve d\u0131\u015f mekanda kullanabilece\u011finiz katlanabilir bir sandalye&lt;hr&gt;Ah\u015fap Oturma y&uuml;zeyi ile rahat oturum sunan sandalyemiz katlanabilir &ouml;zelli\u011fi sayesinde yer kaplamaz.<\/p>\n","protected":false},"excerpt":{"rendered":"<p>Metal iskeletli, oturma ve kol y&uuml;zeyleri ah\u015fap olarak tasarlanm\u0131\u015f i&ccedil; ve d\u0131\u015f mekanda kullanabilece\u011finiz katlanabilir bir sandalye&lt;hr&gt;Ah\u015fap Oturma y&uuml;zeyi ile rahat oturum sunan sandalyemiz katlanabilir &ouml;zelli\u011fi sayesinde yer kaplamaz.<\/p>\n","protected":false},"featured_media":7034,"comment_status":"closed","ping_status":"open","template":"","meta":{"_joinchat":[]},"product_cat":[46],"product_tag":[],"class_list":{"0":"post-7033","1":"product","2":"type-product","3":"status-publish","4":"has-post-thumbnail","6":"product_cat-katlanir-sandalye","8":"first","9":"instock","10":"product-type-simple"},"_links":{"self":[{"href":"https:\/\/palmiyesusleme.com\/index.php\/wp-json\/wp\/v2\/product\/7033","targetHints":{"allow":["GET"]}}],"collection":[{"href":"https:\/\/palmiyesusleme.com\/index.php\/wp-json\/wp\/v2\/product"}],"about":[{"href":"https:\/\/palmiyesusleme.com\/index.php\/wp-json\/wp\/v2\/types\/product"}],"replies":[{"embeddable":true,"href":"https:\/\/palmiyesusleme.com\/index.php\/wp-json\/wp\/v2\/comments?post=7033"}],"wp:featuredmedia":[{"embeddable":true,"href":"https:\/\/palmiyesusleme.com\/index.php\/wp-json\/wp\/v2\/media\/7034"}],"wp:attachment":[{"href":"https:\/\/palmiyesusleme.com\/index.php\/wp-json\/wp\/v2\/media?parent=7033"}],"wp:term":[{"taxonomy":"product_cat","embeddable":true,"href":"https:\/\/palmiyesusleme.com\/index.php\/wp-json\/wp\/v2\/product_cat?post=7033"},{"taxonomy":"product_tag","embeddable":true,"href":"https:\/\/palmiyesusleme.com\/index.php\/wp-json\/wp\/v2\/product_tag?post=7033"}],"curies":[{"name":"wp","href":"https:\/\/api.w.org\/{rel}","templated":true}]}}