{"id":7513,"date":"2024-03-07T16:16:19","date_gmt":"2024-03-07T13:16:19","guid":{"rendered":"https:\/\/palmiyesusleme.com\/index.php\/urun\/acik-mese-boyali-kontrali-tonet-sandalye\/"},"modified":"2024-03-07T16:16:40","modified_gmt":"2024-03-07T13:16:40","slug":"acik-mese-boyali-kontrali-tonet-sandalye","status":"publish","type":"product","link":"https:\/\/palmiyesusleme.com\/index.php\/urun\/acik-mese-boyali-kontrali-tonet-sandalye\/","title":{"rendered":"A\u00e7\u0131k Me\u015fe Boyal\u0131 Kontral\u0131 Tonet Sandalye"},"content":{"rendered":"<p>A\u00e7\u0131k Me\u015fe Boyal\u0131 Kontral\u0131 Tonet Sandalye &#8211; myst10 &#8211; Ah\u015fap Sandalye<\/p>\n","protected":false},"excerpt":{"rendered":"<p>A\u00e7\u0131k Me\u015fe Boyal\u0131 Kontral\u0131 Tonet Sandalye &#8211; myst10 &#8211; Ah\u015fap Sandalye<\/p>\n","protected":false},"featured_media":7514,"comment_status":"closed","ping_status":"open","template":"","meta":{"_joinchat":[]},"product_cat":[38],"product_tag":[],"class_list":{"0":"post-7513","1":"product","2":"type-product","3":"status-publish","4":"has-post-thumbnail","6":"product_cat-ahsap-tonet-sandalye","8":"first","9":"instock","10":"product-type-simple"},"_links":{"self":[{"href":"https:\/\/palmiyesusleme.com\/index.php\/wp-json\/wp\/v2\/product\/7513","targetHints":{"allow":["GET"]}}],"collection":[{"href":"https:\/\/palmiyesusleme.com\/index.php\/wp-json\/wp\/v2\/product"}],"about":[{"href":"https:\/\/palmiyesusleme.com\/index.php\/wp-json\/wp\/v2\/types\/product"}],"replies":[{"embeddable":true,"href":"https:\/\/palmiyesusleme.com\/index.php\/wp-json\/wp\/v2\/comments?post=7513"}],"wp:featuredmedia":[{"embeddable":true,"href":"https:\/\/palmiyesusleme.com\/index.php\/wp-json\/wp\/v2\/media\/7514"}],"wp:attachment":[{"href":"https:\/\/palmiyesusleme.com\/index.php\/wp-json\/wp\/v2\/media?parent=7513"}],"wp:term":[{"taxonomy":"product_cat","embeddable":true,"href":"https:\/\/palmiyesusleme.com\/index.php\/wp-json\/wp\/v2\/product_cat?post=7513"},{"taxonomy":"product_tag","embeddable":true,"href":"https:\/\/palmiyesusleme.com\/index.php\/wp-json\/wp\/v2\/product_tag?post=7513"}],"curies":[{"name":"wp","href":"https:\/\/api.w.org\/{rel}","templated":true}]}}