{"id":7523,"date":"2024-03-07T16:16:19","date_gmt":"2024-03-07T13:16:19","guid":{"rendered":"https:\/\/palmiyesusleme.com\/index.php\/urun\/cafe-sandalyesi-ahsap-kumas-dosemeli-2\/"},"modified":"2024-03-07T16:16:45","modified_gmt":"2024-03-07T13:16:45","slug":"cafe-sandalyesi-ahsap-kumas-dosemeli-2","status":"publish","type":"product","link":"https:\/\/palmiyesusleme.com\/index.php\/urun\/cafe-sandalyesi-ahsap-kumas-dosemeli-2\/","title":{"rendered":"Cafe Sandalyesi Ah\u015fap Kuma\u015f D\u00f6\u015femeli"},"content":{"rendered":"<p>Cafe Sandalyesi Ah\u015fap Kuma\u015f D&ouml;\u015femeli<\/p>\n","protected":false},"excerpt":{"rendered":"<p>Cafe Sandalyesi Ah\u015fap Kuma\u015f D&ouml;\u015femeli<\/p>\n","protected":false},"featured_media":7524,"comment_status":"closed","ping_status":"open","template":"","meta":{"_joinchat":[]},"product_cat":[182,172],"product_tag":[],"class_list":{"0":"post-7523","1":"product","2":"type-product","3":"status-publish","4":"has-post-thumbnail","6":"product_cat-ahsap-modern-sandalye","7":"product_cat-cafe-sandalyeleri","9":"first","10":"instock","11":"product-type-simple"},"_links":{"self":[{"href":"https:\/\/palmiyesusleme.com\/index.php\/wp-json\/wp\/v2\/product\/7523","targetHints":{"allow":["GET"]}}],"collection":[{"href":"https:\/\/palmiyesusleme.com\/index.php\/wp-json\/wp\/v2\/product"}],"about":[{"href":"https:\/\/palmiyesusleme.com\/index.php\/wp-json\/wp\/v2\/types\/product"}],"replies":[{"embeddable":true,"href":"https:\/\/palmiyesusleme.com\/index.php\/wp-json\/wp\/v2\/comments?post=7523"}],"wp:featuredmedia":[{"embeddable":true,"href":"https:\/\/palmiyesusleme.com\/index.php\/wp-json\/wp\/v2\/media\/7524"}],"wp:attachment":[{"href":"https:\/\/palmiyesusleme.com\/index.php\/wp-json\/wp\/v2\/media?parent=7523"}],"wp:term":[{"taxonomy":"product_cat","embeddable":true,"href":"https:\/\/palmiyesusleme.com\/index.php\/wp-json\/wp\/v2\/product_cat?post=7523"},{"taxonomy":"product_tag","embeddable":true,"href":"https:\/\/palmiyesusleme.com\/index.php\/wp-json\/wp\/v2\/product_tag?post=7523"}],"curies":[{"name":"wp","href":"https:\/\/api.w.org\/{rel}","templated":true}]}}