{"id":7876,"date":"2024-03-07T16:19:09","date_gmt":"2024-03-07T13:19:09","guid":{"rendered":"https:\/\/palmiyesusleme.com\/index.php\/urun\/cift-renk-baskili-siyah-boyali-ahsap-retro-ayakli-yuzuklu-plastik-sandalye\/"},"modified":"2024-03-07T16:19:21","modified_gmt":"2024-03-07T13:19:21","slug":"cift-renk-baskili-siyah-boyali-ahsap-retro-ayakli-yuzuklu-plastik-sandalye","status":"publish","type":"product","link":"https:\/\/palmiyesusleme.com\/index.php\/urun\/cift-renk-baskili-siyah-boyali-ahsap-retro-ayakli-yuzuklu-plastik-sandalye\/","title":{"rendered":"\u00c7ift Renk Bask\u0131l\u0131 Siyah Boyal\u0131 Ah\u015fap Retro Ayakl\u0131 Y\u00fcz\u00fckl\u00fc Plastik Sandalye"},"content":{"rendered":"<p>Beyaz Petrol Ye\u015fili \u00c7ift Renk Bask\u0131l\u0131 Siyah Boyal\u0131 Ah\u015fap Retro Ayakl\u0131 Y\u00fcz\u00fckl\u00fc Plastik Sandalye&lt;div class=&quot;col-lg-12&quot;&gt;<br \/>\n&lt;img src=&quot;https:\/\/www.palmiyekocak.com\/image\/catalog\/urun-olcu-resimleri\/olcu-pls101a.jpg&quot; class=&quot;img-responsive center-block&quot;&gt;<br \/>\n &lt;\/div&gt;<br \/>\n&lt;div class=&quot;col-lg-12&quot;&gt;<br \/>\n&lt;img src=&quot;https:\/\/www.palmiyekocak.com\/image\/catalog\/urun-detay-resimleri\/plastik-sandalye-ahsap-retro-ayakli-dekorasyon-pls101a.jpg&quot; class=&quot;img-responsive center-block&quot;&gt;<br \/>\n&lt;\/div&gt;<\/p>\n","protected":false},"excerpt":{"rendered":"<p>Beyaz Petrol Ye\u015fili \u00c7ift Renk Bask\u0131l\u0131 Siyah Boyal\u0131 Ah\u015fap Retro Ayakl\u0131 Y\u00fcz\u00fckl\u00fc Plastik Sandalye&lt;div class=&quot;col-lg-12&quot;&gt; &lt;img src=&quot;https:\/\/www.palmiyekocak.com\/image\/catalog\/urun-olcu-resimleri\/olcu-pls101a.jpg&quot; class=&quot;img-responsive center-block&quot;&gt; &lt;\/div&gt; &lt;div class=&quot;col-lg-12&quot;&gt; &lt;img src=&quot;https:\/\/www.palmiyekocak.com\/image\/catalog\/urun-detay-resimleri\/plastik-sandalye-ahsap-retro-ayakli-dekorasyon-pls101a.jpg&quot; class=&quot;img-responsive center-block&quot;&gt; &lt;\/div&gt;<\/p>\n","protected":false},"featured_media":7877,"comment_status":"closed","ping_status":"open","template":"","meta":{"_joinchat":[]},"product_cat":[153],"product_tag":[],"class_list":{"0":"post-7876","1":"product","2":"type-product","3":"status-publish","4":"has-post-thumbnail","6":"product_cat-plastik-sandalye","8":"first","9":"instock","10":"product-type-simple"},"_links":{"self":[{"href":"https:\/\/palmiyesusleme.com\/index.php\/wp-json\/wp\/v2\/product\/7876","targetHints":{"allow":["GET"]}}],"collection":[{"href":"https:\/\/palmiyesusleme.com\/index.php\/wp-json\/wp\/v2\/product"}],"about":[{"href":"https:\/\/palmiyesusleme.com\/index.php\/wp-json\/wp\/v2\/types\/product"}],"replies":[{"embeddable":true,"href":"https:\/\/palmiyesusleme.com\/index.php\/wp-json\/wp\/v2\/comments?post=7876"}],"wp:featuredmedia":[{"embeddable":true,"href":"https:\/\/palmiyesusleme.com\/index.php\/wp-json\/wp\/v2\/media\/7877"}],"wp:attachment":[{"href":"https:\/\/palmiyesusleme.com\/index.php\/wp-json\/wp\/v2\/media?parent=7876"}],"wp:term":[{"taxonomy":"product_cat","embeddable":true,"href":"https:\/\/palmiyesusleme.com\/index.php\/wp-json\/wp\/v2\/product_cat?post=7876"},{"taxonomy":"product_tag","embeddable":true,"href":"https:\/\/palmiyesusleme.com\/index.php\/wp-json\/wp\/v2\/product_tag?post=7876"}],"curies":[{"name":"wp","href":"https:\/\/api.w.org\/{rel}","templated":true}]}}