{"id":7996,"date":"2024-03-07T16:20:04","date_gmt":"2024-03-07T13:20:04","guid":{"rendered":"https:\/\/palmiyesusleme.com\/index.php\/urun\/eloksalli-aluminyum-ayakli-cam-elyafli-kirmizi-plastik-sandalye-2\/"},"modified":"2024-03-07T16:20:15","modified_gmt":"2024-03-07T13:20:15","slug":"eloksalli-aluminyum-ayakli-cam-elyafli-kirmizi-plastik-sandalye-2","status":"publish","type":"product","link":"https:\/\/palmiyesusleme.com\/index.php\/urun\/eloksalli-aluminyum-ayakli-cam-elyafli-kirmizi-plastik-sandalye-2\/","title":{"rendered":"Eloksall\u0131 Al\u00fcminyum Ayakl\u0131 Cam Elyafl\u0131 K\u0131rm\u0131z\u0131 Plastik Sandalye"},"content":{"rendered":"<p>&lt;p&gt;&lt;p&gt;&lt;b&gt;Eloksall\u0131 Al\u00fcminyum Ayakl\u0131 Cam Elyafl\u0131 K\u0131rm\u0131z\u0131 Plastik Sandalye&lt;\/b&gt;&lt;\/p&gt;&lt;p&gt;&lt;br&gt;&lt;\/p&gt;&lt;p&gt;T\u00fcm Mekanlara Uyum Sa\u011flar! Cafe, Otel, Bah\u00e7e, Restoran, Ev, Mutfak, Balkon, Teras, Havuz Kenar\u0131 ve di\u011fer t\u00fcm \u0130\u00e7 ve D\u0131\u015f Mekanlar i\u00e7in kullan\u0131m\u0131 idealdir. Sandalyenin \u00fcretiminde cam elyafl\u0131 ham madde kullan\u0131lm\u0131\u015ft\u0131r. Eloksall\u0131 al\u00fcminyum ayaklar ile kaymay\u0131 engelleme. Kaliteli \u015f\u0131k ve dekoratiftir, g\u00f6rselli\u011fiyle bulundu\u011fu mekana de\u011fer katar ve s\u0131ra d\u0131\u015f\u0131 bir g\u00f6r\u00fcn\u00fcme kavu\u015fturur. \u00dcr\u00fcn terletme yapmaz, hava ge\u00e7irgenli\u011fi vard\u0131r. Y\u00fczeyde kaplanan UV filtreleri ile g\u00fcne\u015f \u0131\u015f\u0131nlar\u0131na kar\u015f\u0131 dayan\u0131kl\u0131d\u0131r. &lt;b&gt;Eloksall\u0131 Al\u00fcminyum Ayakl\u0131 Cam Elyafl\u0131 K\u0131rm\u0131z\u0131 Plastik Sandalye&lt;\/b&gt; Kendine \u00f6zg\u00fc \u00f6zel Tasar\u0131m \u00fcr\u00fcn\u00fcd\u00fcr. Kolay temizlenebilir. \u00c7oklu renk se\u00e7enekleriyle t\u00fcm mekanlarda tam hakimiyet sa\u011flar. Farkl\u0131 tasar\u0131m masalarla uyum sa\u011flar. UV Koruma sayesinde g\u00fcne\u015f \u0131\u015f\u0131nlar\u0131ndan etkilenmez. &lt;b&gt;Eloksall\u0131 Al\u00fcminyum Ayakl\u0131 Cam Elyafl\u0131 K\u0131rm\u0131z\u0131 Plastik Sandalye&lt;\/b&gt; Sert hava ko\u015fullar\u0131nda so\u011fuk ve s\u0131ca\u011fa dayan\u0131kl\u0131d\u0131r. Y\u0131kanabilir, \u00fcst \u00fcste kolay istiflenir.&lt;\/p&gt;<br \/>\n&lt;\/p&gt;&lt;p&gt;&lt;br&gt;&lt;\/p&gt;&lt;p&gt;\u00d6l\u00e7\u00fcler : 55x58x82cm&lt;\/p&gt;&lt;p&gt;Kullan\u0131m Alanlar\u0131 : Ev, D\u0131\u015f Mekan, \u0130\u00e7 Mekan, Cafe, Bah\u00e7e&lt;\/p&gt;&lt;p&gt;Garanti : 2 Y\u0131l&lt;\/p&gt;&lt;p&gt;&lt;img src=&quot;https:\/\/www.palmiyekocak.com\/image\/catalog\/update\/eloksalli-aluminyum-ayakli-cam-elyafli-kirmizi-plastik-sandalye.jpg&quot; style=&quot;width: 274.8px; height: 347.389px;&quot;&gt;&lt;\/p&gt;<\/p>\n","protected":false},"excerpt":{"rendered":"<p>&lt;p&gt;&lt;p&gt;&lt;b&gt;Eloksall\u0131 Al\u00fcminyum Ayakl\u0131 Cam Elyafl\u0131 K\u0131rm\u0131z\u0131 Plastik Sandalye&lt;\/b&gt;&lt;\/p&gt;&lt;p&gt;&lt;br&gt;&lt;\/p&gt;&lt;p&gt;T\u00fcm Mekanlara Uyum Sa\u011flar! Cafe, Otel, Bah\u00e7e, Restoran, Ev, Mutfak, Balkon, Teras, Havuz Kenar\u0131 ve di\u011fer t\u00fcm \u0130\u00e7 ve D\u0131\u015f Mekanlar i\u00e7in kullan\u0131m\u0131 idealdir. Sandalyenin \u00fcretiminde cam elyafl\u0131 ham madde kullan\u0131lm\u0131\u015ft\u0131r. Eloksall\u0131 al\u00fcminyum ayaklar ile kaymay\u0131 engelleme. Kaliteli \u015f\u0131k ve dekoratiftir, g\u00f6rselli\u011fiyle bulundu\u011fu mekana de\u011fer katar ve s\u0131ra [&hellip;]<\/p>\n","protected":false},"featured_media":7997,"comment_status":"closed","ping_status":"open","template":"","meta":{"_joinchat":[]},"product_cat":[154,155,153,201],"product_tag":[],"class_list":{"0":"post-7996","1":"product","2":"type-product","3":"status-publish","4":"has-post-thumbnail","6":"product_cat-ic-mekan-plastik-sandalye","7":"product_cat-plastik-bahce-sandalyesi","8":"product_cat-plastik-sandalye","9":"product_cat-plastik-sandalye-fiyatlari","11":"first","12":"instock","13":"product-type-simple"},"_links":{"self":[{"href":"https:\/\/palmiyesusleme.com\/index.php\/wp-json\/wp\/v2\/product\/7996","targetHints":{"allow":["GET"]}}],"collection":[{"href":"https:\/\/palmiyesusleme.com\/index.php\/wp-json\/wp\/v2\/product"}],"about":[{"href":"https:\/\/palmiyesusleme.com\/index.php\/wp-json\/wp\/v2\/types\/product"}],"replies":[{"embeddable":true,"href":"https:\/\/palmiyesusleme.com\/index.php\/wp-json\/wp\/v2\/comments?post=7996"}],"wp:featuredmedia":[{"embeddable":true,"href":"https:\/\/palmiyesusleme.com\/index.php\/wp-json\/wp\/v2\/media\/7997"}],"wp:attachment":[{"href":"https:\/\/palmiyesusleme.com\/index.php\/wp-json\/wp\/v2\/media?parent=7996"}],"wp:term":[{"taxonomy":"product_cat","embeddable":true,"href":"https:\/\/palmiyesusleme.com\/index.php\/wp-json\/wp\/v2\/product_cat?post=7996"},{"taxonomy":"product_tag","embeddable":true,"href":"https:\/\/palmiyesusleme.com\/index.php\/wp-json\/wp\/v2\/product_tag?post=7996"}],"curies":[{"name":"wp","href":"https:\/\/api.w.org\/{rel}","templated":true}]}}