{"id":8092,"date":"2024-03-07T16:20:55","date_gmt":"2024-03-07T13:20:55","guid":{"rendered":"https:\/\/palmiyesusleme.com\/index.php\/urun\/tonik-metal-ayakli-ahsap-mdf-lam-kompak-verzalit-tablali-masa\/"},"modified":"2024-03-07T16:20:58","modified_gmt":"2024-03-07T13:20:58","slug":"tonik-metal-ayakli-ahsap-mdf-lam-kompak-verzalit-tablali-masa","status":"publish","type":"product","link":"https:\/\/palmiyesusleme.com\/index.php\/urun\/tonik-metal-ayakli-ahsap-mdf-lam-kompak-verzalit-tablali-masa\/","title":{"rendered":"TON\u0130K METAL AYAKLI AH\u015eAP MDF LAM KOMPAK VERZAL\u0130T TABLALI MASA"},"content":{"rendered":"<p>&lt;h3&gt;TON\u0130K METAL AYAKLI AH\u015eAP MDF LAM KOMPAK VERZAL\u0130T TABLALI MASA&amp;nbsp;&lt;\/h3&gt;&lt;p class=&quot;MsoNormal&quot; style=&quot;margin: 15pt 0cm; line-height: normal; background-image: initial; background-position: initial; background-size: initial; background-repeat: initial; background-attachment: initial; background-origin: initial; background-clip: initial;&quot;&gt;&lt;span style=&quot;font-size: 12pt; font-family: &amp;quot;Times New Roman&amp;quot;, serif;&quot;&gt;&lt;span style=&quot;font-family: &amp;quot;Open Sans&amp;quot;;&quot;&gt;Tonik Metal Ayakl\u0131 Ah\u015fap MDF Lam Kompak<br \/>\nVerzalit Tablal\u0131 Masa, modern ve \u015f\u0131k bir tasar\u0131ma sahip olan dayan\u0131kl\u0131 bir<br \/>\nmobilya par\u00e7as\u0131d\u0131r. Bu masa, farkl\u0131 malzemelerin birle\u015fimiyle \u00fcretilmi\u015f \u00f6zel<br \/>\nbir tasar\u0131ma sahiptir. \u0130\u015fte bu masa ile ilgili daha fazla detay:&lt;\/span&gt;&lt;o:p&gt;&lt;\/o:p&gt;&lt;\/span&gt;&lt;\/p&gt;&lt;blockquote&gt;&lt;ul&gt;&lt;li style=&quot;margin-bottom: 0.0001pt; line-height: normal; background-image: initial; background-position: initial; background-size: initial; background-repeat: initial; background-attachment: initial; background-origin: initial; background-clip: initial;&quot;&gt;&lt;span style=&quot;font-size: 12pt; font-family: &amp;quot;Times New Roman&amp;quot;, serif;&quot;&gt;&lt;span style=&quot;font-family: &amp;quot;Open Sans&amp;quot;;&quot;&gt;&lt;b&gt;Tasar\u0131m<br \/>\nve Estetik:&lt;\/b&gt; Tonik Metal Ayakl\u0131 Ah\u015fap MDF Lam Kompak Verzalit Tablal\u0131 Masa,<br \/>\nmetal ayaklar ve ah\u015fap MDF lam kompak verzalit tablas\u0131n\u0131n birle\u015fimiyle g\u00f6z<br \/>\nal\u0131c\u0131 bir g\u00f6r\u00fcn\u00fcm sunar. Metal ayaklar, dayan\u0131kl\u0131 bir yap\u0131ya sahip olup, modern<br \/>\nbir tarz\u0131 temsil ederken, ah\u015fap MDF lam kompak verzalit tablas\u0131, do\u011fal ah\u015fab\u0131n<br \/>\ns\u0131cakl\u0131\u011f\u0131n\u0131 ve esteti\u011fini yans\u0131t\u0131r. Bu kombinasyon, masaya \u015f\u0131kl\u0131k ve zarafet<br \/>\nkatar.&lt;\/span&gt;&lt;\/span&gt;&lt;\/li&gt;&lt;\/ul&gt;&lt;ul&gt;&lt;li style=&quot;margin-bottom: 0.0001pt; line-height: normal; background-image: initial; background-position: initial; background-size: initial; background-repeat: initial; background-attachment: initial; background-origin: initial; background-clip: initial;&quot;&gt;&lt;span style=&quot;font-size: 12pt; font-family: &amp;quot;Times New Roman&amp;quot;, serif;&quot;&gt;&lt;span style=&quot;font-family: &amp;quot;Open Sans&amp;quot;;&quot;&gt;&lt;b&gt;Dayan\u0131kl\u0131l\u0131k:&lt;\/b&gt;<br \/>\nTonik Metal Ayakl\u0131 Ah\u015fap MDF Lam Kompak Verzalit Tablal\u0131 Masa, sa\u011flam ve<br \/>\ndayan\u0131kl\u0131 bir yap\u0131ya sahiptir. Metal ayaklar, masaya sa\u011flaml\u0131k ve stabilite<br \/>\nsa\u011flar. Ah\u015fap MDF lam kompak verzalit tablas\u0131 ise \u00e7izilmelere, lekelere ve<br \/>\ndarbelere kar\u015f\u0131 dayan\u0131kl\u0131 bir y\u00fczey sunar. Bu \u00f6zellikler, masan\u0131n uzun s\u00fcreli<br \/>\nkullan\u0131mda dayan\u0131kl\u0131l\u0131\u011f\u0131n\u0131 korumas\u0131na yard\u0131mc\u0131 olur.&lt;\/span&gt;&lt;\/span&gt;&lt;\/li&gt;&lt;\/ul&gt;&lt;ul&gt;&lt;li style=&quot;margin-bottom: 0.0001pt; line-height: normal; background-image: initial; background-position: initial; background-size: initial; background-repeat: initial; background-attachment: initial; background-origin: initial; background-clip: initial;&quot;&gt;&lt;span style=&quot;font-size: 12pt; font-family: &amp;quot;Times New Roman&amp;quot;, serif;&quot;&gt;&lt;span style=&quot;font-family: &amp;quot;Open Sans&amp;quot;;&quot;&gt;&lt;b&gt;\u00c7ok<br \/>\nY\u00f6nl\u00fcl\u00fck:&lt;\/b&gt; Tonik Metal Ayakl\u0131 Ah\u015fap MDF Lam Kompak Verzalit Tablal\u0131 Masa, \u00e7ok<br \/>\ny\u00f6nl\u00fc bir mobilya par\u00e7as\u0131d\u0131r. Yemek masas\u0131 olarak kullan\u0131labilece\u011fi gibi, ofis<br \/>\nortamlar\u0131nda toplant\u0131 masas\u0131 veya \u00e7al\u0131\u015fma masas\u0131 olarak da kullan\u0131labilir.<br \/>\nAyr\u0131ca, kafe, restoran veya otel gibi ticari mekanlarda da \u015f\u0131k bir se\u00e7enek<br \/>\nolabilir. Bu masa, farkl\u0131 kullan\u0131m ihtiya\u00e7lar\u0131na uyum sa\u011flayarak pratik bir<br \/>\n\u00e7\u00f6z\u00fcm sunar.&lt;\/span&gt;&lt;\/span&gt;&lt;\/li&gt;&lt;\/ul&gt;&lt;\/blockquote&gt;&lt;p&gt;<\/p>\n<p>&lt;\/p&gt;&lt;p&gt;&lt;img src=&quot;https:\/\/www.palmiyekocak.com\/image\/catalog\/masa\/22-min%20(1mini.png&quot; style=&quot;width: 1196px;&quot;&gt;&lt;br&gt;&lt;\/p&gt;&lt;p&gt;&lt;br&gt;&lt;\/p&gt;<\/p>\n","protected":false},"excerpt":{"rendered":"<p>&lt;h3&gt;TON\u0130K METAL AYAKLI AH\u015eAP MDF LAM KOMPAK VERZAL\u0130T TABLALI MASA&amp;nbsp;&lt;\/h3&gt;&lt;p class=&quot;MsoNormal&quot; style=&quot;margin: 15pt 0cm; line-height: normal; background-image: initial; background-position: initial; background-size: initial; background-repeat: initial; background-attachment: initial; background-origin: initial; background-clip: initial;&quot;&gt;&lt;span style=&quot;font-size: 12pt; font-family: &amp;quot;Times New Roman&amp;quot;, serif;&quot;&gt;&lt;span style=&quot;font-family: &amp;quot;Open Sans&amp;quot;;&quot;&gt;Tonik Metal Ayakl\u0131 Ah\u015fap MDF Lam Kompak Verzalit Tablal\u0131 Masa, modern ve \u015f\u0131k bir tasar\u0131ma sahip [&hellip;]<\/p>\n","protected":false},"featured_media":8093,"comment_status":"closed","ping_status":"open","template":"","meta":{"_joinchat":[]},"product_cat":[110,109,112],"product_tag":[],"class_list":{"0":"post-8092","1":"product","2":"type-product","3":"status-publish","4":"has-post-thumbnail","6":"product_cat-cafe-masalari","7":"product_cat-kompakt-masa","8":"product_cat-metal-ayakli-kare-masa","10":"first","11":"instock","12":"product-type-simple"},"_links":{"self":[{"href":"https:\/\/palmiyesusleme.com\/index.php\/wp-json\/wp\/v2\/product\/8092","targetHints":{"allow":["GET"]}}],"collection":[{"href":"https:\/\/palmiyesusleme.com\/index.php\/wp-json\/wp\/v2\/product"}],"about":[{"href":"https:\/\/palmiyesusleme.com\/index.php\/wp-json\/wp\/v2\/types\/product"}],"replies":[{"embeddable":true,"href":"https:\/\/palmiyesusleme.com\/index.php\/wp-json\/wp\/v2\/comments?post=8092"}],"wp:featuredmedia":[{"embeddable":true,"href":"https:\/\/palmiyesusleme.com\/index.php\/wp-json\/wp\/v2\/media\/8093"}],"wp:attachment":[{"href":"https:\/\/palmiyesusleme.com\/index.php\/wp-json\/wp\/v2\/media?parent=8092"}],"wp:term":[{"taxonomy":"product_cat","embeddable":true,"href":"https:\/\/palmiyesusleme.com\/index.php\/wp-json\/wp\/v2\/product_cat?post=8092"},{"taxonomy":"product_tag","embeddable":true,"href":"https:\/\/palmiyesusleme.com\/index.php\/wp-json\/wp\/v2\/product_tag?post=8092"}],"curies":[{"name":"wp","href":"https:\/\/api.w.org\/{rel}","templated":true}]}}