{"id":8891,"date":"2024-03-07T16:27:02","date_gmt":"2024-03-07T13:27:02","guid":{"rendered":"https:\/\/palmiyesusleme.com\/index.php\/urun\/sik-bahce-rattan-sandalye\/"},"modified":"2024-03-07T16:27:08","modified_gmt":"2024-03-07T13:27:08","slug":"sik-bahce-rattan-sandalye","status":"publish","type":"product","link":"https:\/\/palmiyesusleme.com\/index.php\/urun\/sik-bahce-rattan-sandalye\/","title":{"rendered":"\u015e\u0131k Bah\u00e7e Rattan Sandalye"},"content":{"rendered":"<p>&lt;h3 style=&quot;font-family: Ubuntu; color: rgb(51, 51, 51); margin-right: 0px; margin-bottom: 15px; margin-left: 0px; font-size: 24px; text-align: center;&quot;&gt;&lt;b&gt;&lt;span style=&quot;font-family: &amp;quot;Open Sans&amp;quot;;&quot;&gt;Al\u00fcminyum \u0130skeletli Bah\u00e7e Rattan Sandalye; Al\u00fcminyum iskeletli bambu kaplama orijinal rattan sandalye&lt;\/span&gt;&lt;\/b&gt;&lt;\/h3&gt;&lt;h3 style=&quot;font-family: Ubuntu; color: rgb(51, 51, 51); margin-right: 0px; margin-bottom: 15px; margin-left: 0px; font-size: 24px; text-align: center;&quot;&gt;&lt;b&gt;&lt;span style=&quot;font-family: &amp;quot;Open Sans&amp;quot;;&quot;&gt;&lt;br&gt;&lt;\/span&gt;&lt;\/b&gt;&lt;\/h3&gt;&lt;h3 style=&quot;font-family: Ubuntu; color: rgb(51, 51, 51); margin-right: 0px; margin-bottom: 15px; margin-left: 0px; font-size: 24px; text-align: center;&quot;&gt;&lt;b&gt;&lt;span style=&quot;font-family: &amp;quot;Open Sans&amp;quot;;&quot;&gt;&lt;br&gt;&lt;\/span&gt;&lt;\/b&gt;&lt;\/h3&gt;&lt;h3 style=&quot;font-family: Ubuntu; color: rgb(51, 51, 51); margin-right: 0px; margin-bottom: 15px; margin-left: 0px; font-size: 24px; text-align: center;&quot;&gt;&lt;img src=&quot;https:\/\/www.palmiyekocak.com\/image\/catalog\/urun\/rattan-sandalye\/kapakk.jpg&quot; style=&quot;width: 1303px;&quot;&gt;&lt;\/h3&gt;&lt;p style=&quot;font-family: Ubuntu; color: rgb(51, 51, 51); margin-right: 0px; margin-bottom: 15px; margin-left: 0px; font-size: 24px; text-align: center;&quot;&gt;&lt;br&gt;&lt;\/p&gt;&lt;p style=&quot;font-family: Ubuntu; color: rgb(51, 51, 51); margin-right: 0px; margin-bottom: 15px; margin-left: 0px; font-size: 24px; text-align: center;&quot;&gt;&lt;br&gt;&lt;\/p&gt;&lt;h3 style=&quot;font-family: Ubuntu; color: rgb(51, 51, 51); margin-right: 0px; margin-bottom: 15px; margin-left: 0px; font-size: 24px; text-align: center;&quot;&gt;&lt;img src=&quot;https:\/\/www.palmiyekocak.com\/image\/catalog\/urun\/rattan-sandalye\/iki.jpg&quot; style=&quot;width: 1303px;&quot;&gt;&lt;\/h3&gt;&lt;p style=&quot;font-family: Ubuntu; color: rgb(51, 51, 51); margin-right: 0px; margin-bottom: 15px; margin-left: 0px; font-size: 24px; text-align: center;&quot;&gt;&lt;br&gt;&lt;\/p&gt;&lt;p style=&quot;font-family: Ubuntu; color: rgb(51, 51, 51); margin-right: 0px; margin-bottom: 15px; margin-left: 0px; font-size: 24px; text-align: center;&quot;&gt;&lt;br&gt;&lt;\/p&gt;&lt;h3 style=&quot;font-family: Ubuntu; color: rgb(51, 51, 51); margin-right: 0px; margin-bottom: 15px; margin-left: 0px; font-size: 24px; text-align: center;&quot;&gt;&lt;img src=&quot;https:\/\/www.palmiyekocak.com\/image\/catalog\/urun\/rattan-sandalye\/dfsdfsdfdfs.jpg&quot; style=&quot;width: 1303px;&quot;&gt;&lt;\/h3&gt;&lt;p style=&quot;margin-right: 0px; margin-bottom: 15px; margin-left: 0px; text-align: center;&quot;&gt;&lt;br&gt;&lt;\/p&gt;&lt;p style=&quot;margin-right: 0px; margin-bottom: 15px; margin-left: 0px; text-align: center;&quot;&gt;&lt;br&gt;&lt;\/p&gt;&lt;h3 style=&quot;font-family: Ubuntu; color: rgb(51, 51, 51); margin-right: 0px; margin-bottom: 15px; margin-left: 0px; font-size: 24px; text-align: center;&quot;&gt;&lt;img src=&quot;https:\/\/www.palmiyekocak.com\/image\/catalog\/urun\/rattan-sandalye\/d%C3%B6rt.jpg&quot; style=&quot;width: 1303px;&quot;&gt;&lt;\/h3&gt;&lt;p style=&quot;font-family: Ubuntu; color: rgb(51, 51, 51); margin-right: 0px; margin-bottom: 15px; margin-left: 0px; font-size: 24px; text-align: center;&quot;&gt;&lt;br&gt;&lt;\/p&gt;&lt;p style=&quot;font-family: Ubuntu; color: rgb(51, 51, 51); margin-right: 0px; margin-bottom: 15px; margin-left: 0px; font-size: 24px; text-align: center;&quot;&gt;&lt;br&gt;&lt;\/p&gt;&lt;p style=&quot;font-family: Ubuntu; color: rgb(51, 51, 51); margin-right: 0px; margin-bottom: 15px; margin-left: 0px; font-size: 24px; text-align: center;&quot;&gt;&lt;br&gt;&lt;\/p&gt;&lt;p style=&quot;font-family: Ubuntu; color: rgb(51, 51, 51); margin-right: 0px; margin-bottom: 15px; margin-left: 0px; font-size: 24px; text-align: center;&quot;&gt;&lt;br&gt;&lt;\/p&gt;&lt;p style=&quot;text-align: center; border: 0px solid rgb(217, 217, 227); &#8211;tw-border-spacing-x: 0; &#8211;tw-border-spacing-y: 0; &#8211;tw-translate-x: 0; &#8211;tw-translate-y: 0; &#8211;tw-rotate: 0; &#8211;tw-skew-x: 0; &#8211;tw-skew-y: 0; &#8211;tw-scale-x: 1; &#8211;tw-scale-y: 1; &#8211;tw-pan-x: ; &#8211;tw-pan-y: ; &#8211;tw-pinch-zoom: ; &#8211;tw-scroll-snap-strictness: proximity; &#8211;tw-gradient-from-position: ; &#8211;tw-gradient-via-position: ; &#8211;tw-gradient-to-position: ; &#8211;tw-ordinal: ; &#8211;tw-slashed-zero: ; &#8211;tw-numeric-figure: ; &#8211;tw-numeric-spacing: ; &#8211;tw-numeric-fraction: ; &#8211;tw-ring-inset: ; &#8211;tw-ring-offset-width: 0px; &#8211;tw-ring-offset-color: #fff; &#8211;tw-ring-color: rgba(69,89,164,.5); &#8211;tw-ring-offset-shadow: 0 0 transparent; &#8211;tw-ring-shadow: 0 0 transparent; &#8211;tw-shadow: 0 0 transparent; &#8211;tw-shadow-colored: 0 0 transparent; &#8211;tw-blur: ; &#8211;tw-brightness: ; &#8211;tw-contrast: ; &#8211;tw-grayscale: ; &#8211;tw-hue-rotate: ; &#8211;tw-invert: ; &#8211;tw-saturate: ; &#8211;tw-sepia: ; &#8211;tw-drop-shadow: ; &#8211;tw-backdrop-blur: ; &#8211;tw-backdrop-brightness: ; &#8211;tw-backdrop-contrast: ; &#8211;tw-backdrop-grayscale: ; &#8211;tw-backdrop-hue-rotate: ; &#8211;tw-backdrop-invert: ; &#8211;tw-backdrop-opacity: ; &#8211;tw-backdrop-saturate: ; &#8211;tw-backdrop-sepia: ; margin-bottom: 1.25em;&quot;&gt;G\u00fcn\u00fcm\u00fczde, a\u00e7\u0131k hava mekanlar\u0131na estetik ve konfor katacak mobilyalara olan talep artmaktad\u0131r. Bu talebi kar\u015f\u0131lamak i\u00e7in tasar\u0131mc\u0131lar ve \u00fcreticiler, \u015f\u0131k ve dayan\u0131kl\u0131 malzemelerle \u00fcretilen mobilyalar tasarlamaktad\u0131r. Palmiye Ko\u00e7ak&#039;\u0131n \u00fcretti\u011fi \u015f\u0131k bah\u00e7e rattan sandalye de bu \u00f6zelliklere sahip yenilik\u00e7i bir \u00fcr\u00fcnd\u00fcr.&lt;\/p&gt;&lt;p style=&quot;text-align: center; border: 0px solid rgb(217, 217, 227); &#8211;tw-border-spacing-x: 0; &#8211;tw-border-spacing-y: 0; &#8211;tw-translate-x: 0; &#8211;tw-translate-y: 0; &#8211;tw-rotate: 0; &#8211;tw-skew-x: 0; &#8211;tw-skew-y: 0; &#8211;tw-scale-x: 1; &#8211;tw-scale-y: 1; &#8211;tw-pan-x: ; &#8211;tw-pan-y: ; &#8211;tw-pinch-zoom: ; &#8211;tw-scroll-snap-strictness: proximity; &#8211;tw-gradient-from-position: ; &#8211;tw-gradient-via-position: ; &#8211;tw-gradient-to-position: ; &#8211;tw-ordinal: ; &#8211;tw-slashed-zero: ; &#8211;tw-numeric-figure: ; &#8211;tw-numeric-spacing: ; &#8211;tw-numeric-fraction: ; &#8211;tw-ring-inset: ; &#8211;tw-ring-offset-width: 0px; &#8211;tw-ring-offset-color: #fff; &#8211;tw-ring-color: rgba(69,89,164,.5); &#8211;tw-ring-offset-shadow: 0 0 transparent; &#8211;tw-ring-shadow: 0 0 transparent; &#8211;tw-shadow: 0 0 transparent; &#8211;tw-shadow-colored: 0 0 transparent; &#8211;tw-blur: ; &#8211;tw-brightness: ; &#8211;tw-contrast: ; &#8211;tw-grayscale: ; &#8211;tw-hue-rotate: ; &#8211;tw-invert: ; &#8211;tw-saturate: ; &#8211;tw-sepia: ; &#8211;tw-drop-shadow: ; &#8211;tw-backdrop-blur: ; &#8211;tw-backdrop-brightness: ; &#8211;tw-backdrop-contrast: ; &#8211;tw-backdrop-grayscale: ; &#8211;tw-backdrop-hue-rotate: ; &#8211;tw-backdrop-invert: ; &#8211;tw-backdrop-opacity: ; &#8211;tw-backdrop-saturate: ; &#8211;tw-backdrop-sepia: ; margin-top: 1.25em; margin-bottom: 1.25em;&quot;&gt;Bah\u00e7e rattan sandalye, a\u00e7\u0131k hava mekanlar\u0131nda kullan\u0131lmak \u00fczere \u00f6zel olarak tasarlanm\u0131\u015ft\u0131r. Palmiye Ko\u00e7ak&#039;\u0131n tasar\u0131m\u0131, zarif bir \u015fekilde bah\u00e7enize veya teras\u0131n\u0131za uyum sa\u011flar ve dinlendirici bir atmosfer yarat\u0131r. Bu sandalyeler, kullan\u0131c\u0131lara hem konforlu bir oturma deneyimi sunar hem de a\u00e7\u0131k havada keyifli vakit ge\u00e7irmelerini sa\u011flar.&lt;\/p&gt;&lt;p style=&quot;text-align: center; border: 0px solid rgb(217, 217, 227); &#8211;tw-border-spacing-x: 0; &#8211;tw-border-spacing-y: 0; &#8211;tw-translate-x: 0; &#8211;tw-translate-y: 0; &#8211;tw-rotate: 0; &#8211;tw-skew-x: 0; &#8211;tw-skew-y: 0; &#8211;tw-scale-x: 1; &#8211;tw-scale-y: 1; &#8211;tw-pan-x: ; &#8211;tw-pan-y: ; &#8211;tw-pinch-zoom: ; &#8211;tw-scroll-snap-strictness: proximity; &#8211;tw-gradient-from-position: ; &#8211;tw-gradient-via-position: ; &#8211;tw-gradient-to-position: ; &#8211;tw-ordinal: ; &#8211;tw-slashed-zero: ; &#8211;tw-numeric-figure: ; &#8211;tw-numeric-spacing: ; &#8211;tw-numeric-fraction: ; &#8211;tw-ring-inset: ; &#8211;tw-ring-offset-width: 0px; &#8211;tw-ring-offset-color: #fff; &#8211;tw-ring-color: rgba(69,89,164,.5); &#8211;tw-ring-offset-shadow: 0 0 transparent; &#8211;tw-ring-shadow: 0 0 transparent; &#8211;tw-shadow: 0 0 transparent; &#8211;tw-shadow-colored: 0 0 transparent; &#8211;tw-blur: ; &#8211;tw-brightness: ; &#8211;tw-contrast: ; &#8211;tw-grayscale: ; &#8211;tw-hue-rotate: ; &#8211;tw-invert: ; &#8211;tw-saturate: ; &#8211;tw-sepia: ; &#8211;tw-drop-shadow: ; &#8211;tw-backdrop-blur: ; &#8211;tw-backdrop-brightness: ; &#8211;tw-backdrop-contrast: ; &#8211;tw-backdrop-grayscale: ; &#8211;tw-backdrop-hue-rotate: ; &#8211;tw-backdrop-invert: ; &#8211;tw-backdrop-opacity: ; &#8211;tw-backdrop-saturate: ; &#8211;tw-backdrop-sepia: ; margin-top: 1.25em; margin-bottom: 1.25em;&quot;&gt;Sandalyenin en dikkat \u00e7ekici \u00f6zelliklerinden biri rattan malzemesidir. Rattan, do\u011fal bir malzeme olup genellikle palmiye a\u011fa\u00e7lar\u0131ndan elde edilir. Bu malzeme, sandalyeye do\u011fal bir zarafet ve g\u00fczellik katar. Rattan, esnek ve dayan\u0131kl\u0131d\u0131r, b\u00f6ylece uzun s\u00fcreli kullan\u0131mda bile formunu korur. Ayr\u0131ca, rattan malzemesi hafif ve ta\u015f\u0131nabilir oldu\u011fu i\u00e7in sandalyeyi diledi\u011finiz yere kolayca ta\u015f\u0131yabilirsiniz.&lt;\/p&gt;&lt;p style=&quot;text-align: center; border: 0px solid rgb(217, 217, 227); &#8211;tw-border-spacing-x: 0; &#8211;tw-border-spacing-y: 0; &#8211;tw-translate-x: 0; &#8211;tw-translate-y: 0; &#8211;tw-rotate: 0; &#8211;tw-skew-x: 0; &#8211;tw-skew-y: 0; &#8211;tw-scale-x: 1; &#8211;tw-scale-y: 1; &#8211;tw-pan-x: ; &#8211;tw-pan-y: ; &#8211;tw-pinch-zoom: ; &#8211;tw-scroll-snap-strictness: proximity; &#8211;tw-gradient-from-position: ; &#8211;tw-gradient-via-position: ; &#8211;tw-gradient-to-position: ; &#8211;tw-ordinal: ; &#8211;tw-slashed-zero: ; &#8211;tw-numeric-figure: ; &#8211;tw-numeric-spacing: ; &#8211;tw-numeric-fraction: ; &#8211;tw-ring-inset: ; &#8211;tw-ring-offset-width: 0px; &#8211;tw-ring-offset-color: #fff; &#8211;tw-ring-color: rgba(69,89,164,.5); &#8211;tw-ring-offset-shadow: 0 0 transparent; &#8211;tw-ring-shadow: 0 0 transparent; &#8211;tw-shadow: 0 0 transparent; &#8211;tw-shadow-colored: 0 0 transparent; &#8211;tw-blur: ; &#8211;tw-brightness: ; &#8211;tw-contrast: ; &#8211;tw-grayscale: ; &#8211;tw-hue-rotate: ; &#8211;tw-invert: ; &#8211;tw-saturate: ; &#8211;tw-sepia: ; &#8211;tw-drop-shadow: ; &#8211;tw-backdrop-blur: ; &#8211;tw-backdrop-brightness: ; &#8211;tw-backdrop-contrast: ; &#8211;tw-backdrop-grayscale: ; &#8211;tw-backdrop-hue-rotate: ; &#8211;tw-backdrop-invert: ; &#8211;tw-backdrop-opacity: ; &#8211;tw-backdrop-saturate: ; &#8211;tw-backdrop-sepia: ; margin-top: 1.25em; margin-bottom: 1.25em;&quot;&gt;Bah\u00e7e rattan sandalye, kullan\u0131c\u0131lar\u0131n rahat bir oturma deneyimi ya\u015famas\u0131n\u0131 sa\u011flayan ergonomik bir tasar\u0131ma sahiptir. Sandalyenin geni\u015f oturma alan\u0131 ve ergonomik s\u0131rt deste\u011fi, uzun s\u00fcreli oturmalar\u0131 daha konforlu hale getirir. Sandalyenin y\u00fckseklik ayarlanabilir \u00f6zellikleri sayesinde, kullan\u0131c\u0131lar tercih ettikleri oturma pozisyonunu kolayl\u0131kla ayarlayabilirler.&lt;\/p&gt;&lt;p style=&quot;text-align: center; border: 0px solid rgb(217, 217, 227); &#8211;tw-border-spacing-x: 0; &#8211;tw-border-spacing-y: 0; &#8211;tw-translate-x: 0; &#8211;tw-translate-y: 0; &#8211;tw-rotate: 0; &#8211;tw-skew-x: 0; &#8211;tw-skew-y: 0; &#8211;tw-scale-x: 1; &#8211;tw-scale-y: 1; &#8211;tw-pan-x: ; &#8211;tw-pan-y: ; &#8211;tw-pinch-zoom: ; &#8211;tw-scroll-snap-strictness: proximity; &#8211;tw-gradient-from-position: ; &#8211;tw-gradient-via-position: ; &#8211;tw-gradient-to-position: ; &#8211;tw-ordinal: ; &#8211;tw-slashed-zero: ; &#8211;tw-numeric-figure: ; &#8211;tw-numeric-spacing: ; &#8211;tw-numeric-fraction: ; &#8211;tw-ring-inset: ; &#8211;tw-ring-offset-width: 0px; &#8211;tw-ring-offset-color: #fff; &#8211;tw-ring-color: rgba(69,89,164,.5); &#8211;tw-ring-offset-shadow: 0 0 transparent; &#8211;tw-ring-shadow: 0 0 transparent; &#8211;tw-shadow: 0 0 transparent; &#8211;tw-shadow-colored: 0 0 transparent; &#8211;tw-blur: ; &#8211;tw-brightness: ; &#8211;tw-contrast: ; &#8211;tw-grayscale: ; &#8211;tw-hue-rotate: ; &#8211;tw-invert: ; &#8211;tw-saturate: ; &#8211;tw-sepia: ; &#8211;tw-drop-shadow: ; &#8211;tw-backdrop-blur: ; &#8211;tw-backdrop-brightness: ; &#8211;tw-backdrop-contrast: ; &#8211;tw-backdrop-grayscale: ; &#8211;tw-backdrop-hue-rotate: ; &#8211;tw-backdrop-invert: ; &#8211;tw-backdrop-opacity: ; &#8211;tw-backdrop-saturate: ; &#8211;tw-backdrop-sepia: ; margin-top: 1.25em; margin-bottom: 1.25em;&quot;&gt;Palmiye Ko\u00e7ak&#039;\u0131n \u00fcretti\u011fi bah\u00e7e rattan sandalye, \u00e7evre dostu bir se\u00e7enek olarak da \u00f6ne \u00e7\u0131kar. Rattan malzemesi do\u011fal olarak yenilenebilir bir kaynaktan elde edildi\u011fi i\u00e7in \u00e7evre \u00fczerinde minimal bir etkisi vard\u0131r. Ayr\u0131ca, sandalyenin dayan\u0131kl\u0131 al\u00fcminyum iskeleti paslanmaz \u00f6zelliklere sahiptir, b\u00f6ylece d\u0131\u015f mekan ko\u015fullar\u0131na kar\u015f\u0131 dayan\u0131kl\u0131l\u0131\u011f\u0131n\u0131 korur.&lt;\/p&gt;<\/p>\n","protected":false},"excerpt":{"rendered":"<p>&lt;h3 style=&quot;font-family: Ubuntu; color: rgb(51, 51, 51); margin-right: 0px; margin-bottom: 15px; margin-left: 0px; font-size: 24px; text-align: center;&quot;&gt;&lt;b&gt;&lt;span style=&quot;font-family: &amp;quot;Open Sans&amp;quot;;&quot;&gt;Al\u00fcminyum \u0130skeletli Bah\u00e7e Rattan Sandalye; Al\u00fcminyum iskeletli bambu kaplama orijinal rattan sandalye&lt;\/span&gt;&lt;\/b&gt;&lt;\/h3&gt;&lt;h3 style=&quot;font-family: Ubuntu; color: rgb(51, 51, 51); margin-right: 0px; margin-bottom: 15px; margin-left: 0px; font-size: 24px; text-align: center;&quot;&gt;&lt;b&gt;&lt;span style=&quot;font-family: &amp;quot;Open Sans&amp;quot;;&quot;&gt;&lt;br&gt;&lt;\/span&gt;&lt;\/b&gt;&lt;\/h3&gt;&lt;h3 style=&quot;font-family: Ubuntu; color: rgb(51, 51, [&hellip;]<\/p>\n","protected":false},"featured_media":8892,"comment_status":"closed","ping_status":"open","template":"","meta":{"_joinchat":[]},"product_cat":[207,20,48,21,19],"product_tag":[],"class_list":{"0":"post-8891","1":"product","2":"type-product","3":"status-publish","4":"has-post-thumbnail","6":"product_cat-bahce-rattan-kollu-sandalye","7":"product_cat-bahce-rattan-sandalyeleri","8":"product_cat-bahce-sandalyeleri","9":"product_cat-rattan-enjeksiyon-sandalye","10":"product_cat-rattan-sandalyeler","12":"first","13":"instock","14":"product-type-simple"},"_links":{"self":[{"href":"https:\/\/palmiyesusleme.com\/index.php\/wp-json\/wp\/v2\/product\/8891","targetHints":{"allow":["GET"]}}],"collection":[{"href":"https:\/\/palmiyesusleme.com\/index.php\/wp-json\/wp\/v2\/product"}],"about":[{"href":"https:\/\/palmiyesusleme.com\/index.php\/wp-json\/wp\/v2\/types\/product"}],"replies":[{"embeddable":true,"href":"https:\/\/palmiyesusleme.com\/index.php\/wp-json\/wp\/v2\/comments?post=8891"}],"wp:featuredmedia":[{"embeddable":true,"href":"https:\/\/palmiyesusleme.com\/index.php\/wp-json\/wp\/v2\/media\/8892"}],"wp:attachment":[{"href":"https:\/\/palmiyesusleme.com\/index.php\/wp-json\/wp\/v2\/media?parent=8891"}],"wp:term":[{"taxonomy":"product_cat","embeddable":true,"href":"https:\/\/palmiyesusleme.com\/index.php\/wp-json\/wp\/v2\/product_cat?post=8891"},{"taxonomy":"product_tag","embeddable":true,"href":"https:\/\/palmiyesusleme.com\/index.php\/wp-json\/wp\/v2\/product_tag?post=8891"}],"curies":[{"name":"wp","href":"https:\/\/api.w.org\/{rel}","templated":true}]}}