{"id":9550,"date":"2024-03-07T16:33:34","date_gmt":"2024-03-07T13:33:34","guid":{"rendered":"https:\/\/palmiyesusleme.com\/index.php\/urun\/kollu-bahce-yazlik-minderli-rattan-sandalye\/"},"modified":"2024-03-07T16:33:49","modified_gmt":"2024-03-07T13:33:49","slug":"kollu-bahce-yazlik-minderli-rattan-sandalye","status":"publish","type":"product","link":"https:\/\/palmiyesusleme.com\/index.php\/urun\/kollu-bahce-yazlik-minderli-rattan-sandalye\/","title":{"rendered":"Kollu Bah\u00e7e Yazl\u0131k Minderli Rattan Sandalye"},"content":{"rendered":"<p>Kollu Bah&ccedil;e Yazl\u0131k Minderli Rattan Sandalye<\/p>\n","protected":false},"excerpt":{"rendered":"<p>Kollu Bah&ccedil;e Yazl\u0131k Minderli Rattan Sandalye<\/p>\n","protected":false},"featured_media":9551,"comment_status":"closed","ping_status":"open","template":"","meta":{"_joinchat":[]},"product_cat":[19],"product_tag":[],"class_list":{"0":"post-9550","1":"product","2":"type-product","3":"status-publish","4":"has-post-thumbnail","6":"product_cat-rattan-sandalyeler","8":"first","9":"instock","10":"product-type-simple"},"_links":{"self":[{"href":"https:\/\/palmiyesusleme.com\/index.php\/wp-json\/wp\/v2\/product\/9550","targetHints":{"allow":["GET"]}}],"collection":[{"href":"https:\/\/palmiyesusleme.com\/index.php\/wp-json\/wp\/v2\/product"}],"about":[{"href":"https:\/\/palmiyesusleme.com\/index.php\/wp-json\/wp\/v2\/types\/product"}],"replies":[{"embeddable":true,"href":"https:\/\/palmiyesusleme.com\/index.php\/wp-json\/wp\/v2\/comments?post=9550"}],"wp:featuredmedia":[{"embeddable":true,"href":"https:\/\/palmiyesusleme.com\/index.php\/wp-json\/wp\/v2\/media\/9551"}],"wp:attachment":[{"href":"https:\/\/palmiyesusleme.com\/index.php\/wp-json\/wp\/v2\/media?parent=9550"}],"wp:term":[{"taxonomy":"product_cat","embeddable":true,"href":"https:\/\/palmiyesusleme.com\/index.php\/wp-json\/wp\/v2\/product_cat?post=9550"},{"taxonomy":"product_tag","embeddable":true,"href":"https:\/\/palmiyesusleme.com\/index.php\/wp-json\/wp\/v2\/product_tag?post=9550"}],"curies":[{"name":"wp","href":"https:\/\/api.w.org\/{rel}","templated":true}]}}