{"id":9680,"date":"2024-03-07T16:34:53","date_gmt":"2024-03-07T13:34:53","guid":{"rendered":"https:\/\/palmiyesusleme.com\/index.php\/urun\/rattan-orme-kollu-koltuk-takimi-rtob859\/"},"modified":"2024-03-07T16:34:54","modified_gmt":"2024-03-07T13:34:54","slug":"rattan-orme-kollu-koltuk-takimi-rtob859","status":"publish","type":"product","link":"https:\/\/palmiyesusleme.com\/index.php\/urun\/rattan-orme-kollu-koltuk-takimi-rtob859\/","title":{"rendered":"Rattan \u00d6rme Kollu Koltuk Tak\u0131m\u0131 rtob859"},"content":{"rendered":"<p>&lt;p&gt;Kol k\u0131sm\u0131ndaki tasar\u0131m ile dikkat \u00e7eken ve kullan\u0131lan her alana g\u00f6re farkl\u0131l\u0131k katan \u00fcr\u00fcn\u00fcm\u00fcz m\u00fc\u015fterilerimiz taraf\u0131ndan be\u011fenilip, ra\u011fbet g\u00f6rmektedir. Stoklar\u0131m\u0131zda yerini alan \u00fcr\u00fcn\u00fcm\u00fcz\u00fc siz m\u00fc\u015fterilerimizin&amp;nbsp; be\u011fenisine sunmu\u015f bulunmaktay\u0131z.&lt;\/p&gt;<\/p>\n","protected":false},"excerpt":{"rendered":"<p>&lt;p&gt;Kol k\u0131sm\u0131ndaki tasar\u0131m ile dikkat \u00e7eken ve kullan\u0131lan her alana g\u00f6re farkl\u0131l\u0131k katan \u00fcr\u00fcn\u00fcm\u00fcz m\u00fc\u015fterilerimiz taraf\u0131ndan be\u011fenilip, ra\u011fbet g\u00f6rmektedir. Stoklar\u0131m\u0131zda yerini alan \u00fcr\u00fcn\u00fcm\u00fcz\u00fc siz m\u00fc\u015fterilerimizin&amp;nbsp; be\u011fenisine sunmu\u015f bulunmaktay\u0131z.&lt;\/p&gt;<\/p>\n","protected":false},"featured_media":9681,"comment_status":"closed","ping_status":"open","template":"","meta":{"_joinchat":[]},"product_cat":[209],"product_tag":[],"class_list":{"0":"post-9680","1":"product","2":"type-product","3":"status-publish","4":"has-post-thumbnail","6":"product_cat-rattan-koltuklar","8":"first","9":"instock","10":"product-type-simple"},"_links":{"self":[{"href":"https:\/\/palmiyesusleme.com\/index.php\/wp-json\/wp\/v2\/product\/9680","targetHints":{"allow":["GET"]}}],"collection":[{"href":"https:\/\/palmiyesusleme.com\/index.php\/wp-json\/wp\/v2\/product"}],"about":[{"href":"https:\/\/palmiyesusleme.com\/index.php\/wp-json\/wp\/v2\/types\/product"}],"replies":[{"embeddable":true,"href":"https:\/\/palmiyesusleme.com\/index.php\/wp-json\/wp\/v2\/comments?post=9680"}],"wp:featuredmedia":[{"embeddable":true,"href":"https:\/\/palmiyesusleme.com\/index.php\/wp-json\/wp\/v2\/media\/9681"}],"wp:attachment":[{"href":"https:\/\/palmiyesusleme.com\/index.php\/wp-json\/wp\/v2\/media?parent=9680"}],"wp:term":[{"taxonomy":"product_cat","embeddable":true,"href":"https:\/\/palmiyesusleme.com\/index.php\/wp-json\/wp\/v2\/product_cat?post=9680"},{"taxonomy":"product_tag","embeddable":true,"href":"https:\/\/palmiyesusleme.com\/index.php\/wp-json\/wp\/v2\/product_tag?post=9680"}],"curies":[{"name":"wp","href":"https:\/\/api.w.org\/{rel}","templated":true}]}}