{"id":9752,"date":"2024-03-07T16:35:11","date_gmt":"2024-03-07T13:35:11","guid":{"rendered":"https:\/\/palmiyesusleme.com\/index.php\/urun\/ahsap-kollu-ince-rattan-ormeli-sandalye-rtt27\/"},"modified":"2024-03-07T16:35:20","modified_gmt":"2024-03-07T13:35:20","slug":"ahsap-kollu-ince-rattan-ormeli-sandalye-rtt27","status":"publish","type":"product","link":"https:\/\/palmiyesusleme.com\/index.php\/urun\/ahsap-kollu-ince-rattan-ormeli-sandalye-rtt27\/","title":{"rendered":"Ah\u015fap Kollu \u0130nce Rattan \u00d6rmeli Sandalye rtt27"},"content":{"rendered":"<p>&lt;p&gt;Ah\u015fap Kollu \u0130nce Rattan \u00d6rmeli Sandalye \u0130nce olmas\u0131 sayesinde zarif bir \u00fcr\u00fcn g\u00f6r\u00fcn\u00fcm\u00fc vermektedir, tasar\u0131m\u0131 ve modellenmesi ile dikkat \u00e7eken \u00fcr\u00fcn\u00fcm\u00fcz stoklarda yerini alm\u0131\u015f bulunmaktad\u0131r.&lt;br&gt;&lt;\/p&gt;<\/p>\n","protected":false},"excerpt":{"rendered":"<p>&lt;p&gt;Ah\u015fap Kollu \u0130nce Rattan \u00d6rmeli Sandalye \u0130nce olmas\u0131 sayesinde zarif bir \u00fcr\u00fcn g\u00f6r\u00fcn\u00fcm\u00fc vermektedir, tasar\u0131m\u0131 ve modellenmesi ile dikkat \u00e7eken \u00fcr\u00fcn\u00fcm\u00fcz stoklarda yerini alm\u0131\u015f bulunmaktad\u0131r.&lt;br&gt;&lt;\/p&gt;<\/p>\n","protected":false},"featured_media":9753,"comment_status":"closed","ping_status":"open","template":"","meta":{"_joinchat":[]},"product_cat":[20,21,19],"product_tag":[],"class_list":{"0":"post-9752","1":"product","2":"type-product","3":"status-publish","4":"has-post-thumbnail","6":"product_cat-bahce-rattan-sandalyeleri","7":"product_cat-rattan-enjeksiyon-sandalye","8":"product_cat-rattan-sandalyeler","10":"first","11":"instock","12":"product-type-simple"},"_links":{"self":[{"href":"https:\/\/palmiyesusleme.com\/index.php\/wp-json\/wp\/v2\/product\/9752","targetHints":{"allow":["GET"]}}],"collection":[{"href":"https:\/\/palmiyesusleme.com\/index.php\/wp-json\/wp\/v2\/product"}],"about":[{"href":"https:\/\/palmiyesusleme.com\/index.php\/wp-json\/wp\/v2\/types\/product"}],"replies":[{"embeddable":true,"href":"https:\/\/palmiyesusleme.com\/index.php\/wp-json\/wp\/v2\/comments?post=9752"}],"wp:featuredmedia":[{"embeddable":true,"href":"https:\/\/palmiyesusleme.com\/index.php\/wp-json\/wp\/v2\/media\/9753"}],"wp:attachment":[{"href":"https:\/\/palmiyesusleme.com\/index.php\/wp-json\/wp\/v2\/media?parent=9752"}],"wp:term":[{"taxonomy":"product_cat","embeddable":true,"href":"https:\/\/palmiyesusleme.com\/index.php\/wp-json\/wp\/v2\/product_cat?post=9752"},{"taxonomy":"product_tag","embeddable":true,"href":"https:\/\/palmiyesusleme.com\/index.php\/wp-json\/wp\/v2\/product_tag?post=9752"}],"curies":[{"name":"wp","href":"https:\/\/api.w.org\/{rel}","templated":true}]}}