{"id":9855,"date":"2024-03-07T16:36:28","date_gmt":"2024-03-07T13:36:28","guid":{"rendered":"https:\/\/palmiyesusleme.com\/index.php\/urun\/kapitoneli-bej-dosemeli-kafe-kanepesi\/"},"modified":"2024-03-07T16:36:39","modified_gmt":"2024-03-07T13:36:39","slug":"kapitoneli-bej-dosemeli-kafe-kanepesi","status":"publish","type":"product","link":"https:\/\/palmiyesusleme.com\/index.php\/urun\/kapitoneli-bej-dosemeli-kafe-kanepesi\/","title":{"rendered":"Kapitoneli Bej D\u00f6\u015femeli Kafe Kanepesi"},"content":{"rendered":"<p>&lt;p&gt;Bej renk kapitoneli &lt;b&gt;cafe sediri&lt;\/b&gt; modeli kullan\u0131ld\u0131\u011f\u0131 mekana ferah bir g&ouml;r&uuml;n&uuml;m sunmakla birlikte oldu\u011fundan daha geni\u015f bir g&ouml;r&uuml;nt&uuml; hissi de vermektedir. K&uuml;&ccedil;&uuml;k kullan\u0131m alanlar\u0131na sahip cafelerde ortam\u0131 daha geni\u015f g&ouml;sterebilmek i&ccedil;in tercih edilebilecek bir &uuml;r&uuml;nd&uuml;r. Sedir koltuk cafe, restoran, dinlenme alanlar\u0131 gibi mekanlar i&ccedil;in istenilen ebatlarda tasarlanabilmektedir.&lt;\/p&gt;<br \/>\n&lt;table class=&quot;table table-bordered&quot;&gt;<br \/>\n&lt;tbody&gt;<br \/>\n&lt;tr&gt;<br \/>\n&lt;td colspan=&quot;4&quot; class=&quot;text-center&quot; style=&quot;vertical-align:middle&quot;&gt;&lt;img src=&quot;\/image\/olcuresimsablon\/sedir-olcu-sablon.png&quot; alt=&quot;&Ouml;l&ccedil;&uuml;&quot;&gt;&lt;\/td&gt;<br \/>\n&lt;\/tr&gt;<br \/>\n&lt;tr&gt;<br \/>\n&lt;td class=&quot;text-center&quot; style=&quot;vertical-align:middle&quot;&gt;&lt;span class=&quot;text-center&quot; style=&quot;vertical-align:middle&quot;&gt;&lt;strong&gt;Geni\u015flik&lt;\/strong&gt;&lt;\/span&gt;&lt;\/td&gt;<br \/>\n&lt;td class=&quot;text-center&quot; style=&quot;vertical-align:middle&quot;&gt;&lt;span class=&quot;text-center&quot; style=&quot;vertical-align:middle&quot;&gt;&lt;strong&gt;Oturum Y&uuml;ksekli\u011fi&lt;\/strong&gt;&lt;\/span&gt;&lt;\/td&gt;<br \/>\n&lt;td class=&quot;text-center&quot; style=&quot;vertical-align:middle&quot;&gt;&lt;span class=&quot;text-center&quot; style=&quot;vertical-align:middle&quot;&gt;&lt;strong&gt;Derinlik&lt;\/strong&gt;&lt;\/span&gt;&lt;\/td&gt;<br \/>\n&lt;td class=&quot;text-center&quot; style=&quot;vertical-align:middle&quot;&gt;&lt;span class=&quot;text-center&quot; style=&quot;vertical-align:middle&quot;&gt;&lt;strong&gt;Y&uuml;kseklik&lt;\/strong&gt;&lt;\/span&gt;&lt;\/td&gt;<br \/>\n&lt;\/tr&gt;<br \/>\n&lt;tr&gt;<br \/>\n&lt;td class=&quot;text-center&quot; style=&quot;vertical-align:middle&quot;&gt;&nbsp;130 cm&lt;\/td&gt;<br \/>\n&lt;td class=&quot;text-center&quot; style=&quot;vertical-align:middle&quot;&gt;&nbsp;46 cm&lt;\/td&gt;<br \/>\n&lt;td class=&quot;text-center&quot; style=&quot;vertical-align:middle&quot;&gt;&nbsp;65 cm&lt;\/td&gt;<br \/>\n&lt;td class=&quot;text-center&quot; style=&quot;vertical-align:middle&quot;&gt;&nbsp;120 cm&lt;\/td&gt;<br \/>\n&lt;\/tr&gt;<br \/>\n&lt;tr&gt;<br \/>\n&lt;td class=&quot;text-center&quot; style=&quot;vertical-align:middle&quot; colspan=&quot;4&quot;&gt;\u0130ste\u011fe &ouml;zel olarak malzeme cinsinde (ah\u015fap,boya,kuma\u015f,deri) ve &uuml;r&uuml;n &ouml;l&ccedil;&uuml;lerinde de\u011fi\u015fiklik yap\u0131labilir.&lt;\/td&gt;<br \/>\n&lt;\/tr&gt;<br \/>\n&lt;\/tbody&gt;<br \/>\n&lt;\/table&gt;<br \/>\n&lt;hr&gt;<\/p>\n","protected":false},"excerpt":{"rendered":"<p>&lt;p&gt;Bej renk kapitoneli &lt;b&gt;cafe sediri&lt;\/b&gt; modeli kullan\u0131ld\u0131\u011f\u0131 mekana ferah bir g&ouml;r&uuml;n&uuml;m sunmakla birlikte oldu\u011fundan daha geni\u015f bir g&ouml;r&uuml;nt&uuml; hissi de vermektedir. K&uuml;&ccedil;&uuml;k kullan\u0131m alanlar\u0131na sahip cafelerde ortam\u0131 daha geni\u015f g&ouml;sterebilmek i&ccedil;in tercih edilebilecek bir &uuml;r&uuml;nd&uuml;r. Sedir koltuk cafe, restoran, dinlenme alanlar\u0131 gibi mekanlar i&ccedil;in istenilen ebatlarda tasarlanabilmektedir.&lt;\/p&gt; &lt;table class=&quot;table table-bordered&quot;&gt; &lt;tbody&gt; &lt;tr&gt; &lt;td colspan=&quot;4&quot; class=&quot;text-center&quot; [&hellip;]<\/p>\n","protected":false},"featured_media":9856,"comment_status":"closed","ping_status":"open","template":"","meta":{"_joinchat":[]},"product_cat":[24,23,22],"product_tag":[],"class_list":{"0":"post-9855","1":"product","2":"type-product","3":"status-publish","4":"has-post-thumbnail","6":"product_cat-cafe-koltuklari","7":"product_cat-loca","8":"product_cat-sedir-koltuk","10":"first","11":"instock","12":"product-type-simple"},"_links":{"self":[{"href":"https:\/\/palmiyesusleme.com\/index.php\/wp-json\/wp\/v2\/product\/9855","targetHints":{"allow":["GET"]}}],"collection":[{"href":"https:\/\/palmiyesusleme.com\/index.php\/wp-json\/wp\/v2\/product"}],"about":[{"href":"https:\/\/palmiyesusleme.com\/index.php\/wp-json\/wp\/v2\/types\/product"}],"replies":[{"embeddable":true,"href":"https:\/\/palmiyesusleme.com\/index.php\/wp-json\/wp\/v2\/comments?post=9855"}],"wp:featuredmedia":[{"embeddable":true,"href":"https:\/\/palmiyesusleme.com\/index.php\/wp-json\/wp\/v2\/media\/9856"}],"wp:attachment":[{"href":"https:\/\/palmiyesusleme.com\/index.php\/wp-json\/wp\/v2\/media?parent=9855"}],"wp:term":[{"taxonomy":"product_cat","embeddable":true,"href":"https:\/\/palmiyesusleme.com\/index.php\/wp-json\/wp\/v2\/product_cat?post=9855"},{"taxonomy":"product_tag","embeddable":true,"href":"https:\/\/palmiyesusleme.com\/index.php\/wp-json\/wp\/v2\/product_tag?post=9855"}],"curies":[{"name":"wp","href":"https:\/\/api.w.org\/{rel}","templated":true}]}}

Kapitoneli Bej Döşemeli Kafe Kanepesi

<p>&lt;p&gt;Bej renk kapitoneli &lt;b&gt;cafe sediri&lt;/b&gt; modeli kullanıldığı mekana ferah bir g&ouml;r&uuml;n&uuml;m sunmakla birlikte olduğundan daha geniş bir g&ouml;r&uuml;nt&uuml; hissi de vermektedir. K&uuml;&ccedil;&uuml;k kullanım alanlarına sahip cafelerde ortamı daha geniş g&ouml;sterebilmek i&ccedil;in tercih edilebilecek bir &uuml;r&uuml;nd&uuml;r. Sedir koltuk cafe, restoran, dinlenme alanları gibi mekanlar i&ccedil;in istenilen ebatlarda tasarlanabilmektedir.&lt;/p&gt;<br />
&lt;table class=&quot;table table-bordered&quot;&gt;<br />
&lt;tbody&gt;<br />
&lt;tr&gt;<br />
&lt;td colspan=&quot;4&quot; class=&quot;text-center&quot; style=&quot;vertical-align:middle&quot;&gt;&lt;img src=&quot;/image/olcuresimsablon/sedir-olcu-sablon.png&quot; alt=&quot;&Ouml;l&ccedil;&uuml;&quot;&gt;&lt;/td&gt;<br />
&lt;/tr&gt;<br />
&lt;tr&gt;<br />
&lt;td class=&quot;text-center&quot; style=&quot;vertical-align:middle&quot;&gt;&lt;span class=&quot;text-center&quot; style=&quot;vertical-align:middle&quot;&gt;&lt;strong&gt;Genişlik&lt;/strong&gt;&lt;/span&gt;&lt;/td&gt;<br />
&lt;td class=&quot;text-center&quot; style=&quot;vertical-align:middle&quot;&gt;&lt;span class=&quot;text-center&quot; style=&quot;vertical-align:middle&quot;&gt;&lt;strong&gt;Oturum Y&uuml;ksekliği&lt;/strong&gt;&lt;/span&gt;&lt;/td&gt;<br />
&lt;td class=&quot;text-center&quot; style=&quot;vertical-align:middle&quot;&gt;&lt;span class=&quot;text-center&quot; style=&quot;vertical-align:middle&quot;&gt;&lt;strong&gt;Derinlik&lt;/strong&gt;&lt;/span&gt;&lt;/td&gt;<br />
&lt;td class=&quot;text-center&quot; style=&quot;vertical-align:middle&quot;&gt;&lt;span class=&quot;text-center&quot; style=&quot;vertical-align:middle&quot;&gt;&lt;strong&gt;Y&uuml;kseklik&lt;/strong&gt;&lt;/span&gt;&lt;/td&gt;<br />
&lt;/tr&gt;<br />
&lt;tr&gt;<br />
&lt;td class=&quot;text-center&quot; style=&quot;vertical-align:middle&quot;&gt;&nbsp;130 cm&lt;/td&gt;<br />
&lt;td class=&quot;text-center&quot; style=&quot;vertical-align:middle&quot;&gt;&nbsp;46 cm&lt;/td&gt;<br />
&lt;td class=&quot;text-center&quot; style=&quot;vertical-align:middle&quot;&gt;&nbsp;65 cm&lt;/td&gt;<br />
&lt;td class=&quot;text-center&quot; style=&quot;vertical-align:middle&quot;&gt;&nbsp;120 cm&lt;/td&gt;<br />
&lt;/tr&gt;<br />
&lt;tr&gt;<br />
&lt;td class=&quot;text-center&quot; style=&quot;vertical-align:middle&quot; colspan=&quot;4&quot;&gt;İsteğe &ouml;zel olarak malzeme cinsinde (ahşap,boya,kumaş,deri) ve &uuml;r&uuml;n &ouml;l&ccedil;&uuml;lerinde değişiklik yapılabilir.&lt;/td&gt;<br />
&lt;/tr&gt;<br />
&lt;/tbody&gt;<br />
&lt;/table&gt;<br />
&lt;hr&gt;</p>

<p>&lt;p&gt;Bej renk kapitoneli &lt;b&gt;cafe sediri&lt;/b&gt; modeli kullanıldığı mekana ferah bir g&ouml;r&uuml;n&uuml;m sunmakla birlikte olduğundan daha geniş bir g&ouml;r&uuml;nt&uuml; hissi de vermektedir. K&uuml;&ccedil;&uuml;k kullanım alanlarına sahip cafelerde ortamı daha geniş g&ouml;sterebilmek i&ccedil;in tercih edilebilecek bir &uuml;r&uuml;nd&uuml;r. Sedir koltuk cafe, restoran, dinlenme alanları gibi mekanlar i&ccedil;in istenilen ebatlarda tasarlanabilmektedir.&lt;/p&gt; &lt;table class=&quot;table table-bordered&quot;&gt; &lt;tbody&gt; &lt;tr&gt; &lt;td colspan=&quot;4&quot; class=&quot;text-center&quot; [&hellip;]</p>
