{"id":9872,"date":"2024-03-07T16:36:28","date_gmt":"2024-03-07T13:36:28","guid":{"rendered":"https:\/\/palmiyesusleme.com\/index.php\/urun\/sirti-desenli-kumas-deri-dosemeli-sedir\/"},"modified":"2024-03-07T16:36:48","modified_gmt":"2024-03-07T13:36:48","slug":"sirti-desenli-kumas-deri-dosemeli-sedir","status":"publish","type":"product","link":"https:\/\/palmiyesusleme.com\/index.php\/urun\/sirti-desenli-kumas-deri-dosemeli-sedir\/","title":{"rendered":"S\u0131rt\u0131 Desenli Kuma\u015f Deri D\u00f6\u015femeli Sedir"},"content":{"rendered":"<p>&lt;p&gt;S\u0131rt\u0131 desenli deri kuma\u015f d\u00f6\u015femeli sedirler farkl\u0131 bir g\u00f6r\u00fcn\u00fcm yalamak isteyen kullan\u0131c\u0131lar i\u00e7in tasarlanmaktad\u0131r. Cafe ve restoranlarda tekd\u00fczeli\u011fi ortadan kald\u0131rmak i\u00e7in daha detayl\u0131 kuma\u015ftan \u00fcretilen bu model mekanda \u015f\u0131k bir g\u00f6r\u00fcnt\u00fc yakalanmas\u0131n\u0131 sa\u011flamaktad\u0131r. Her \u00f6l\u00e7\u00fcde ve sa\u011flam malzemeden yap\u0131lmaktad\u0131r.&lt;\/p&gt;&lt;p&gt;&lt;table class=&quot;table table-bordered&quot;&gt;<br \/>\n&lt;tbody&gt;<br \/>\n&lt;tr&gt;<br \/>\n&lt;td colspan=&quot;4&quot; class=&quot;text-center&quot; style=&quot;vertical-align:middle&quot;&gt;&lt;img src=&quot;\/image\/olcuresimsablon\/sedir-olcu-sablon.png&quot; alt=&quot;\u00d6l\u00e7\u00fc&quot;&gt;&lt;\/td&gt;<br \/>\n&lt;\/tr&gt;<br \/>\n&lt;tr&gt;<br \/>\n&lt;td class=&quot;text-center&quot; style=&quot;vertical-align:middle&quot;&gt;&lt;span class=&quot;text-center&quot; style=&quot;vertical-align:middle&quot;&gt;&lt;strong&gt;Geni\u015flik&lt;\/strong&gt;&lt;\/span&gt;&lt;\/td&gt;<br \/>\n&lt;td class=&quot;text-center&quot; style=&quot;vertical-align:middle&quot;&gt;&lt;span class=&quot;text-center&quot; style=&quot;vertical-align:middle&quot;&gt;&lt;strong&gt;Oturum Y\u00fcksekli\u011fi&lt;\/strong&gt;&lt;\/span&gt;&lt;\/td&gt;<br \/>\n&lt;td class=&quot;text-center&quot; style=&quot;vertical-align:middle&quot;&gt;&lt;span class=&quot;text-center&quot; style=&quot;vertical-align:middle&quot;&gt;&lt;strong&gt;Derinlik&lt;\/strong&gt;&lt;\/span&gt;&lt;\/td&gt;<br \/>\n&lt;td class=&quot;text-center&quot; style=&quot;vertical-align:middle&quot;&gt;&lt;span class=&quot;text-center&quot; style=&quot;vertical-align:middle&quot;&gt;&lt;strong&gt;Y\u00fckseklik&lt;\/strong&gt;&lt;\/span&gt;&lt;\/td&gt;<br \/>\n&lt;\/tr&gt;<br \/>\n&lt;tr&gt;<br \/>\n&lt;td class=&quot;text-center&quot; style=&quot;vertical-align:middle&quot;&gt;&amp;nbsp;120 cm&lt;\/td&gt;<br \/>\n&lt;td class=&quot;text-center&quot; style=&quot;vertical-align:middle&quot;&gt;47 cm&amp;nbsp;&lt;\/td&gt;<br \/>\n&lt;td class=&quot;text-center&quot; style=&quot;vertical-align:middle&quot;&gt;65 cm&amp;nbsp;&lt;\/td&gt;<br \/>\n&lt;td class=&quot;text-center&quot; style=&quot;vertical-align:middle&quot;&gt;&amp;nbsp;120 cm&lt;\/td&gt;<br \/>\n&lt;\/tr&gt;<br \/>\n&lt;tr&gt;<br \/>\n&lt;td class=&quot;text-center&quot; style=&quot;vertical-align:middle&quot; colspan=&quot;4&quot;&gt;\u0130ste\u011fe \u00f6zel olarak malzeme cinsinde (ah\u015fap,boya,kuma\u015f,deri) ve \u00fcr\u00fcn \u00f6l\u00e7\u00fclerinde de\u011fi\u015fiklik yap\u0131labilir.&lt;\/td&gt;<br \/>\n&lt;\/tr&gt;<br \/>\n&lt;\/tbody&gt;<br \/>\n&lt;\/table&gt;<br \/>\n&lt;\/p&gt;<\/p>\n","protected":false},"excerpt":{"rendered":"<p>&lt;p&gt;S\u0131rt\u0131 desenli deri kuma\u015f d\u00f6\u015femeli sedirler farkl\u0131 bir g\u00f6r\u00fcn\u00fcm yalamak isteyen kullan\u0131c\u0131lar i\u00e7in tasarlanmaktad\u0131r. Cafe ve restoranlarda tekd\u00fczeli\u011fi ortadan kald\u0131rmak i\u00e7in daha detayl\u0131 kuma\u015ftan \u00fcretilen bu model mekanda \u015f\u0131k bir g\u00f6r\u00fcnt\u00fc yakalanmas\u0131n\u0131 sa\u011flamaktad\u0131r. Her \u00f6l\u00e7\u00fcde ve sa\u011flam malzemeden yap\u0131lmaktad\u0131r.&lt;\/p&gt;&lt;p&gt;&lt;table class=&quot;table table-bordered&quot;&gt; &lt;tbody&gt; &lt;tr&gt; &lt;td colspan=&quot;4&quot; class=&quot;text-center&quot; style=&quot;vertical-align:middle&quot;&gt;&lt;img src=&quot;\/image\/olcuresimsablon\/sedir-olcu-sablon.png&quot; alt=&quot;\u00d6l\u00e7\u00fc&quot;&gt;&lt;\/td&gt; &lt;\/tr&gt; &lt;tr&gt; &lt;td class=&quot;text-center&quot; style=&quot;vertical-align:middle&quot;&gt;&lt;span class=&quot;text-center&quot; [&hellip;]<\/p>\n","protected":false},"featured_media":9873,"comment_status":"closed","ping_status":"open","template":"","meta":{"_joinchat":[]},"product_cat":[24,23,22],"product_tag":[],"class_list":{"0":"post-9872","1":"product","2":"type-product","3":"status-publish","4":"has-post-thumbnail","6":"product_cat-cafe-koltuklari","7":"product_cat-loca","8":"product_cat-sedir-koltuk","10":"first","11":"instock","12":"product-type-simple"},"_links":{"self":[{"href":"https:\/\/palmiyesusleme.com\/index.php\/wp-json\/wp\/v2\/product\/9872","targetHints":{"allow":["GET"]}}],"collection":[{"href":"https:\/\/palmiyesusleme.com\/index.php\/wp-json\/wp\/v2\/product"}],"about":[{"href":"https:\/\/palmiyesusleme.com\/index.php\/wp-json\/wp\/v2\/types\/product"}],"replies":[{"embeddable":true,"href":"https:\/\/palmiyesusleme.com\/index.php\/wp-json\/wp\/v2\/comments?post=9872"}],"wp:featuredmedia":[{"embeddable":true,"href":"https:\/\/palmiyesusleme.com\/index.php\/wp-json\/wp\/v2\/media\/9873"}],"wp:attachment":[{"href":"https:\/\/palmiyesusleme.com\/index.php\/wp-json\/wp\/v2\/media?parent=9872"}],"wp:term":[{"taxonomy":"product_cat","embeddable":true,"href":"https:\/\/palmiyesusleme.com\/index.php\/wp-json\/wp\/v2\/product_cat?post=9872"},{"taxonomy":"product_tag","embeddable":true,"href":"https:\/\/palmiyesusleme.com\/index.php\/wp-json\/wp\/v2\/product_tag?post=9872"}],"curies":[{"name":"wp","href":"https:\/\/api.w.org\/{rel}","templated":true}]}}

Sırtı Desenli Kumaş Deri Döşemeli Sedir

<p>&lt;p&gt;Sırtı desenli deri kumaş döşemeli sedirler farklı bir görünüm yalamak isteyen kullanıcılar için tasarlanmaktadır. Cafe ve restoranlarda tekdüzeliği ortadan kaldırmak için daha detaylı kumaştan üretilen bu model mekanda şık bir görüntü yakalanmasını sağlamaktadır. Her ölçüde ve sağlam malzemeden yapılmaktadır.&lt;/p&gt;&lt;p&gt;&lt;table class=&quot;table table-bordered&quot;&gt;<br />
&lt;tbody&gt;<br />
&lt;tr&gt;<br />
&lt;td colspan=&quot;4&quot; class=&quot;text-center&quot; style=&quot;vertical-align:middle&quot;&gt;&lt;img src=&quot;/image/olcuresimsablon/sedir-olcu-sablon.png&quot; alt=&quot;Ölçü&quot;&gt;&lt;/td&gt;<br />
&lt;/tr&gt;<br />
&lt;tr&gt;<br />
&lt;td class=&quot;text-center&quot; style=&quot;vertical-align:middle&quot;&gt;&lt;span class=&quot;text-center&quot; style=&quot;vertical-align:middle&quot;&gt;&lt;strong&gt;Genişlik&lt;/strong&gt;&lt;/span&gt;&lt;/td&gt;<br />
&lt;td class=&quot;text-center&quot; style=&quot;vertical-align:middle&quot;&gt;&lt;span class=&quot;text-center&quot; style=&quot;vertical-align:middle&quot;&gt;&lt;strong&gt;Oturum Yüksekliği&lt;/strong&gt;&lt;/span&gt;&lt;/td&gt;<br />
&lt;td class=&quot;text-center&quot; style=&quot;vertical-align:middle&quot;&gt;&lt;span class=&quot;text-center&quot; style=&quot;vertical-align:middle&quot;&gt;&lt;strong&gt;Derinlik&lt;/strong&gt;&lt;/span&gt;&lt;/td&gt;<br />
&lt;td class=&quot;text-center&quot; style=&quot;vertical-align:middle&quot;&gt;&lt;span class=&quot;text-center&quot; style=&quot;vertical-align:middle&quot;&gt;&lt;strong&gt;Yükseklik&lt;/strong&gt;&lt;/span&gt;&lt;/td&gt;<br />
&lt;/tr&gt;<br />
&lt;tr&gt;<br />
&lt;td class=&quot;text-center&quot; style=&quot;vertical-align:middle&quot;&gt;&amp;nbsp;120 cm&lt;/td&gt;<br />
&lt;td class=&quot;text-center&quot; style=&quot;vertical-align:middle&quot;&gt;47 cm&amp;nbsp;&lt;/td&gt;<br />
&lt;td class=&quot;text-center&quot; style=&quot;vertical-align:middle&quot;&gt;65 cm&amp;nbsp;&lt;/td&gt;<br />
&lt;td class=&quot;text-center&quot; style=&quot;vertical-align:middle&quot;&gt;&amp;nbsp;120 cm&lt;/td&gt;<br />
&lt;/tr&gt;<br />
&lt;tr&gt;<br />
&lt;td class=&quot;text-center&quot; style=&quot;vertical-align:middle&quot; colspan=&quot;4&quot;&gt;İsteğe özel olarak malzeme cinsinde (ahşap,boya,kumaş,deri) ve ürün ölçülerinde değişiklik yapılabilir.&lt;/td&gt;<br />
&lt;/tr&gt;<br />
&lt;/tbody&gt;<br />
&lt;/table&gt;<br />
&lt;/p&gt;</p>

<p>&lt;p&gt;Sırtı desenli deri kumaş döşemeli sedirler farklı bir görünüm yalamak isteyen kullanıcılar için tasarlanmaktadır. Cafe ve restoranlarda tekdüzeliği ortadan kaldırmak için daha detaylı kumaştan üretilen bu model mekanda şık bir görüntü yakalanmasını sağlamaktadır. Her ölçüde ve sağlam malzemeden yapılmaktadır.&lt;/p&gt;&lt;p&gt;&lt;table class=&quot;table table-bordered&quot;&gt; &lt;tbody&gt; &lt;tr&gt; &lt;td colspan=&quot;4&quot; class=&quot;text-center&quot; style=&quot;vertical-align:middle&quot;&gt;&lt;img src=&quot;/image/olcuresimsablon/sedir-olcu-sablon.png&quot; alt=&quot;Ölçü&quot;&gt;&lt;/td&gt; &lt;/tr&gt; &lt;tr&gt; &lt;td class=&quot;text-center&quot; style=&quot;vertical-align:middle&quot;&gt;&lt;span class=&quot;text-center&quot; [&hellip;]</p>
