{"id":9876,"date":"2024-03-07T16:36:52","date_gmt":"2024-03-07T13:36:52","guid":{"rendered":"https:\/\/palmiyesusleme.com\/index.php\/urun\/gri-kumas-mavi-deri-dosemeli-sedir\/"},"modified":"2024-03-07T16:36:53","modified_gmt":"2024-03-07T13:36:53","slug":"gri-kumas-mavi-deri-dosemeli-sedir","status":"publish","type":"product","link":"https:\/\/palmiyesusleme.com\/index.php\/urun\/gri-kumas-mavi-deri-dosemeli-sedir\/","title":{"rendered":"Gri Kuma\u015f Mavi Deri D\u00f6\u015femeli Sedir"},"content":{"rendered":"<p>&lt;p&gt;Gri kuma\u015f mavi deri d\u00f6\u015femeli sedirler spor tarz seven kullan\u0131c\u0131lar i\u00e7in tasarlanmaktad\u0131r. Oturma yerleri deri s\u0131rt k\u0131sm\u0131 gri kuma\u015ftan olan bu sedirler cafe ve restoranlarda dinlenme mekanlar\u0131nda tercih edilebilmektedir. Koyu renk sevenlerin tercihleri aras\u0131nda olan bu sedirler kaliteli malzemelerden \u00fcretilmektedir.&lt;\/p&gt;&lt;p&gt;<br \/>\n&lt;table class=&quot;table table-bordered&quot;&gt;<br \/>\n&lt;tbody&gt;<br \/>\n&lt;tr&gt;<br \/>\n&lt;td colspan=&quot;4&quot; class=&quot;text-center&quot; style=&quot;vertical-align:middle&quot;&gt;&lt;img src=&quot;\/image\/olcuresimsablon\/sedir-olcu-sablon.png&quot; alt=&quot;\u00d6l\u00e7\u00fc&quot;&gt;&lt;\/td&gt;<br \/>\n&lt;\/tr&gt;<br \/>\n&lt;tr&gt;<br \/>\n&lt;td class=&quot;text-center&quot; style=&quot;vertical-align:middle&quot;&gt;&lt;span class=&quot;text-center&quot; style=&quot;vertical-align:middle&quot;&gt;&lt;strong&gt;Geni\u015flik&lt;\/strong&gt;&lt;\/span&gt;&lt;\/td&gt;<br \/>\n&lt;td class=&quot;text-center&quot; style=&quot;vertical-align:middle&quot;&gt;&lt;span class=&quot;text-center&quot; style=&quot;vertical-align:middle&quot;&gt;&lt;strong&gt;Oturum Y\u00fcksekli\u011fi&lt;\/strong&gt;&lt;\/span&gt;&lt;\/td&gt;<br \/>\n&lt;td class=&quot;text-center&quot; style=&quot;vertical-align:middle&quot;&gt;&lt;span class=&quot;text-center&quot; style=&quot;vertical-align:middle&quot;&gt;&lt;strong&gt;Derinlik&lt;\/strong&gt;&lt;\/span&gt;&lt;\/td&gt;<br \/>\n&lt;td class=&quot;text-center&quot; style=&quot;vertical-align:middle&quot;&gt;&lt;span class=&quot;text-center&quot; style=&quot;vertical-align:middle&quot;&gt;&lt;strong&gt;Y\u00fckseklik&lt;\/strong&gt;&lt;\/span&gt;&lt;\/td&gt;<br \/>\n&lt;\/tr&gt;<br \/>\n&lt;tr&gt;<br \/>\n&lt;td class=&quot;text-center&quot; style=&quot;vertical-align:middle&quot;&gt;&amp;nbsp;120 cm&lt;\/td&gt;<br \/>\n&lt;td class=&quot;text-center&quot; style=&quot;vertical-align:middle&quot;&gt;47 cm&amp;nbsp;&lt;\/td&gt;<br \/>\n&lt;td class=&quot;text-center&quot; style=&quot;vertical-align:middle&quot;&gt;65 cm&amp;nbsp;&lt;\/td&gt;<br \/>\n&lt;td class=&quot;text-center&quot; style=&quot;vertical-align:middle&quot;&gt;&amp;nbsp;120 cm&lt;\/td&gt;<br \/>\n&lt;\/tr&gt;<br \/>\n&lt;tr&gt;<br \/>\n&lt;td class=&quot;text-center&quot; style=&quot;vertical-align:middle&quot; colspan=&quot;4&quot;&gt;\u0130ste\u011fe \u00f6zel olarak malzeme cinsinde (ah\u015fap,boya,kuma\u015f,deri) ve \u00fcr\u00fcn \u00f6l\u00e7\u00fclerinde de\u011fi\u015fiklik yap\u0131labilir.&lt;\/td&gt;<br \/>\n&lt;\/tr&gt;<br \/>\n&lt;\/tbody&gt;<br \/>\n&lt;\/table&gt;<br \/>\n&lt;\/p&gt;<\/p>\n","protected":false},"excerpt":{"rendered":"<p>&lt;p&gt;Gri kuma\u015f mavi deri d\u00f6\u015femeli sedirler spor tarz seven kullan\u0131c\u0131lar i\u00e7in tasarlanmaktad\u0131r. Oturma yerleri deri s\u0131rt k\u0131sm\u0131 gri kuma\u015ftan olan bu sedirler cafe ve restoranlarda dinlenme mekanlar\u0131nda tercih edilebilmektedir. Koyu renk sevenlerin tercihleri aras\u0131nda olan bu sedirler kaliteli malzemelerden \u00fcretilmektedir.&lt;\/p&gt;&lt;p&gt; &lt;table class=&quot;table table-bordered&quot;&gt; &lt;tbody&gt; &lt;tr&gt; &lt;td colspan=&quot;4&quot; class=&quot;text-center&quot; style=&quot;vertical-align:middle&quot;&gt;&lt;img src=&quot;\/image\/olcuresimsablon\/sedir-olcu-sablon.png&quot; alt=&quot;\u00d6l\u00e7\u00fc&quot;&gt;&lt;\/td&gt; &lt;\/tr&gt; &lt;tr&gt; &lt;td class=&quot;text-center&quot; [&hellip;]<\/p>\n","protected":false},"featured_media":9877,"comment_status":"closed","ping_status":"open","template":"","meta":{"_joinchat":[]},"product_cat":[24,23,22],"product_tag":[],"class_list":{"0":"post-9876","1":"product","2":"type-product","3":"status-publish","4":"has-post-thumbnail","6":"product_cat-cafe-koltuklari","7":"product_cat-loca","8":"product_cat-sedir-koltuk","10":"first","11":"instock","12":"product-type-simple"},"_links":{"self":[{"href":"https:\/\/palmiyesusleme.com\/index.php\/wp-json\/wp\/v2\/product\/9876","targetHints":{"allow":["GET"]}}],"collection":[{"href":"https:\/\/palmiyesusleme.com\/index.php\/wp-json\/wp\/v2\/product"}],"about":[{"href":"https:\/\/palmiyesusleme.com\/index.php\/wp-json\/wp\/v2\/types\/product"}],"replies":[{"embeddable":true,"href":"https:\/\/palmiyesusleme.com\/index.php\/wp-json\/wp\/v2\/comments?post=9876"}],"wp:featuredmedia":[{"embeddable":true,"href":"https:\/\/palmiyesusleme.com\/index.php\/wp-json\/wp\/v2\/media\/9877"}],"wp:attachment":[{"href":"https:\/\/palmiyesusleme.com\/index.php\/wp-json\/wp\/v2\/media?parent=9876"}],"wp:term":[{"taxonomy":"product_cat","embeddable":true,"href":"https:\/\/palmiyesusleme.com\/index.php\/wp-json\/wp\/v2\/product_cat?post=9876"},{"taxonomy":"product_tag","embeddable":true,"href":"https:\/\/palmiyesusleme.com\/index.php\/wp-json\/wp\/v2\/product_tag?post=9876"}],"curies":[{"name":"wp","href":"https:\/\/api.w.org\/{rel}","templated":true}]}}

Gri Kumaş Mavi Deri Döşemeli Sedir

<p>&lt;p&gt;Gri kumaş mavi deri döşemeli sedirler spor tarz seven kullanıcılar için tasarlanmaktadır. Oturma yerleri deri sırt kısmı gri kumaştan olan bu sedirler cafe ve restoranlarda dinlenme mekanlarında tercih edilebilmektedir. Koyu renk sevenlerin tercihleri arasında olan bu sedirler kaliteli malzemelerden üretilmektedir.&lt;/p&gt;&lt;p&gt;<br />
&lt;table class=&quot;table table-bordered&quot;&gt;<br />
&lt;tbody&gt;<br />
&lt;tr&gt;<br />
&lt;td colspan=&quot;4&quot; class=&quot;text-center&quot; style=&quot;vertical-align:middle&quot;&gt;&lt;img src=&quot;/image/olcuresimsablon/sedir-olcu-sablon.png&quot; alt=&quot;Ölçü&quot;&gt;&lt;/td&gt;<br />
&lt;/tr&gt;<br />
&lt;tr&gt;<br />
&lt;td class=&quot;text-center&quot; style=&quot;vertical-align:middle&quot;&gt;&lt;span class=&quot;text-center&quot; style=&quot;vertical-align:middle&quot;&gt;&lt;strong&gt;Genişlik&lt;/strong&gt;&lt;/span&gt;&lt;/td&gt;<br />
&lt;td class=&quot;text-center&quot; style=&quot;vertical-align:middle&quot;&gt;&lt;span class=&quot;text-center&quot; style=&quot;vertical-align:middle&quot;&gt;&lt;strong&gt;Oturum Yüksekliği&lt;/strong&gt;&lt;/span&gt;&lt;/td&gt;<br />
&lt;td class=&quot;text-center&quot; style=&quot;vertical-align:middle&quot;&gt;&lt;span class=&quot;text-center&quot; style=&quot;vertical-align:middle&quot;&gt;&lt;strong&gt;Derinlik&lt;/strong&gt;&lt;/span&gt;&lt;/td&gt;<br />
&lt;td class=&quot;text-center&quot; style=&quot;vertical-align:middle&quot;&gt;&lt;span class=&quot;text-center&quot; style=&quot;vertical-align:middle&quot;&gt;&lt;strong&gt;Yükseklik&lt;/strong&gt;&lt;/span&gt;&lt;/td&gt;<br />
&lt;/tr&gt;<br />
&lt;tr&gt;<br />
&lt;td class=&quot;text-center&quot; style=&quot;vertical-align:middle&quot;&gt;&amp;nbsp;120 cm&lt;/td&gt;<br />
&lt;td class=&quot;text-center&quot; style=&quot;vertical-align:middle&quot;&gt;47 cm&amp;nbsp;&lt;/td&gt;<br />
&lt;td class=&quot;text-center&quot; style=&quot;vertical-align:middle&quot;&gt;65 cm&amp;nbsp;&lt;/td&gt;<br />
&lt;td class=&quot;text-center&quot; style=&quot;vertical-align:middle&quot;&gt;&amp;nbsp;120 cm&lt;/td&gt;<br />
&lt;/tr&gt;<br />
&lt;tr&gt;<br />
&lt;td class=&quot;text-center&quot; style=&quot;vertical-align:middle&quot; colspan=&quot;4&quot;&gt;İsteğe özel olarak malzeme cinsinde (ahşap,boya,kumaş,deri) ve ürün ölçülerinde değişiklik yapılabilir.&lt;/td&gt;<br />
&lt;/tr&gt;<br />
&lt;/tbody&gt;<br />
&lt;/table&gt;<br />
&lt;/p&gt;</p>

<p>&lt;p&gt;Gri kumaş mavi deri döşemeli sedirler spor tarz seven kullanıcılar için tasarlanmaktadır. Oturma yerleri deri sırt kısmı gri kumaştan olan bu sedirler cafe ve restoranlarda dinlenme mekanlarında tercih edilebilmektedir. Koyu renk sevenlerin tercihleri arasında olan bu sedirler kaliteli malzemelerden üretilmektedir.&lt;/p&gt;&lt;p&gt; &lt;table class=&quot;table table-bordered&quot;&gt; &lt;tbody&gt; &lt;tr&gt; &lt;td colspan=&quot;4&quot; class=&quot;text-center&quot; style=&quot;vertical-align:middle&quot;&gt;&lt;img src=&quot;/image/olcuresimsablon/sedir-olcu-sablon.png&quot; alt=&quot;Ölçü&quot;&gt;&lt;/td&gt; &lt;/tr&gt; &lt;tr&gt; &lt;td class=&quot;text-center&quot; [&hellip;]</p>
