{"id":9892,"date":"2024-03-07T16:36:52","date_gmt":"2024-03-07T13:36:52","guid":{"rendered":"https:\/\/palmiyesusleme.com\/index.php\/urun\/kirmizi-kumas-kapitoneli-cafe-sediri\/"},"modified":"2024-03-07T16:37:00","modified_gmt":"2024-03-07T13:37:00","slug":"kirmizi-kumas-kapitoneli-cafe-sediri","status":"publish","type":"product","link":"https:\/\/palmiyesusleme.com\/index.php\/urun\/kirmizi-kumas-kapitoneli-cafe-sediri\/","title":{"rendered":"K\u0131rm\u0131z\u0131 Kuma\u015f Kapitoneli  Cafe Sediri"},"content":{"rendered":"<p>&lt;p&gt;K\u0131rm\u0131z\u0131 renk kapitoneli kuma\u015f kapl\u0131 &lt;b&gt;&lt;u&gt;cafe sedirleri&lt;\/u&gt;&lt;\/b&gt; rengi sebebiyle en \u00e7ok tercih edilenler aras\u0131ndad\u0131r. K\u0131rm\u0131z\u0131n\u0131n asilli\u011fiyle sedirin rahatl\u0131\u011f\u0131 bir araya getirilerek tasarlanan bu \u00fcr\u00fcn mekan\u0131n havas\u0131n\u0131 de\u011fi\u015ftirecek nitelikte \u00fcretilmektedir. Kullan\u0131lan malzemelerin kalitesi sedirin uzun s\u00fcre dayanabilmesi i\u00e7in \u00fcst d\u00fczeyde tutulmaktad\u0131r.&lt;\/p&gt;&lt;p&gt;&lt;table class=&quot;table table-bordered&quot;&gt;<br \/>\n&lt;tbody&gt;<br \/>\n&lt;tr&gt;<br \/>\n&lt;td colspan=&quot;4&quot; class=&quot;text-center&quot; style=&quot;vertical-align:middle&quot;&gt;&lt;img src=&quot;\/image\/olcuresimsablon\/sedir-olcu-sablon.png&quot; alt=&quot;\u00d6l\u00e7\u00fc&quot;&gt;&lt;\/td&gt;<br \/>\n&lt;\/tr&gt;<br \/>\n&lt;tr&gt;<br \/>\n&lt;td class=&quot;text-center&quot; style=&quot;vertical-align:middle&quot;&gt;&lt;span class=&quot;text-center&quot; style=&quot;vertical-align:middle&quot;&gt;&lt;strong&gt;Geni\u015flik&lt;\/strong&gt;&lt;\/span&gt;&lt;\/td&gt;<br \/>\n&lt;td class=&quot;text-center&quot; style=&quot;vertical-align:middle&quot;&gt;&lt;span class=&quot;text-center&quot; style=&quot;vertical-align:middle&quot;&gt;&lt;strong&gt;Oturum Y\u00fcksekli\u011fi&lt;\/strong&gt;&lt;\/span&gt;&lt;\/td&gt;<br \/>\n&lt;td class=&quot;text-center&quot; style=&quot;vertical-align:middle&quot;&gt;&lt;span class=&quot;text-center&quot; style=&quot;vertical-align:middle&quot;&gt;&lt;strong&gt;Derinlik&lt;\/strong&gt;&lt;\/span&gt;&lt;\/td&gt;<br \/>\n&lt;td class=&quot;text-center&quot; style=&quot;vertical-align:middle&quot;&gt;&lt;span class=&quot;text-center&quot; style=&quot;vertical-align:middle&quot;&gt;&lt;strong&gt;Y\u00fckseklik&lt;\/strong&gt;&lt;\/span&gt;&lt;\/td&gt;<br \/>\n&lt;\/tr&gt;<br \/>\n&lt;tr&gt;<br \/>\n&lt;td class=&quot;text-center&quot; style=&quot;vertical-align:middle&quot;&gt;&amp;nbsp;120 cm&lt;\/td&gt;<br \/>\n&lt;td class=&quot;text-center&quot; style=&quot;vertical-align:middle&quot;&gt;46 cm&amp;nbsp;&lt;\/td&gt;<br \/>\n&lt;td class=&quot;text-center&quot; style=&quot;vertical-align:middle&quot;&gt;&amp;nbsp;65 cm&lt;\/td&gt;<br \/>\n&lt;td class=&quot;text-center&quot; style=&quot;vertical-align:middle&quot;&gt;125 cm&lt;\/td&gt;<br \/>\n&lt;\/tr&gt;<br \/>\n&lt;tr&gt;<br \/>\n&lt;td class=&quot;text-center&quot; style=&quot;vertical-align:middle&quot; colspan=&quot;4&quot;&gt;\u0130ste\u011fe \u00f6zel olarak malzeme cinsinde (ah\u015fap,boya,kuma\u015f,deri) ve \u00fcr\u00fcn \u00f6l\u00e7\u00fclerinde de\u011fi\u015fiklik yap\u0131labilir.&lt;\/td&gt;<br \/>\n&lt;\/tr&gt;<br \/>\n&lt;\/tbody&gt;<br \/>\n&lt;\/table&gt;&lt;\/p&gt;<\/p>\n","protected":false},"excerpt":{"rendered":"<p>&lt;p&gt;K\u0131rm\u0131z\u0131 renk kapitoneli kuma\u015f kapl\u0131 &lt;b&gt;&lt;u&gt;cafe sedirleri&lt;\/u&gt;&lt;\/b&gt; rengi sebebiyle en \u00e7ok tercih edilenler aras\u0131ndad\u0131r. K\u0131rm\u0131z\u0131n\u0131n asilli\u011fiyle sedirin rahatl\u0131\u011f\u0131 bir araya getirilerek tasarlanan bu \u00fcr\u00fcn mekan\u0131n havas\u0131n\u0131 de\u011fi\u015ftirecek nitelikte \u00fcretilmektedir. Kullan\u0131lan malzemelerin kalitesi sedirin uzun s\u00fcre dayanabilmesi i\u00e7in \u00fcst d\u00fczeyde tutulmaktad\u0131r.&lt;\/p&gt;&lt;p&gt;&lt;table class=&quot;table table-bordered&quot;&gt; &lt;tbody&gt; &lt;tr&gt; &lt;td colspan=&quot;4&quot; class=&quot;text-center&quot; style=&quot;vertical-align:middle&quot;&gt;&lt;img src=&quot;\/image\/olcuresimsablon\/sedir-olcu-sablon.png&quot; alt=&quot;\u00d6l\u00e7\u00fc&quot;&gt;&lt;\/td&gt; &lt;\/tr&gt; &lt;tr&gt; &lt;td class=&quot;text-center&quot; style=&quot;vertical-align:middle&quot;&gt;&lt;span [&hellip;]<\/p>\n","protected":false},"featured_media":9893,"comment_status":"closed","ping_status":"open","template":"","meta":{"_joinchat":[]},"product_cat":[24,23,22],"product_tag":[],"class_list":{"0":"post-9892","1":"product","2":"type-product","3":"status-publish","4":"has-post-thumbnail","6":"product_cat-cafe-koltuklari","7":"product_cat-loca","8":"product_cat-sedir-koltuk","10":"first","11":"instock","12":"product-type-simple"},"_links":{"self":[{"href":"https:\/\/palmiyesusleme.com\/index.php\/wp-json\/wp\/v2\/product\/9892","targetHints":{"allow":["GET"]}}],"collection":[{"href":"https:\/\/palmiyesusleme.com\/index.php\/wp-json\/wp\/v2\/product"}],"about":[{"href":"https:\/\/palmiyesusleme.com\/index.php\/wp-json\/wp\/v2\/types\/product"}],"replies":[{"embeddable":true,"href":"https:\/\/palmiyesusleme.com\/index.php\/wp-json\/wp\/v2\/comments?post=9892"}],"wp:featuredmedia":[{"embeddable":true,"href":"https:\/\/palmiyesusleme.com\/index.php\/wp-json\/wp\/v2\/media\/9893"}],"wp:attachment":[{"href":"https:\/\/palmiyesusleme.com\/index.php\/wp-json\/wp\/v2\/media?parent=9892"}],"wp:term":[{"taxonomy":"product_cat","embeddable":true,"href":"https:\/\/palmiyesusleme.com\/index.php\/wp-json\/wp\/v2\/product_cat?post=9892"},{"taxonomy":"product_tag","embeddable":true,"href":"https:\/\/palmiyesusleme.com\/index.php\/wp-json\/wp\/v2\/product_tag?post=9892"}],"curies":[{"name":"wp","href":"https:\/\/api.w.org\/{rel}","templated":true}]}}

Kırmızı Kumaş Kapitoneli  Cafe Sediri

<p>&lt;p&gt;Kırmızı renk kapitoneli kumaş kaplı &lt;b&gt;&lt;u&gt;cafe sedirleri&lt;/u&gt;&lt;/b&gt; rengi sebebiyle en çok tercih edilenler arasındadır. Kırmızının asilliğiyle sedirin rahatlığı bir araya getirilerek tasarlanan bu ürün mekanın havasını değiştirecek nitelikte üretilmektedir. Kullanılan malzemelerin kalitesi sedirin uzun süre dayanabilmesi için üst düzeyde tutulmaktadır.&lt;/p&gt;&lt;p&gt;&lt;table class=&quot;table table-bordered&quot;&gt;<br />
&lt;tbody&gt;<br />
&lt;tr&gt;<br />
&lt;td colspan=&quot;4&quot; class=&quot;text-center&quot; style=&quot;vertical-align:middle&quot;&gt;&lt;img src=&quot;/image/olcuresimsablon/sedir-olcu-sablon.png&quot; alt=&quot;Ölçü&quot;&gt;&lt;/td&gt;<br />
&lt;/tr&gt;<br />
&lt;tr&gt;<br />
&lt;td class=&quot;text-center&quot; style=&quot;vertical-align:middle&quot;&gt;&lt;span class=&quot;text-center&quot; style=&quot;vertical-align:middle&quot;&gt;&lt;strong&gt;Genişlik&lt;/strong&gt;&lt;/span&gt;&lt;/td&gt;<br />
&lt;td class=&quot;text-center&quot; style=&quot;vertical-align:middle&quot;&gt;&lt;span class=&quot;text-center&quot; style=&quot;vertical-align:middle&quot;&gt;&lt;strong&gt;Oturum Yüksekliği&lt;/strong&gt;&lt;/span&gt;&lt;/td&gt;<br />
&lt;td class=&quot;text-center&quot; style=&quot;vertical-align:middle&quot;&gt;&lt;span class=&quot;text-center&quot; style=&quot;vertical-align:middle&quot;&gt;&lt;strong&gt;Derinlik&lt;/strong&gt;&lt;/span&gt;&lt;/td&gt;<br />
&lt;td class=&quot;text-center&quot; style=&quot;vertical-align:middle&quot;&gt;&lt;span class=&quot;text-center&quot; style=&quot;vertical-align:middle&quot;&gt;&lt;strong&gt;Yükseklik&lt;/strong&gt;&lt;/span&gt;&lt;/td&gt;<br />
&lt;/tr&gt;<br />
&lt;tr&gt;<br />
&lt;td class=&quot;text-center&quot; style=&quot;vertical-align:middle&quot;&gt;&amp;nbsp;120 cm&lt;/td&gt;<br />
&lt;td class=&quot;text-center&quot; style=&quot;vertical-align:middle&quot;&gt;46 cm&amp;nbsp;&lt;/td&gt;<br />
&lt;td class=&quot;text-center&quot; style=&quot;vertical-align:middle&quot;&gt;&amp;nbsp;65 cm&lt;/td&gt;<br />
&lt;td class=&quot;text-center&quot; style=&quot;vertical-align:middle&quot;&gt;125 cm&lt;/td&gt;<br />
&lt;/tr&gt;<br />
&lt;tr&gt;<br />
&lt;td class=&quot;text-center&quot; style=&quot;vertical-align:middle&quot; colspan=&quot;4&quot;&gt;İsteğe özel olarak malzeme cinsinde (ahşap,boya,kumaş,deri) ve ürün ölçülerinde değişiklik yapılabilir.&lt;/td&gt;<br />
&lt;/tr&gt;<br />
&lt;/tbody&gt;<br />
&lt;/table&gt;&lt;/p&gt;</p>

<p>&lt;p&gt;Kırmızı renk kapitoneli kumaş kaplı &lt;b&gt;&lt;u&gt;cafe sedirleri&lt;/u&gt;&lt;/b&gt; rengi sebebiyle en çok tercih edilenler arasındadır. Kırmızının asilliğiyle sedirin rahatlığı bir araya getirilerek tasarlanan bu ürün mekanın havasını değiştirecek nitelikte üretilmektedir. Kullanılan malzemelerin kalitesi sedirin uzun süre dayanabilmesi için üst düzeyde tutulmaktadır.&lt;/p&gt;&lt;p&gt;&lt;table class=&quot;table table-bordered&quot;&gt; &lt;tbody&gt; &lt;tr&gt; &lt;td colspan=&quot;4&quot; class=&quot;text-center&quot; style=&quot;vertical-align:middle&quot;&gt;&lt;img src=&quot;/image/olcuresimsablon/sedir-olcu-sablon.png&quot; alt=&quot;Ölçü&quot;&gt;&lt;/td&gt; &lt;/tr&gt; &lt;tr&gt; &lt;td class=&quot;text-center&quot; style=&quot;vertical-align:middle&quot;&gt;&lt;span [&hellip;]</p>
