{"id":9894,"date":"2024-03-07T16:36:52","date_gmt":"2024-03-07T13:36:52","guid":{"rendered":"https:\/\/palmiyesusleme.com\/index.php\/urun\/mavi-krem-deri-kapli-kafe-sediri\/"},"modified":"2024-03-07T16:37:01","modified_gmt":"2024-03-07T13:37:01","slug":"mavi-krem-deri-kapli-kafe-sediri","status":"publish","type":"product","link":"https:\/\/palmiyesusleme.com\/index.php\/urun\/mavi-krem-deri-kapli-kafe-sediri\/","title":{"rendered":"Mavi Krem Deri Kapl\u0131 Kafe Sediri"},"content":{"rendered":"<p>Siyah krem deri kapl\u0131 &lt;b&gt;sedir&lt;\/b&gt; cafelerde ve di\u011fer dinlenme mekanlar\u0131nda kullan\u0131labilecek tarzda \u00fcretilmektedir. S\u0131rt k\u0131sm\u0131nda krem renk bord\u00fcr\u00fc bulunan \u00fcr\u00fcn ikili renk uyumunu yans\u0131tmaktad\u0131r. Tek renk yerine iki renkten olu\u015fan sedir istenilen tarzda tasarlanmaktad\u0131r. Kaliteli uzun \u00f6m\u00fcrl\u00fc hammadde kullan\u0131larak imal edilmektedir.&lt;p&gt;&lt;br&gt;&lt;\/p&gt;&lt;table class=&quot;table table-bordered&quot;&gt;<br \/>\n&lt;tbody&gt;<br \/>\n&lt;tr&gt;<br \/>\n&lt;td colspan=&quot;4&quot; class=&quot;text-center&quot; style=&quot;vertical-align:middle&quot;&gt;&lt;img src=&quot;\/image\/olcuresimsablon\/sedir-olcu-sablon.png&quot; alt=&quot;\u00d6l\u00e7\u00fc&quot;&gt;&lt;\/td&gt;<br \/>\n&lt;\/tr&gt;<br \/>\n&lt;tr&gt;<br \/>\n&lt;td class=&quot;text-center&quot; style=&quot;vertical-align:middle&quot;&gt;&lt;span class=&quot;text-center&quot; style=&quot;vertical-align:middle&quot;&gt;&lt;strong&gt;Geni\u015flik&lt;\/strong&gt;&lt;\/span&gt;&lt;\/td&gt;<br \/>\n&lt;td class=&quot;text-center&quot; style=&quot;vertical-align:middle&quot;&gt;&lt;span class=&quot;text-center&quot; style=&quot;vertical-align:middle&quot;&gt;&lt;strong&gt;Oturum Y\u00fcksekli\u011fi&lt;\/strong&gt;&lt;\/span&gt;&lt;\/td&gt;<br \/>\n&lt;td class=&quot;text-center&quot; style=&quot;vertical-align:middle&quot;&gt;&lt;span class=&quot;text-center&quot; style=&quot;vertical-align:middle&quot;&gt;&lt;strong&gt;Derinlik&lt;\/strong&gt;&lt;\/span&gt;&lt;\/td&gt;<br \/>\n&lt;td class=&quot;text-center&quot; style=&quot;vertical-align:middle&quot;&gt;&lt;span class=&quot;text-center&quot; style=&quot;vertical-align:middle&quot;&gt;&lt;strong&gt;Y\u00fckseklik&lt;\/strong&gt;&lt;\/span&gt;&lt;\/td&gt;<br \/>\n&lt;\/tr&gt;<br \/>\n&lt;tr&gt;<br \/>\n&lt;td class=&quot;text-center&quot; style=&quot;vertical-align:middle&quot;&gt;&amp;nbsp;120 cm&lt;\/td&gt;<br \/>\n&lt;td class=&quot;text-center&quot; style=&quot;vertical-align:middle&quot;&gt;45 cm&amp;nbsp;&lt;\/td&gt;<br \/>\n&lt;td class=&quot;text-center&quot; style=&quot;vertical-align:middle&quot;&gt;65 cm&amp;nbsp;&lt;\/td&gt;<br \/>\n&lt;td class=&quot;text-center&quot; style=&quot;vertical-align:middle&quot;&gt;90 cm&lt;\/td&gt;<br \/>\n&lt;\/tr&gt;<br \/>\n&lt;tr&gt;<br \/>\n&lt;td class=&quot;text-center&quot; style=&quot;vertical-align:middle&quot; colspan=&quot;4&quot;&gt;\u0130ste\u011fe \u00f6zel olarak malzeme cinsinde (ah\u015fap,boya,kuma\u015f,deri) ve \u00fcr\u00fcn \u00f6l\u00e7\u00fclerinde de\u011fi\u015fiklik yap\u0131labilir.&lt;\/td&gt;<br \/>\n&lt;\/tr&gt;<br \/>\n&lt;\/tbody&gt;<br \/>\n&lt;\/table&gt;<\/p>\n","protected":false},"excerpt":{"rendered":"<p>Siyah krem deri kapl\u0131 &lt;b&gt;sedir&lt;\/b&gt; cafelerde ve di\u011fer dinlenme mekanlar\u0131nda kullan\u0131labilecek tarzda \u00fcretilmektedir. S\u0131rt k\u0131sm\u0131nda krem renk bord\u00fcr\u00fc bulunan \u00fcr\u00fcn ikili renk uyumunu yans\u0131tmaktad\u0131r. Tek renk yerine iki renkten olu\u015fan sedir istenilen tarzda tasarlanmaktad\u0131r. Kaliteli uzun \u00f6m\u00fcrl\u00fc hammadde kullan\u0131larak imal edilmektedir.&lt;p&gt;&lt;br&gt;&lt;\/p&gt;&lt;table class=&quot;table table-bordered&quot;&gt; &lt;tbody&gt; &lt;tr&gt; &lt;td colspan=&quot;4&quot; class=&quot;text-center&quot; style=&quot;vertical-align:middle&quot;&gt;&lt;img src=&quot;\/image\/olcuresimsablon\/sedir-olcu-sablon.png&quot; alt=&quot;\u00d6l\u00e7\u00fc&quot;&gt;&lt;\/td&gt; &lt;\/tr&gt; &lt;tr&gt; &lt;td class=&quot;text-center&quot; [&hellip;]<\/p>\n","protected":false},"featured_media":9895,"comment_status":"closed","ping_status":"open","template":"","meta":{"_joinchat":[]},"product_cat":[22],"product_tag":[],"class_list":{"0":"post-9894","1":"product","2":"type-product","3":"status-publish","4":"has-post-thumbnail","6":"product_cat-sedir-koltuk","8":"first","9":"instock","10":"product-type-simple"},"_links":{"self":[{"href":"https:\/\/palmiyesusleme.com\/index.php\/wp-json\/wp\/v2\/product\/9894","targetHints":{"allow":["GET"]}}],"collection":[{"href":"https:\/\/palmiyesusleme.com\/index.php\/wp-json\/wp\/v2\/product"}],"about":[{"href":"https:\/\/palmiyesusleme.com\/index.php\/wp-json\/wp\/v2\/types\/product"}],"replies":[{"embeddable":true,"href":"https:\/\/palmiyesusleme.com\/index.php\/wp-json\/wp\/v2\/comments?post=9894"}],"wp:featuredmedia":[{"embeddable":true,"href":"https:\/\/palmiyesusleme.com\/index.php\/wp-json\/wp\/v2\/media\/9895"}],"wp:attachment":[{"href":"https:\/\/palmiyesusleme.com\/index.php\/wp-json\/wp\/v2\/media?parent=9894"}],"wp:term":[{"taxonomy":"product_cat","embeddable":true,"href":"https:\/\/palmiyesusleme.com\/index.php\/wp-json\/wp\/v2\/product_cat?post=9894"},{"taxonomy":"product_tag","embeddable":true,"href":"https:\/\/palmiyesusleme.com\/index.php\/wp-json\/wp\/v2\/product_tag?post=9894"}],"curies":[{"name":"wp","href":"https:\/\/api.w.org\/{rel}","templated":true}]}}

Mavi Krem Deri Kaplı Kafe Sediri

<p>Siyah krem deri kaplı &lt;b&gt;sedir&lt;/b&gt; cafelerde ve diğer dinlenme mekanlarında kullanılabilecek tarzda üretilmektedir. Sırt kısmında krem renk bordürü bulunan ürün ikili renk uyumunu yansıtmaktadır. Tek renk yerine iki renkten oluşan sedir istenilen tarzda tasarlanmaktadır. Kaliteli uzun ömürlü hammadde kullanılarak imal edilmektedir.&lt;p&gt;&lt;br&gt;&lt;/p&gt;&lt;table class=&quot;table table-bordered&quot;&gt;<br />
&lt;tbody&gt;<br />
&lt;tr&gt;<br />
&lt;td colspan=&quot;4&quot; class=&quot;text-center&quot; style=&quot;vertical-align:middle&quot;&gt;&lt;img src=&quot;/image/olcuresimsablon/sedir-olcu-sablon.png&quot; alt=&quot;Ölçü&quot;&gt;&lt;/td&gt;<br />
&lt;/tr&gt;<br />
&lt;tr&gt;<br />
&lt;td class=&quot;text-center&quot; style=&quot;vertical-align:middle&quot;&gt;&lt;span class=&quot;text-center&quot; style=&quot;vertical-align:middle&quot;&gt;&lt;strong&gt;Genişlik&lt;/strong&gt;&lt;/span&gt;&lt;/td&gt;<br />
&lt;td class=&quot;text-center&quot; style=&quot;vertical-align:middle&quot;&gt;&lt;span class=&quot;text-center&quot; style=&quot;vertical-align:middle&quot;&gt;&lt;strong&gt;Oturum Yüksekliği&lt;/strong&gt;&lt;/span&gt;&lt;/td&gt;<br />
&lt;td class=&quot;text-center&quot; style=&quot;vertical-align:middle&quot;&gt;&lt;span class=&quot;text-center&quot; style=&quot;vertical-align:middle&quot;&gt;&lt;strong&gt;Derinlik&lt;/strong&gt;&lt;/span&gt;&lt;/td&gt;<br />
&lt;td class=&quot;text-center&quot; style=&quot;vertical-align:middle&quot;&gt;&lt;span class=&quot;text-center&quot; style=&quot;vertical-align:middle&quot;&gt;&lt;strong&gt;Yükseklik&lt;/strong&gt;&lt;/span&gt;&lt;/td&gt;<br />
&lt;/tr&gt;<br />
&lt;tr&gt;<br />
&lt;td class=&quot;text-center&quot; style=&quot;vertical-align:middle&quot;&gt;&amp;nbsp;120 cm&lt;/td&gt;<br />
&lt;td class=&quot;text-center&quot; style=&quot;vertical-align:middle&quot;&gt;45 cm&amp;nbsp;&lt;/td&gt;<br />
&lt;td class=&quot;text-center&quot; style=&quot;vertical-align:middle&quot;&gt;65 cm&amp;nbsp;&lt;/td&gt;<br />
&lt;td class=&quot;text-center&quot; style=&quot;vertical-align:middle&quot;&gt;90 cm&lt;/td&gt;<br />
&lt;/tr&gt;<br />
&lt;tr&gt;<br />
&lt;td class=&quot;text-center&quot; style=&quot;vertical-align:middle&quot; colspan=&quot;4&quot;&gt;İsteğe özel olarak malzeme cinsinde (ahşap,boya,kumaş,deri) ve ürün ölçülerinde değişiklik yapılabilir.&lt;/td&gt;<br />
&lt;/tr&gt;<br />
&lt;/tbody&gt;<br />
&lt;/table&gt;</p>

<p>Siyah krem deri kaplı &lt;b&gt;sedir&lt;/b&gt; cafelerde ve diğer dinlenme mekanlarında kullanılabilecek tarzda üretilmektedir. Sırt kısmında krem renk bordürü bulunan ürün ikili renk uyumunu yansıtmaktadır. Tek renk yerine iki renkten oluşan sedir istenilen tarzda tasarlanmaktadır. Kaliteli uzun ömürlü hammadde kullanılarak imal edilmektedir.&lt;p&gt;&lt;br&gt;&lt;/p&gt;&lt;table class=&quot;table table-bordered&quot;&gt; &lt;tbody&gt; &lt;tr&gt; &lt;td colspan=&quot;4&quot; class=&quot;text-center&quot; style=&quot;vertical-align:middle&quot;&gt;&lt;img src=&quot;/image/olcuresimsablon/sedir-olcu-sablon.png&quot; alt=&quot;Ölçü&quot;&gt;&lt;/td&gt; &lt;/tr&gt; &lt;tr&gt; &lt;td class=&quot;text-center&quot; [&hellip;]</p>
