{"id":9896,"date":"2024-03-07T16:36:52","date_gmt":"2024-03-07T13:36:52","guid":{"rendered":"https:\/\/palmiyesusleme.com\/index.php\/urun\/dilimli-ahsap-kenarli-retro-ayakli-cafe-sediri\/"},"modified":"2024-03-07T16:37:02","modified_gmt":"2024-03-07T13:37:02","slug":"dilimli-ahsap-kenarli-retro-ayakli-cafe-sediri","status":"publish","type":"product","link":"https:\/\/palmiyesusleme.com\/index.php\/urun\/dilimli-ahsap-kenarli-retro-ayakli-cafe-sediri\/","title":{"rendered":"Dilimli Ah\u015fap Kenarl\u0131 Retro Ayakl\u0131 Cafe Sediri"},"content":{"rendered":"<p>&lt;p&gt;&lt;b&gt;Dilimli ah\u015fap kenarl\u0131 retro ayakl\u0131 cafe sediri&lt;\/b&gt;, misafirlerini \u015f\u0131k bir mekanda a\u011f\u0131rlamak isteyenlerin tercih etti\u011fi modellerdendir. Hem tasar\u0131m\u0131 hem rengi sebebiyle olduk&ccedil;a ho\u015f bir g&ouml;r&uuml;n&uuml;me sahip olan sedir modeli istenilen &ouml;l&ccedil;&uuml;lerde dekorasyonu tamamlayacak \u015fekilde birinci s\u0131n\u0131f malzemelerden &uuml;retilmektedir. Klasik ve modern tarz\u0131n bir arada kullan\u0131ld\u0131\u011f\u0131 model konforlu bir kullan\u0131m sunmaktad\u0131r.&lt;\/p&gt;&lt;table class=&quot;table table-bordered&quot;&gt;<br \/>\n&lt;tbody&gt;<br \/>\n&lt;tr&gt;<br \/>\n&lt;td colspan=&quot;4&quot; class=&quot;text-center&quot; style=&quot;vertical-align:middle&quot;&gt;&lt;img src=&quot;\/image\/olcuresimsablon\/sedir-olcu-sablon.png&quot; alt=&quot;&Ouml;l&ccedil;&uuml;&quot;&gt;&lt;\/td&gt;<br \/>\n&lt;\/tr&gt;<br \/>\n&lt;tr&gt;<br \/>\n&lt;td class=&quot;text-center&quot; style=&quot;vertical-align:middle&quot;&gt;&lt;span class=&quot;text-center&quot; style=&quot;vertical-align:middle&quot;&gt;&lt;strong&gt;Geni\u015flik&lt;\/strong&gt;&lt;\/span&gt;&lt;\/td&gt;<br \/>\n&lt;td class=&quot;text-center&quot; style=&quot;vertical-align:middle&quot;&gt;&lt;span class=&quot;text-center&quot; style=&quot;vertical-align:middle&quot;&gt;&lt;strong&gt;Oturum Y&uuml;ksekli\u011fi&lt;\/strong&gt;&lt;\/span&gt;&lt;\/td&gt;<br \/>\n&lt;td class=&quot;text-center&quot; style=&quot;vertical-align:middle&quot;&gt;&lt;span class=&quot;text-center&quot; style=&quot;vertical-align:middle&quot;&gt;&lt;strong&gt;Derinlik&lt;\/strong&gt;&lt;\/span&gt;&lt;\/td&gt;<br \/>\n&lt;td class=&quot;text-center&quot; style=&quot;vertical-align:middle&quot;&gt;&lt;span class=&quot;text-center&quot; style=&quot;vertical-align:middle&quot;&gt;&lt;strong&gt;Y&uuml;kseklik&lt;\/strong&gt;&lt;\/span&gt;&lt;\/td&gt;<br \/>\n&lt;\/tr&gt;<br \/>\n&lt;tr&gt;<br \/>\n&lt;td class=&quot;text-center&quot; style=&quot;vertical-align:middle&quot;&gt;120 cm&nbsp;&lt;\/td&gt;<br \/>\n&lt;td class=&quot;text-center&quot; style=&quot;vertical-align:middle&quot;&gt;46 cm&nbsp;&lt;\/td&gt;<br \/>\n&lt;td class=&quot;text-center&quot; style=&quot;vertical-align:middle&quot;&gt;65 cm&nbsp;&lt;\/td&gt;<br \/>\n&lt;td class=&quot;text-center&quot; style=&quot;vertical-align:middle&quot;&gt;&nbsp;115&lt;\/td&gt;<br \/>\n&lt;\/tr&gt;<br \/>\n&lt;tr&gt;<br \/>\n&lt;td class=&quot;text-center&quot; style=&quot;vertical-align:middle&quot; colspan=&quot;4&quot;&gt;\u0130ste\u011fe &ouml;zel olarak malzeme cinsinde (ah\u015fap,boya,kuma\u015f,deri) ve &uuml;r&uuml;n &ouml;l&ccedil;&uuml;lerinde de\u011fi\u015fiklik yap\u0131labilir.&lt;\/td&gt;<br \/>\n&lt;\/tr&gt;<br \/>\n&lt;\/tbody&gt;<br \/>\n&lt;\/table&gt;<br \/>\n&lt;hr&gt;<\/p>\n","protected":false},"excerpt":{"rendered":"<p>&lt;p&gt;&lt;b&gt;Dilimli ah\u015fap kenarl\u0131 retro ayakl\u0131 cafe sediri&lt;\/b&gt;, misafirlerini \u015f\u0131k bir mekanda a\u011f\u0131rlamak isteyenlerin tercih etti\u011fi modellerdendir. Hem tasar\u0131m\u0131 hem rengi sebebiyle olduk&ccedil;a ho\u015f bir g&ouml;r&uuml;n&uuml;me sahip olan sedir modeli istenilen &ouml;l&ccedil;&uuml;lerde dekorasyonu tamamlayacak \u015fekilde birinci s\u0131n\u0131f malzemelerden &uuml;retilmektedir. Klasik ve modern tarz\u0131n bir arada kullan\u0131ld\u0131\u011f\u0131 model konforlu bir kullan\u0131m sunmaktad\u0131r.&lt;\/p&gt;&lt;table class=&quot;table table-bordered&quot;&gt; &lt;tbody&gt; &lt;tr&gt; &lt;td [&hellip;]<\/p>\n","protected":false},"featured_media":9897,"comment_status":"closed","ping_status":"open","template":"","meta":{"_joinchat":[]},"product_cat":[23,22],"product_tag":[],"class_list":{"0":"post-9896","1":"product","2":"type-product","3":"status-publish","4":"has-post-thumbnail","6":"product_cat-loca","7":"product_cat-sedir-koltuk","9":"first","10":"instock","11":"product-type-simple"},"_links":{"self":[{"href":"https:\/\/palmiyesusleme.com\/index.php\/wp-json\/wp\/v2\/product\/9896","targetHints":{"allow":["GET"]}}],"collection":[{"href":"https:\/\/palmiyesusleme.com\/index.php\/wp-json\/wp\/v2\/product"}],"about":[{"href":"https:\/\/palmiyesusleme.com\/index.php\/wp-json\/wp\/v2\/types\/product"}],"replies":[{"embeddable":true,"href":"https:\/\/palmiyesusleme.com\/index.php\/wp-json\/wp\/v2\/comments?post=9896"}],"wp:featuredmedia":[{"embeddable":true,"href":"https:\/\/palmiyesusleme.com\/index.php\/wp-json\/wp\/v2\/media\/9897"}],"wp:attachment":[{"href":"https:\/\/palmiyesusleme.com\/index.php\/wp-json\/wp\/v2\/media?parent=9896"}],"wp:term":[{"taxonomy":"product_cat","embeddable":true,"href":"https:\/\/palmiyesusleme.com\/index.php\/wp-json\/wp\/v2\/product_cat?post=9896"},{"taxonomy":"product_tag","embeddable":true,"href":"https:\/\/palmiyesusleme.com\/index.php\/wp-json\/wp\/v2\/product_tag?post=9896"}],"curies":[{"name":"wp","href":"https:\/\/api.w.org\/{rel}","templated":true}]}}

Dilimli Ahşap Kenarlı Retro Ayaklı Cafe Sediri

<p>&lt;p&gt;&lt;b&gt;Dilimli ahşap kenarlı retro ayaklı cafe sediri&lt;/b&gt;, misafirlerini şık bir mekanda ağırlamak isteyenlerin tercih ettiği modellerdendir. Hem tasarımı hem rengi sebebiyle olduk&ccedil;a hoş bir g&ouml;r&uuml;n&uuml;me sahip olan sedir modeli istenilen &ouml;l&ccedil;&uuml;lerde dekorasyonu tamamlayacak şekilde birinci sınıf malzemelerden &uuml;retilmektedir. Klasik ve modern tarzın bir arada kullanıldığı model konforlu bir kullanım sunmaktadır.&lt;/p&gt;&lt;table class=&quot;table table-bordered&quot;&gt;<br />
&lt;tbody&gt;<br />
&lt;tr&gt;<br />
&lt;td colspan=&quot;4&quot; class=&quot;text-center&quot; style=&quot;vertical-align:middle&quot;&gt;&lt;img src=&quot;/image/olcuresimsablon/sedir-olcu-sablon.png&quot; alt=&quot;&Ouml;l&ccedil;&uuml;&quot;&gt;&lt;/td&gt;<br />
&lt;/tr&gt;<br />
&lt;tr&gt;<br />
&lt;td class=&quot;text-center&quot; style=&quot;vertical-align:middle&quot;&gt;&lt;span class=&quot;text-center&quot; style=&quot;vertical-align:middle&quot;&gt;&lt;strong&gt;Genişlik&lt;/strong&gt;&lt;/span&gt;&lt;/td&gt;<br />
&lt;td class=&quot;text-center&quot; style=&quot;vertical-align:middle&quot;&gt;&lt;span class=&quot;text-center&quot; style=&quot;vertical-align:middle&quot;&gt;&lt;strong&gt;Oturum Y&uuml;ksekliği&lt;/strong&gt;&lt;/span&gt;&lt;/td&gt;<br />
&lt;td class=&quot;text-center&quot; style=&quot;vertical-align:middle&quot;&gt;&lt;span class=&quot;text-center&quot; style=&quot;vertical-align:middle&quot;&gt;&lt;strong&gt;Derinlik&lt;/strong&gt;&lt;/span&gt;&lt;/td&gt;<br />
&lt;td class=&quot;text-center&quot; style=&quot;vertical-align:middle&quot;&gt;&lt;span class=&quot;text-center&quot; style=&quot;vertical-align:middle&quot;&gt;&lt;strong&gt;Y&uuml;kseklik&lt;/strong&gt;&lt;/span&gt;&lt;/td&gt;<br />
&lt;/tr&gt;<br />
&lt;tr&gt;<br />
&lt;td class=&quot;text-center&quot; style=&quot;vertical-align:middle&quot;&gt;120 cm&nbsp;&lt;/td&gt;<br />
&lt;td class=&quot;text-center&quot; style=&quot;vertical-align:middle&quot;&gt;46 cm&nbsp;&lt;/td&gt;<br />
&lt;td class=&quot;text-center&quot; style=&quot;vertical-align:middle&quot;&gt;65 cm&nbsp;&lt;/td&gt;<br />
&lt;td class=&quot;text-center&quot; style=&quot;vertical-align:middle&quot;&gt;&nbsp;115&lt;/td&gt;<br />
&lt;/tr&gt;<br />
&lt;tr&gt;<br />
&lt;td class=&quot;text-center&quot; style=&quot;vertical-align:middle&quot; colspan=&quot;4&quot;&gt;İsteğe &ouml;zel olarak malzeme cinsinde (ahşap,boya,kumaş,deri) ve &uuml;r&uuml;n &ouml;l&ccedil;&uuml;lerinde değişiklik yapılabilir.&lt;/td&gt;<br />
&lt;/tr&gt;<br />
&lt;/tbody&gt;<br />
&lt;/table&gt;<br />
&lt;hr&gt;</p>

<p>&lt;p&gt;&lt;b&gt;Dilimli ahşap kenarlı retro ayaklı cafe sediri&lt;/b&gt;, misafirlerini şık bir mekanda ağırlamak isteyenlerin tercih ettiği modellerdendir. Hem tasarımı hem rengi sebebiyle olduk&ccedil;a hoş bir g&ouml;r&uuml;n&uuml;me sahip olan sedir modeli istenilen &ouml;l&ccedil;&uuml;lerde dekorasyonu tamamlayacak şekilde birinci sınıf malzemelerden &uuml;retilmektedir. Klasik ve modern tarzın bir arada kullanıldığı model konforlu bir kullanım sunmaktadır.&lt;/p&gt;&lt;table class=&quot;table table-bordered&quot;&gt; &lt;tbody&gt; &lt;tr&gt; &lt;td [&hellip;]</p>
